{"id":104100,"date":"2022-06-25T00:08:02","date_gmt":"2022-06-24T23:08:02","guid":{"rendered":"https:\/\/desdropi.com\/elparque\/licuadora-kuken-33489-500w-rojo\/"},"modified":"2024-04-07T23:46:04","modified_gmt":"2024-04-07T21:46:04","slug":"licuadora-kuken-33489-500w-rojo","status":"publish","type":"product","link":"https:\/\/desdropi.com\/elparque\/licuadora-kuken-33489-500w-rojo\/","title":{"rendered":"Licuadora Kuken 33489 500W Rojo"},"content":{"rendered":"<div class=\"descripcion-tab\">\n<ul>\n<li>Licuadora roja con contenedor y 500W de potencia.<\/li>\n<li>Elegante dise\u00f1o con cuerpo en acero inoxidable rojo y pc negro.<\/li>\n<li>Cuchilla cer\u00e1mica y filtro en acero inoxidable para una mejor extracci\u00f3n del zumo y una f\u00e1cil limpieza.<\/li>\n<li>Dos velocidades para licuar distintos tipos de frutas y verduras.<\/li>\n<li>Recipiente contenedor para deshechos de 1 litro, extra\u00edble.<\/li>\n<li>Jarra de pl\u00e1stico para recoger el zumo de 600 ml, con tapa.<\/li>\n<li>Salida del zumo por conducto de \u00d8 16 mm.<\/li>\n<li>Licuadora roja con asa de sujeci\u00f3n lateral.<\/li>\n<li>Patas de goma antideslizantes.<\/li>\n<\/ul>\n<p><strong>Especificaciones<\/strong><\/p>\n<ul>\n<li>Unidad del envase 1.<\/li>\n<li>Color Rojo \/ Negro.<\/li>\n<li>Embalaje Caja Color.<\/li>\n<li>Potencia 500 W.<\/li>\n<li>Voltaje 230 V.<\/li>\n<li>Capacidad 1 Litro.<\/li>\n<li>Tama\u00f1o Grande.<\/li>\n<li>Material Pl\u00e1stico.<\/li>\n<li>Patas antideslizantes S\u00ed.<\/li>\n<li>Velocidades 2.<\/li>\n<li>Desmontable S\u00ed.<\/li>\n<\/ul>\n<\/div>\n","protected":false},"excerpt":{"rendered":"<p>Licuadora roja con contenedor y 500W de potencia. Elegante dise\u00f1o con cuerpo en acero inoxidable rojo y pc negro. Cuchilla<\/p>\n","protected":false},"featured_media":104101,"comment_status":"open","ping_status":"closed","template":"","meta":{"_joinchat":[]},"product_cat":[825,831,842],"product_tag":[],"class_list":{"0":"post-104100","1":"product","2":"type-product","3":"status-publish","4":"has-post-thumbnail","6":"product_cat-pequeno-electrodomestico","7":"product_cat-accesorios-de-cocina","8":"product_cat-licuadoras","9":"pa_marca-kuken-pae","11":"first","12":"instock","13":"taxable","14":"shipping-taxable","15":"purchasable","16":"product-type-simple"},"_links":{"self":[{"href":"https:\/\/desdropi.com\/elparque\/wp-json\/wp\/v2\/product\/104100"}],"collection":[{"href":"https:\/\/desdropi.com\/elparque\/wp-json\/wp\/v2\/product"}],"about":[{"href":"https:\/\/desdropi.com\/elparque\/wp-json\/wp\/v2\/types\/product"}],"replies":[{"embeddable":true,"href":"https:\/\/desdropi.com\/elparque\/wp-json\/wp\/v2\/comments?post=104100"}],"version-history":[{"count":0,"href":"https:\/\/desdropi.com\/elparque\/wp-json\/wp\/v2\/product\/104100\/revisions"}],"wp:featuredmedia":[{"embeddable":true,"href":"https:\/\/desdropi.com\/elparque\/wp-json\/wp\/v2\/media\/104101"}],"wp:attachment":[{"href":"https:\/\/desdropi.com\/elparque\/wp-json\/wp\/v2\/media?parent=104100"}],"wp:term":[{"taxonomy":"product_cat","embeddable":true,"href":"https:\/\/desdropi.com\/elparque\/wp-json\/wp\/v2\/product_cat?post=104100"},{"taxonomy":"product_tag","embeddable":true,"href":"https:\/\/desdropi.com\/elparque\/wp-json\/wp\/v2\/product_tag?post=104100"}],"curies":[{"name":"wp","href":"https:\/\/api.w.org\/{rel}","templated":true}]}}