{"id":104196,"date":"2022-06-25T00:12:02","date_gmt":"2022-06-24T23:12:02","guid":{"rendered":"https:\/\/desdropi.com\/elparque\/licuadora-kuken-33782-licuado-en-frio-rojo\/"},"modified":"2024-04-07T23:46:38","modified_gmt":"2024-04-07T21:46:38","slug":"licuadora-kuken-33782-licuado-en-frio-rojo","status":"publish","type":"product","link":"https:\/\/desdropi.com\/elparque\/licuadora-kuken-33782-licuado-en-frio-rojo\/","title":{"rendered":"Licuadora Kuken 33782 Licuado En Frio Rojo"},"content":{"rendered":"<div class=\"descripcion-tab\">\n<ul>\n<li>Licuadora para frutas y verduras con 150W de potencia.<\/li>\n<li>Potente motor para todo tipo zumos.<\/li>\n<li>Elegante dise\u00f1o con acabado en PC rojo.<\/li>\n<li>Sistema de prensado en fr\u00edo Slow Juicer, extrae la mayor cantidad de zumo a frutas y verduras con presi\u00f3n suave en fr\u00edo, manteniendo sus propiedades naturales y evitando que los alimentos se oxiden.<\/li>\n<li>Prensador\/separador de pulpa y zumo en acero inoxidable y PC.<\/li>\n<li>Recipiente prensador\/separador en PC transparente con 2 canales de salida, uno para zumo y otro para pulpa.<\/li>\n<li>Licuadora para frutas y verduras desmontable para su f\u00e1cil limpieza.<\/li>\n<li>Patas de goma antideslizantes.<\/li>\n<\/ul>\n<p><strong>Especificaciones<\/strong><\/p>\n<ul>\n<li>Unidad del envase 1<\/li>\n<li>Color Rojo \/ Negro<\/li>\n<li>Embalaje Caja color<\/li>\n<li>Potencia 150 W<\/li>\n<li>Voltaje 230 V<\/li>\n<li>Tama\u00f1o Grande<\/li>\n<li>Material Pl\u00e1stico<\/li>\n<li>Patas antideslizantes S\u00ed<\/li>\n<li>Velocidades 2<\/li>\n<li>Desmontable S\u00ed<\/li>\n<li>Altura 40 cm<\/li>\n<\/ul>\n<\/div>\n","protected":false},"excerpt":{"rendered":"<p>Licuadora para frutas y verduras con 150W de potencia. Potente motor para todo tipo zumos. Elegante dise\u00f1o con acabado en<\/p>\n","protected":false},"featured_media":104197,"comment_status":"open","ping_status":"closed","template":"","meta":{"_joinchat":[]},"product_cat":[825,831,842],"product_tag":[],"class_list":{"0":"post-104196","1":"product","2":"type-product","3":"status-publish","4":"has-post-thumbnail","6":"product_cat-pequeno-electrodomestico","7":"product_cat-accesorios-de-cocina","8":"product_cat-licuadoras","9":"pa_marca-kuken-pae","11":"first","12":"instock","13":"taxable","14":"shipping-taxable","15":"purchasable","16":"product-type-simple"},"_links":{"self":[{"href":"https:\/\/desdropi.com\/elparque\/wp-json\/wp\/v2\/product\/104196"}],"collection":[{"href":"https:\/\/desdropi.com\/elparque\/wp-json\/wp\/v2\/product"}],"about":[{"href":"https:\/\/desdropi.com\/elparque\/wp-json\/wp\/v2\/types\/product"}],"replies":[{"embeddable":true,"href":"https:\/\/desdropi.com\/elparque\/wp-json\/wp\/v2\/comments?post=104196"}],"version-history":[{"count":0,"href":"https:\/\/desdropi.com\/elparque\/wp-json\/wp\/v2\/product\/104196\/revisions"}],"wp:featuredmedia":[{"embeddable":true,"href":"https:\/\/desdropi.com\/elparque\/wp-json\/wp\/v2\/media\/104197"}],"wp:attachment":[{"href":"https:\/\/desdropi.com\/elparque\/wp-json\/wp\/v2\/media?parent=104196"}],"wp:term":[{"taxonomy":"product_cat","embeddable":true,"href":"https:\/\/desdropi.com\/elparque\/wp-json\/wp\/v2\/product_cat?post=104196"},{"taxonomy":"product_tag","embeddable":true,"href":"https:\/\/desdropi.com\/elparque\/wp-json\/wp\/v2\/product_tag?post=104196"}],"curies":[{"name":"wp","href":"https:\/\/api.w.org\/{rel}","templated":true}]}}