{"id":141199,"date":"2022-08-29T22:56:43","date_gmt":"2022-08-29T21:56:43","guid":{"rendered":"https:\/\/desdropi.com\/elparque\/cortafiambres-lacor-69118-150w-inox\/"},"modified":"2024-05-18T23:38:52","modified_gmt":"2024-05-18T21:38:52","slug":"cortafiambres-lacor-69118-150w-inox","status":"publish","type":"product","link":"https:\/\/desdropi.com\/elparque\/cortafiambres-lacor-69118-150w-inox\/","title":{"rendered":"Cortafiambres Lacor 69118 150W Inox"},"content":{"rendered":"<div class=\"descripcion-tab\">\n<strong>Cortadora el\u00e9ctrica de fiambre HOME<\/strong><\/p>\n<ul>\n<li>El cuerpo de la cortadora el\u00e9ctrica HOME est\u00e1 fabricada en metal y la bandeja en inoxidable (es abatible). Cuenta con una pantalla protectora y cabezal ajustable de suave deslizamiento, y transmisi\u00f3n por engranaje. El espesor de corte es tambi\u00e9n ajustable desde 0 a 15 mm.<\/li>\n<\/ul>\n<p><strong>Accesorios<\/strong><\/p>\n<ul>\n<li>Incluye libro de instrucciones en 7 idiomas<\/li>\n<\/ul>\n<p><strong>Caracter\u00edsticas<\/strong><\/p>\n<ul>\n<li>Tensi\u00f3n: 220-240 V \/ 50-60 Hz<\/li>\n<li>Potencia: 150 W<\/li>\n<li>Cuchilla: \u00d8 190 mm \/ 75&#8221;<\/li>\n<li>Espesor corte: 0-15 mm<\/li>\n<li>Dimensiones: 37&#8217;3&#215;27&#8217;9&#215;27&#8217;5 cm<\/li>\n<li>Peso: 4&#8217;51 Kg<\/li>\n<\/ul>\n<\/div>\n","protected":false},"excerpt":{"rendered":"<p>Cortadora el\u00e9ctrica de fiambre HOME El cuerpo de la cortadora el\u00e9ctrica HOME est\u00e1 fabricada en metal y la bandeja en<\/p>\n","protected":false},"featured_media":141200,"comment_status":"open","ping_status":"closed","template":"","meta":{"_joinchat":[]},"product_cat":[825,831,891],"product_tag":[],"class_list":{"0":"post-141199","1":"product","2":"type-product","3":"status-publish","4":"has-post-thumbnail","6":"product_cat-pequeno-electrodomestico","7":"product_cat-accesorios-de-cocina","8":"product_cat-cortafiambres","9":"pa_marca-lacor-p-a-e","11":"first","12":"instock","13":"taxable","14":"shipping-taxable","15":"purchasable","16":"product-type-simple"},"_links":{"self":[{"href":"https:\/\/desdropi.com\/elparque\/wp-json\/wp\/v2\/product\/141199"}],"collection":[{"href":"https:\/\/desdropi.com\/elparque\/wp-json\/wp\/v2\/product"}],"about":[{"href":"https:\/\/desdropi.com\/elparque\/wp-json\/wp\/v2\/types\/product"}],"replies":[{"embeddable":true,"href":"https:\/\/desdropi.com\/elparque\/wp-json\/wp\/v2\/comments?post=141199"}],"version-history":[{"count":0,"href":"https:\/\/desdropi.com\/elparque\/wp-json\/wp\/v2\/product\/141199\/revisions"}],"wp:featuredmedia":[{"embeddable":true,"href":"https:\/\/desdropi.com\/elparque\/wp-json\/wp\/v2\/media\/141200"}],"wp:attachment":[{"href":"https:\/\/desdropi.com\/elparque\/wp-json\/wp\/v2\/media?parent=141199"}],"wp:term":[{"taxonomy":"product_cat","embeddable":true,"href":"https:\/\/desdropi.com\/elparque\/wp-json\/wp\/v2\/product_cat?post=141199"},{"taxonomy":"product_tag","embeddable":true,"href":"https:\/\/desdropi.com\/elparque\/wp-json\/wp\/v2\/product_tag?post=141199"}],"curies":[{"name":"wp","href":"https:\/\/api.w.org\/{rel}","templated":true}]}}