{"id":142086,"date":"2022-09-05T22:54:02","date_gmt":"2022-09-05T21:54:02","guid":{"rendered":"https:\/\/desdropi.com\/elparque\/frigo-combi-hoover-hoce4t618ex-185x60-nf-inox-wifi\/"},"modified":"2024-05-18T23:37:04","modified_gmt":"2024-05-18T21:37:04","slug":"frigo-combi-hoover-hoce4t618ex-185x60-nf-inox-wifi","status":"publish","type":"product","link":"https:\/\/desdropi.com\/elparque\/frigo-combi-hoover-hoce4t618ex-185x60-nf-inox-wifi\/","title":{"rendered":"Frigo Combi Hoover Hoce4T618Ex 185X60 Nf Inox Wifi"},"content":{"rendered":"<div class=\"descripcion-tab\"><strong>Peso y dimensiones<\/strong><\/p>\n<ul>\n<li>Altura &#8211; 1850<\/li>\n<li>Ancho &#8211; 595<\/li>\n<li>Profundidad &#8211; 658<\/li>\n<li>Peso del paquete &#8211; 65<\/li>\n<li>Peso &#8211; 63<\/li>\n<\/ul>\n<p><strong>Control de energ\u00eda<\/strong><\/p>\n<ul>\n<li>Corriente &#8211; 1<\/li>\n<li>Consumo de energ\u00eda anual &#8211; 256<\/li>\n<li>Voltaje de entrada AC &#8211; 220 &#8211; 240<\/li>\n<li>Frecuencia de entrada AC &#8211; 50<\/li>\n<li>Escala de Eficiencia Energ\u00e9tica &#8211; De la A a la G<\/li>\n<li>Eficiencia energ\u00e9tica &#8211; E<\/li>\n<\/ul>\n<p><strong>Congelador<\/strong><\/p>\n<ul>\n<li>Posici\u00f3n congelada &#8211; \u00faltimo lugar<\/li>\n<li>Descongelaci\u00f3n autom\u00e1tica (congelador) &#8211; S\u00ed<\/li>\n<li>Congelador, n\u00famero de compartimientos &#8211; 3<\/li>\n<li>Cubiteras &#8211; S\u00ed<\/li>\n<li>Congelador, capacidad neta &#8211; 119<\/li>\n<li>\u00cdndice Star &#8211; 4*<\/li>\n<li>Tiempo de almacenamiento en caso de fallo de alimentaci\u00f3n &#8211; 10<\/li>\n<li>Capacidad de congelaci\u00f3n &#8211; 4<\/li>\n<li>Funci\u00f3n de congelado r\u00e1pido &#8211; No<\/li>\n<li>Antiescarcha (congelador) &#8211; S\u00ed<\/li>\n<\/ul>\n<p><strong>Refrigerador<\/strong><\/p>\n<ul>\n<li>Descongelaci\u00f3n autom\u00e1tica (nevera) &#8211; S\u00ed<\/li>\n<li>Funci\u00f3n de enfriamiento inteligente &#8211; No<\/li>\n<li>Funci\u00f3n Super Cool &#8211; S\u00ed<\/li>\n<li>Ventilaci\u00f3n &#8211; No<\/li>\n<li>Estantes de la puerta de la nevera &#8211; 5<\/li>\n<li>Tipo de l\u00e1mpara &#8211; LED<\/li>\n<li>N\u00famero de compartimientos para verduras &#8211; 1<\/li>\n<li>Number of egg balconies &#8211; 1<\/li>\n<li>Botellero &#8211; No<\/li>\n<li>Frigor\u00edfico, capacidad neta &#8211; 222<\/li>\n<li>Luz interior de la nevera &#8211; S\u00ed<\/li>\n<li>Huevera &#8211; S\u00ed<\/li>\n<li>N\u00famero de estantes extra\u00edbles &#8211; 4<\/li>\n<li>Frigor\u00edfico, n\u00famero de compartimentos &#8211; 4<\/li>\n<li>Antiescarcha (nevera) &#8211; S\u00ed<\/li>\n<\/ul>\n<p><strong>Otras caracter\u00edsticas<\/strong><\/p>\n<ul>\n<li>Control de posici\u00f3n &#8211; Interno<\/li>\n<li>Ajustes de termostato &#8211; S\u00ed<\/li>\n<li>Electronic control &#8211; S\u00ed<\/li>\n<\/ul>\n<p><strong>Ergonom\u00eda<\/strong><\/p>\n<ul>\n<li>Alarma de puerta (abierta) &#8211; S\u00ed<\/li>\n<\/ul>\n<p><strong>Dise\u00f1o<\/strong><\/p>\n<ul>\n<li>Bloqueo para ni\u00f1os &#8211; No<\/li>\n<li>Color del producto &#8211; Acero inoxidable<\/li>\n<li>Material de estantes &#8211; Vidrio<\/li>\n<li>Puertas reversibles &#8211; S\u00ed<\/li>\n<li>N\u00famero de baldas regulables &#8211; 4<\/li>\n<li>Appliance placement &#8211; Independiente<\/li>\n<li>Pantalla incorporada &#8211; S\u00ed<\/li>\n<li>Bisagra para puerta &#8211; Derecho<\/li>\n<li>Display placement &#8211; Interior<\/li>\n<li>Certificaci\u00f3n &#8211; CE<\/li>\n<li>Tipo de Acabado de Puertas &#8211; Chrome Frame<\/li>\n<\/ul>\n<p><strong>Zona fresca<\/strong><\/p>\n<ul>\n<li>Compartimiento de Zona Fresca &#8211; S\u00ed<\/li>\n<\/ul>\n<p><strong>Desempe\u00f1o<\/strong><\/p>\n<ul>\n<li>Aplicaciones de control compatibles &#8211; h &#8211; On<\/li>\n<li>Funci\u00f3n Vacaciones &#8211; No<\/li>\n<li>Clase de emisi\u00f3n de ruido &#8211; C<\/li>\n<li>Nivel de ruido &#8211; 39<\/li>\n<li>Clase clim\u00e1tica &#8211; N<\/li>\n<li>Capacidad neta total &#8211; 341<\/li>\n<\/ul>\n<\/div>\n","protected":false},"excerpt":{"rendered":"<p>Peso y dimensiones Altura &#8211; 1850 Ancho &#8211; 595 Profundidad &#8211; 658 Peso del paquete &#8211; 65 Peso &#8211; 63<\/p>\n","protected":false},"featured_media":142087,"comment_status":"open","ping_status":"closed","template":"","meta":{"_joinchat":[]},"product_cat":[6442,6441,780],"product_tag":[],"class_list":{"0":"post-142086","1":"product","2":"type-product","3":"status-publish","4":"has-post-thumbnail","6":"product_cat-combis-frigorificos","7":"product_cat-frigorificos","8":"product_cat-gran-electrodomestico","9":"pa_marca-hoover","11":"first","12":"instock","13":"taxable","14":"shipping-taxable","15":"purchasable","16":"product-type-simple"},"_links":{"self":[{"href":"https:\/\/desdropi.com\/elparque\/wp-json\/wp\/v2\/product\/142086"}],"collection":[{"href":"https:\/\/desdropi.com\/elparque\/wp-json\/wp\/v2\/product"}],"about":[{"href":"https:\/\/desdropi.com\/elparque\/wp-json\/wp\/v2\/types\/product"}],"replies":[{"embeddable":true,"href":"https:\/\/desdropi.com\/elparque\/wp-json\/wp\/v2\/comments?post=142086"}],"version-history":[{"count":0,"href":"https:\/\/desdropi.com\/elparque\/wp-json\/wp\/v2\/product\/142086\/revisions"}],"wp:featuredmedia":[{"embeddable":true,"href":"https:\/\/desdropi.com\/elparque\/wp-json\/wp\/v2\/media\/142087"}],"wp:attachment":[{"href":"https:\/\/desdropi.com\/elparque\/wp-json\/wp\/v2\/media?parent=142086"}],"wp:term":[{"taxonomy":"product_cat","embeddable":true,"href":"https:\/\/desdropi.com\/elparque\/wp-json\/wp\/v2\/product_cat?post=142086"},{"taxonomy":"product_tag","embeddable":true,"href":"https:\/\/desdropi.com\/elparque\/wp-json\/wp\/v2\/product_tag?post=142086"}],"curies":[{"name":"wp","href":"https:\/\/api.w.org\/{rel}","templated":true}]}}