{"id":142091,"date":"2022-09-05T22:54:02","date_gmt":"2022-09-05T21:54:02","guid":{"rendered":"https:\/\/desdropi.com\/elparque\/frigo-americano-hoover-hhsbs06174xwd-177x90-disp-inox\/"},"modified":"2024-05-17T12:59:48","modified_gmt":"2024-05-17T10:59:48","slug":"frigo-americano-hoover-hhsbs06174xwd-177x90-disp-inox","status":"publish","type":"product","link":"https:\/\/desdropi.com\/elparque\/frigo-americano-hoover-hhsbs06174xwd-177x90-disp-inox\/","title":{"rendered":"Frigo.Americano Hoover Hhsbs06174Xwd 177X90 Nf Disp Inox"},"content":{"rendered":"<div class=\"descripcion-tab\"><strong>Peso y dimensiones<\/strong><\/p>\n<ul>\n<li>Ancho &#8211; 900<\/li>\n<li>Profundidad &#8211; 660<\/li>\n<li>Altura &#8211; 1770<\/li>\n<li>Peso &#8211; 88<\/li>\n<li>Peso del paquete &#8211; 96<\/li>\n<\/ul>\n<p><strong>Control de energ\u00eda<\/strong><\/p>\n<ul>\n<li>Clase de eficiencia de energ\u00eda &#8211; E<\/li>\n<li>Consumo de energ\u00eda anual &#8211; 312<\/li>\n<li>Escala de eficiencia energ\u00e9tica &#8211; De la A a la G<\/li>\n<li>Frecuencia de entrada AC &#8211; 50<\/li>\n<li>Voltaje de entrada AC &#8211; 220-240<\/li>\n<li>Corriente &#8211; 1,5<\/li>\n<\/ul>\n<p><strong>Congelador<\/strong><\/p>\n<ul>\n<li>Congelador, capacidad neta &#8211; 185<\/li>\n<li>Descongelaci\u00f3n autom\u00e1tica (congelador) &#8211; S\u00ed<\/li>\n<li>\u00cdndice Star &#8211; 4*<\/li>\n<li>Antiescarcha (congelador) &#8211; S\u00ed<\/li>\n<li>Capacidad de congelaci\u00f3n &#8211; 10<\/li>\n<li>Tiempo de almacenamiento en caso de fallo de alimentaci\u00f3n &#8211; 9<\/li>\n<li>Congelador, n\u00famero de compartimientos &#8211; 2<\/li>\n<\/ul>\n<p><strong>Refrigerador<\/strong><\/p>\n<ul>\n<li>Frigor\u00edfico, capacidad neta &#8211; 344L<\/li>\n<li>Descongelaci\u00f3n autom\u00e1tica (nevera) &#8211; S\u00ed<\/li>\n<li>Frigor\u00edfico, n\u00famero de compartimentos &#8211; 5<\/li>\n<li>N\u00famero de compartimientos para verduras &#8211; 2<\/li>\n<li>Antiescarcha (nevera) &#8211; S\u00ed<\/li>\n<\/ul>\n<p><strong>Dise\u00f1o<\/strong><\/p>\n<ul>\n<li>Colocaci\u00f3n del Electrodom\u00e9stico &#8211; Independiente<\/li>\n<li>Color del producto &#8211; Acero inoxidable<\/li>\n<li>Dise\u00f1o &#8211; Puerta americana<\/li>\n<li>Pantalla incorporada &#8211; S\u00ed<\/li>\n<li>Ubicaci\u00f3n de la pantalla &#8211; En la puerta<\/li>\n<li>Material de estantes &#8211; Vidrio<\/li>\n<\/ul>\n<p><strong>Desempe\u00f1o<\/strong><\/p>\n<ul>\n<li>Nivel de ruido &#8211; 39<\/li>\n<li>Capacidad neta total &#8211; 529<\/li>\n<li>Clase de emisi\u00f3n de ruido &#8211; C<\/li>\n<li>Wifi &#8211; No<\/li>\n<li>Clase clim\u00e1tica &#8211; SN<\/li>\n<li>Dispensador agua &#8211; S\u00ed<\/li>\n<\/ul>\n<\/div>\n","protected":false},"excerpt":{"rendered":"<p><a href=\"https:\/\/desdropi.com\/elparque\/wp-content\/uploads\/249885.pdf\" target=\"_blank\" rel=\"noopener\"><img decoding=\"async\" class=\"alignnone wp-image-205373 size-full\" src=\"https:\/\/desdropi.com\/elparque\/wp-content\/uploads\/eficiencia-E.png\" alt=\"\" width=\"56\" height=\"33\" \/><\/a><\/p>\n","protected":false},"featured_media":142092,"comment_status":"open","ping_status":"closed","template":"","meta":{"_joinchat":[]},"product_cat":[6458,6441,780],"product_tag":[],"class_list":{"0":"post-142091","1":"product","2":"type-product","3":"status-publish","4":"has-post-thumbnail","6":"product_cat-americanos-frigorificos","7":"product_cat-frigorificos","8":"product_cat-gran-electrodomestico","9":"pa_marca-hoover","11":"first","12":"instock","13":"sale","14":"taxable","15":"shipping-taxable","16":"purchasable","17":"product-type-simple"},"_links":{"self":[{"href":"https:\/\/desdropi.com\/elparque\/wp-json\/wp\/v2\/product\/142091"}],"collection":[{"href":"https:\/\/desdropi.com\/elparque\/wp-json\/wp\/v2\/product"}],"about":[{"href":"https:\/\/desdropi.com\/elparque\/wp-json\/wp\/v2\/types\/product"}],"replies":[{"embeddable":true,"href":"https:\/\/desdropi.com\/elparque\/wp-json\/wp\/v2\/comments?post=142091"}],"version-history":[{"count":0,"href":"https:\/\/desdropi.com\/elparque\/wp-json\/wp\/v2\/product\/142091\/revisions"}],"wp:featuredmedia":[{"embeddable":true,"href":"https:\/\/desdropi.com\/elparque\/wp-json\/wp\/v2\/media\/142092"}],"wp:attachment":[{"href":"https:\/\/desdropi.com\/elparque\/wp-json\/wp\/v2\/media?parent=142091"}],"wp:term":[{"taxonomy":"product_cat","embeddable":true,"href":"https:\/\/desdropi.com\/elparque\/wp-json\/wp\/v2\/product_cat?post=142091"},{"taxonomy":"product_tag","embeddable":true,"href":"https:\/\/desdropi.com\/elparque\/wp-json\/wp\/v2\/product_tag?post=142091"}],"curies":[{"name":"wp","href":"https:\/\/api.w.org\/{rel}","templated":true}]}}