{"id":149130,"date":"2022-10-24T22:56:42","date_gmt":"2022-10-24T21:56:42","guid":{"rendered":"https:\/\/desdropi.com\/elparque\/gofrera-cecotec-08007-sphere-1000w\/"},"modified":"2025-04-14T09:30:59","modified_gmt":"2025-04-14T07:30:59","slug":"gofrera-cecotec-08007-sphere-1000w","status":"publish","type":"product","link":"https:\/\/desdropi.com\/elparque\/gofrera-cecotec-08007-sphere-1000w\/","title":{"rendered":"Gofrera Cecotec 08007 Sphere 1000W"},"content":{"rendered":"<div class=\"descripcion-tab\">\n<ul>\n<li>Cecotec Gofrera el\u00e9ctrica de dise\u00f1o circular Fun Gofrestone Sphere con revestimiento RockStone y 1000 W.<\/li>\n<li>Gofrera el\u00e9ctrica con dise\u00f1o circular que cocina de forma uniforme.<\/li>\n<li>Sphere: el sistema giratorio permite un reparto uniforme de la masa y un cocinado perfecto.<\/li>\n<li>Revestimiento de piedra RockStone antiadherente para extraer los gofres con facilidad.<\/li>\n<li>Revestimiento ecol\u00f3gico, libre de PTFE y PFOA, m\u00e1s f\u00e1cil de limpiar.<\/li>\n<li>Potencia de 1000 W que permite alcanzar r\u00e1pidamente la temperatura deseada.<\/li>\n<li>Indicador luminoso que te avisa cuando la gofrera est\u00e1 lista para cocinar.<\/li>\n<li>Interruptor de encendido y apagado con indicador lum\u00ednico.<\/li>\n<li>Uso seguro gracias a su protecci\u00f3n contra sobrecalentamiento y asa de tacto fr\u00edo.<\/li>\n<li>Base antideslizante.<\/li>\n<\/ul>\n<\/div>\n","protected":false},"excerpt":{"rendered":"<p>Cecotec Gofrera el\u00e9ctrica de dise\u00f1o circular Fun Gofrestone Sphere con revestimiento RockStone y 1000 W. Gofrera el\u00e9ctrica con dise\u00f1o circular<\/p>\n","protected":false},"featured_media":149131,"comment_status":"open","ping_status":"closed","template":"","meta":{"_joinchat":[]},"product_cat":[6549,825,831],"product_tag":[],"class_list":{"0":"post-149130","1":"product","2":"type-product","3":"status-publish","4":"has-post-thumbnail","6":"product_cat-gofreras","7":"product_cat-pequeno-electrodomestico","8":"product_cat-accesorios-de-cocina","9":"pa_marca-cecotec","11":"first","12":"instock","13":"taxable","14":"shipping-taxable","15":"purchasable","16":"product-type-simple"},"_links":{"self":[{"href":"https:\/\/desdropi.com\/elparque\/wp-json\/wp\/v2\/product\/149130"}],"collection":[{"href":"https:\/\/desdropi.com\/elparque\/wp-json\/wp\/v2\/product"}],"about":[{"href":"https:\/\/desdropi.com\/elparque\/wp-json\/wp\/v2\/types\/product"}],"replies":[{"embeddable":true,"href":"https:\/\/desdropi.com\/elparque\/wp-json\/wp\/v2\/comments?post=149130"}],"version-history":[{"count":1,"href":"https:\/\/desdropi.com\/elparque\/wp-json\/wp\/v2\/product\/149130\/revisions"}],"predecessor-version":[{"id":224742,"href":"https:\/\/desdropi.com\/elparque\/wp-json\/wp\/v2\/product\/149130\/revisions\/224742"}],"wp:featuredmedia":[{"embeddable":true,"href":"https:\/\/desdropi.com\/elparque\/wp-json\/wp\/v2\/media\/149131"}],"wp:attachment":[{"href":"https:\/\/desdropi.com\/elparque\/wp-json\/wp\/v2\/media?parent=149130"}],"wp:term":[{"taxonomy":"product_cat","embeddable":true,"href":"https:\/\/desdropi.com\/elparque\/wp-json\/wp\/v2\/product_cat?post=149130"},{"taxonomy":"product_tag","embeddable":true,"href":"https:\/\/desdropi.com\/elparque\/wp-json\/wp\/v2\/product_tag?post=149130"}],"curies":[{"name":"wp","href":"https:\/\/api.w.org\/{rel}","templated":true}]}}