{"id":150795,"date":"2022-11-03T23:42:48","date_gmt":"2022-11-03T22:42:48","guid":{"rendered":"https:\/\/desdropi.com\/elparque\/frigo-combi-new-pol-nwc186eei-186x60-inox-a-nofrost\/"},"modified":"2025-04-13T22:58:03","modified_gmt":"2025-04-13T20:58:03","slug":"frigo-combi-new-pol-nwc186eei-186x60-inox-a-nofrost","status":"publish","type":"product","link":"https:\/\/desdropi.com\/elparque\/frigo-combi-new-pol-nwc186eei-186x60-inox-a-nofrost\/","title":{"rendered":"Frigo Combi New Pol Nwc186Eei 186X60 Inox A++ Nofrost"},"content":{"rendered":"<div class=\"descripcion-tab\">\n<p>Frigor\u00edfico combinado de\u00a0<strong>186 cm<\/strong>\u00a0en color\u00a0<strong>inox<\/strong>. Control electr\u00f3nico con pantalla interior de control independiente del congelador y el refrigerador denominada\u00a0<strong>Display Dual Control<\/strong>.\u00a0<strong>Caj\u00f3n CONVERTIBOX<\/strong>\u00a0se trata de un caj\u00f3n verdulero con v\u00e1lvula de humedad que se convierte opcionalmente en Chiller\/zona 0\u00ba mediante un selector. Tres estantes de seguridad, dos balcones y un balc\u00f3n botellero. El congelador tiene tres cajones transparentes e incluye cubitera.\u00a0<strong>Puertas reversibles<\/strong>.Especificaciones: Clasificaci\u00f3n energ\u00e9tica:\u00a0<strong>E<\/strong>. Clase clim\u00e1tica:\u00a0<strong>GT\/SN<\/strong>. Tipo de descongelaci\u00f3n:\u00a0<strong>autom\u00e1tico<\/strong>.<\/p>\n<p><strong>Dimensiones\u00a0<\/strong><strong>(Ancho x Fondo x Alto)<\/strong><strong>:\u00a0<\/strong>\u00a059,5 x 60 x 186 cm.\u00a0<strong>Peso:<\/strong>\u00a064 kg.<\/p>\n<p><strong>Caracter\u00edsticas Principales<\/strong><\/p>\n<ul>\n<li>Modelo &#8211; NWC186EEI<\/li>\n<li>Clase clim\u00e1tica &#8211; T\/SN<\/li>\n<li>Color &#8211; INOX LOOK<\/li>\n<li>Clasificaci\u00f3n energ\u00e9tica &#8211; E<\/li>\n<li>Volumen frigor\u00edfico (net) (EU) 2019\/2016 &#8211; 207<\/li>\n<li>Volumen Congelador (net) (EU) 2019\/2016 &#8211; 88<\/li>\n<\/ul>\n<p><strong>Consumo, Dimensiones, Ruido<\/strong><\/p>\n<ul>\n<li>Performance(star rating) &#8211; 4<\/li>\n<li>Nivel de Ruido(dBA) (EU) 2019\/2016 &#8211; 41<\/li>\n<li>Clase Rudio (EU) 2019\/2016 &#8211; C<\/li>\n<li>Consumo de Energ\u00eda (a\u00f1o) (EU) 2019\/2016 &#8211; 239<\/li>\n<li>Capacidad de Congelaci\u00f3n (kg\/24h) (EU) 2019\/2016 &#8211; 5<\/li>\n<li>Tipo de descongelaci\u00f3n frig\/congelador &#8211; AUTO-DEFROST<\/li>\n<li>EEI (%) (EU) 2019\/2016 &#8211; 100<\/li>\n<li>Consumo de Energ\u00eda(kW\/24h) (EU) 2019\/2016 &#8211; 0,597<\/li>\n<li>Fuente de Luz Effic. Class (EU) 2019\/2016 &#8211; F<\/li>\n<li>Tipo de gas refrigerante &#8211; R600<\/li>\n<li>Cantidad de gas (gr.) &#8211; 50<\/li>\n<li>Power &#8211; 145<\/li>\n<li>Corriente (A) &#8211; 0,70<\/li>\n<li>N\u00famero de puertas &#8211; 2<\/li>\n<li>N\u00famero de compresores &#8211; 1<\/li>\n<\/ul>\n<p><strong>Accesorios<\/strong><\/p>\n<ul>\n<li>Puerta Balc\u00f3n botellero &#8211; 1<\/li>\n<li>Balcones en puerta &#8211; 2<\/li>\n<li>Balcones en puerta del congelador &#8211;<\/li>\n<li>Zona Fresh<\/li>\n<li>Cubitera &#8211; Si<\/li>\n<li>Zona Fresh &#8211; Caj\u00f3n Corvetibox<\/li>\n<li>Congelaci\u00f3n R\u00e1pida &#8211; S\u00ed<\/li>\n<li>Peso del producto (kg) &#8211; 64<\/li>\n<li>Peso del producto embalado (kg) &#8211; 69<\/li>\n<li>Dimensiones del producto (ancho x profundo x alto) (mm) &#8211; 595 x 600 x 1860<\/li>\n<li>Dimensiones del producto embalado (ancho x profundo x alto) (mm) &#8211; 664 x 678 x 1916<\/li>\n<\/ul>\n<p><strong>Eficiencia Energ\u00e9tica<\/strong><\/p>\n<ul>\n<li>Escala A \u2013 D (<span style=\"color: #99cc00;\"> A++ <\/span>)<\/li>\n<li>Escala A \u2013 G (<span style=\"color: #f6be14;\"> E<\/span>\u00a0)<\/li>\n<\/ul>\n<p><img fetchpriority=\"high\" decoding=\"async\" class=\"alignnone wp-image-149172 \" src=\"https:\/\/desdropi.com\/elparque\/wp-content\/uploads\/ETIQUETAS-EQUIVALENCIAS-DEF-2-1024x529.png\" alt=\"\" width=\"540\" height=\"279\" \/><\/p>\n<\/div>\n","protected":false},"excerpt":{"rendered":"<p><a href=\"https:\/\/desdropi.com\/elparque\/wp-content\/uploads\/11831.pdf\" target=\"_blank\" rel=\"noopener\"><img decoding=\"async\" class=\"alignnone wp-image-205373 size-full\" src=\"https:\/\/desdropi.com\/elparque\/wp-content\/uploads\/eficiencia-E.png\" alt=\"\" width=\"56\" height=\"33\" \/><\/a><\/p>\n","protected":false},"featured_media":150907,"comment_status":"open","ping_status":"closed","template":"","meta":{"_joinchat":[]},"product_cat":[6442,6441,780],"product_tag":[],"class_list":{"0":"post-150795","1":"product","2":"type-product","3":"status-publish","4":"has-post-thumbnail","6":"product_cat-combis-frigorificos","7":"product_cat-frigorificos","8":"product_cat-gran-electrodomestico","9":"pa_marca-new-pol","10":"pa_nofrost-si","12":"first","13":"instock","14":"taxable","15":"shipping-taxable","16":"purchasable","17":"product-type-simple"},"_links":{"self":[{"href":"https:\/\/desdropi.com\/elparque\/wp-json\/wp\/v2\/product\/150795"}],"collection":[{"href":"https:\/\/desdropi.com\/elparque\/wp-json\/wp\/v2\/product"}],"about":[{"href":"https:\/\/desdropi.com\/elparque\/wp-json\/wp\/v2\/types\/product"}],"replies":[{"embeddable":true,"href":"https:\/\/desdropi.com\/elparque\/wp-json\/wp\/v2\/comments?post=150795"}],"version-history":[{"count":1,"href":"https:\/\/desdropi.com\/elparque\/wp-json\/wp\/v2\/product\/150795\/revisions"}],"predecessor-version":[{"id":224660,"href":"https:\/\/desdropi.com\/elparque\/wp-json\/wp\/v2\/product\/150795\/revisions\/224660"}],"wp:featuredmedia":[{"embeddable":true,"href":"https:\/\/desdropi.com\/elparque\/wp-json\/wp\/v2\/media\/150907"}],"wp:attachment":[{"href":"https:\/\/desdropi.com\/elparque\/wp-json\/wp\/v2\/media?parent=150795"}],"wp:term":[{"taxonomy":"product_cat","embeddable":true,"href":"https:\/\/desdropi.com\/elparque\/wp-json\/wp\/v2\/product_cat?post=150795"},{"taxonomy":"product_tag","embeddable":true,"href":"https:\/\/desdropi.com\/elparque\/wp-json\/wp\/v2\/product_tag?post=150795"}],"curies":[{"name":"wp","href":"https:\/\/api.w.org\/{rel}","templated":true}]}}