{"id":157138,"date":"2022-12-14T16:46:10","date_gmt":"2022-12-14T14:46:10","guid":{"rendered":"https:\/\/desdropi.com\/elparque\/lavavajillas-60cm-balay-3vs506ip-inox-dsp\/"},"modified":"2024-06-05T11:33:55","modified_gmt":"2024-06-05T09:33:55","slug":"lavavajillas-60cm-balay-3vs506ip-inox-dsp","status":"publish","type":"product","link":"https:\/\/desdropi.com\/elparque\/lavavajillas-60cm-balay-3vs506ip-inox-dsp\/","title":{"rendered":"Lavavajillas 60Cm Balay 3Vs506Ip Inox Dsp"},"content":{"rendered":"<div class=\"descripcion-tab\">\n<strong>Peso y dimensiones:<\/strong><\/p>\n<ul>\n<li>Ancho: 60 cm<\/li>\n<li>Profundidad: 600 mm<\/li>\n<li>Altura: 845 mm<\/li>\n<li>Peso: 45,3 kg<\/li>\n<li>Peso del paquete: 46,6 kg<\/li>\n<\/ul>\n<p><strong>Control de energ\u00eda:<\/strong><\/p>\n<ul>\n<li>Consumo de agua por ciclo de lavado: 9,5 L<\/li>\n<li>Clase de eficiencia de energ\u00eda: E<\/li>\n<li>Consumo de energ\u00eda anual: 258 kWh<\/li>\n<li>Consumo anual de agua: 2660 L<\/li>\n<li>Consumo de energ\u00eda (apagado): 0,1 W<\/li>\n<li>Consumo de energ\u00eda (left-on): 0,1 W<\/li>\n<li>Corriente: 10 A<\/li>\n<li>Frecuencia de entrada AC: 50 &#8211; 60 Hz<\/li>\n<li>Voltaje de entrada AC: 220 &#8211; 240 V<\/li>\n<li>Carga conectada: 2400 W<\/li>\n<li>Consumo de energ\u00eda por ciclo: 0,9 kWh<\/li>\n<\/ul>\n<p><strong>Ergonom\u00eda:<\/strong><\/p>\n<ul>\n<li>Indicador tiempo restante de lavado: S\u00ed<\/li>\n<li>Indicador de sal: S\u00ed<\/li>\n<li>Indicador de ayuda a enjuagar: S\u00ed<\/li>\n<li>Detecci\u00f3n autom\u00e1tica de detergente: S\u00ed<\/li>\n<li>Parte superior extra\u00edble: S\u00ed<\/li>\n<li>Patas ajustables: S\u00ed<\/li>\n<li>Ajuste de patas: 3<\/li>\n<li>Protecci\u00f3n contra el reflujo: S\u00ed<\/li>\n<\/ul>\n<p><strong>Dise\u00f1o:<\/strong><\/p>\n<ul>\n<li>Pantalla incorporada: S\u00ed<\/li>\n<li>Appliance placement: Independiente<\/li>\n<li>Sistema de secado: Intercambiador de calor<\/li>\n<li>Longitud del cable: 1,75 m<\/li>\n<li>Longitud de manguera de salida: 1,9 m<\/li>\n<li>Product size: Tama\u00f1o completo (60 cm)<\/li>\n<li>Color de la puerta: Acero inoxidable<\/li>\n<li>Panel de control: Negro<\/li>\n<li>Tipo de control: Botones, Giratorio<\/li>\n<li>Longitud de manguera de entrada: 1,5 m<\/li>\n<li>Tipo de compartimiento para vajilla: Canasta<\/li>\n<li>Color del producto: Acero inoxidable<\/li>\n<\/ul>\n<p><strong>Desempe\u00f1o:<\/strong><\/p>\n<ul>\n<li>Nivel de ruido: 48 dB<\/li>\n<li>Capacidad: 12 Servicios<\/li>\n<li>Programaci\u00f3n diferida: S\u00ed<\/li>\n<li>Inicio retrasado: 24 h<\/li>\n<li>N\u00famero de programas de lavado: 5<\/li>\n<li>Clase de secado: A<\/li>\n<li>Programas de lavado: 1h 65 \u00b0C, Auto 45-65 \u00baC, Eco 50 \u00baC, Intensive 70 \u00baC, Prelavado<\/li>\n<li>Mitad de carga: S\u00ed<\/li>\n<li>Protecci\u00f3n al vidrio: S\u00ed<\/li>\n<li>AquaStop funci\u00f3n: S\u00ed<\/li>\n<li>Temperatura (m\u00e1x): 70 \u00b0C<\/li>\n<li>N\u00famero de ajustes de temperatura: 4<\/li>\n<li>Clase de lavado: A<\/li>\n<li>Temperatura m\u00e1xima de suministro de agua caliente: 60 \u00b0C<\/li>\n<li>Tiempo de ciclo: 210 min<\/li>\n<\/ul>\n<\/div>\n","protected":false},"excerpt":{"rendered":"<p><a href=\"https:\/\/desdropi.com\/elparque\/wp-content\/uploads\/237074.pdf\" target=\"_blank\" rel=\"noopener\"><img decoding=\"async\" class=\"alignnone wp-image-205373 size-full\" src=\"https:\/\/desdropi.com\/elparque\/wp-content\/uploads\/eficiencia-E.png\" alt=\"\" width=\"56\" height=\"33\" \/><\/a><\/p>\n<p><a style=\"text-decoration: underline;\" href=\"https:\/\/desdropi.com\/elparque\/wp-content\/uploads\/237074.2.pdf\" target=\"_blank\" rel=\"noopener\">Ficha de informaci\u00f3n de producto<\/a><\/p>\n","protected":false},"featured_media":157140,"comment_status":"closed","ping_status":"closed","template":"","meta":{"_joinchat":[]},"product_cat":[6445,780,781],"product_tag":[],"class_list":{"0":"post-157138","1":"product","2":"type-product","3":"status-publish","4":"has-post-thumbnail","6":"product_cat-libre-instalacion-de-60-cm","7":"product_cat-gran-electrodomestico","8":"product_cat-lavavajillas","10":"first","11":"instock","12":"taxable","13":"shipping-taxable","14":"purchasable","15":"product-type-simple"},"_links":{"self":[{"href":"https:\/\/desdropi.com\/elparque\/wp-json\/wp\/v2\/product\/157138"}],"collection":[{"href":"https:\/\/desdropi.com\/elparque\/wp-json\/wp\/v2\/product"}],"about":[{"href":"https:\/\/desdropi.com\/elparque\/wp-json\/wp\/v2\/types\/product"}],"replies":[{"embeddable":true,"href":"https:\/\/desdropi.com\/elparque\/wp-json\/wp\/v2\/comments?post=157138"}],"version-history":[{"count":0,"href":"https:\/\/desdropi.com\/elparque\/wp-json\/wp\/v2\/product\/157138\/revisions"}],"wp:featuredmedia":[{"embeddable":true,"href":"https:\/\/desdropi.com\/elparque\/wp-json\/wp\/v2\/media\/157140"}],"wp:attachment":[{"href":"https:\/\/desdropi.com\/elparque\/wp-json\/wp\/v2\/media?parent=157138"}],"wp:term":[{"taxonomy":"product_cat","embeddable":true,"href":"https:\/\/desdropi.com\/elparque\/wp-json\/wp\/v2\/product_cat?post=157138"},{"taxonomy":"product_tag","embeddable":true,"href":"https:\/\/desdropi.com\/elparque\/wp-json\/wp\/v2\/product_tag?post=157138"}],"curies":[{"name":"wp","href":"https:\/\/api.w.org\/{rel}","templated":true}]}}