{"id":157524,"date":"2022-12-16T09:41:50","date_gmt":"2022-12-16T08:41:50","guid":{"rendered":"https:\/\/desdropi.com\/elparque\/afeita-braun-3020-black\/"},"modified":"2024-05-17T12:59:58","modified_gmt":"2024-05-17T10:59:58","slug":"afeita-braun-3020-black","status":"publish","type":"product","link":"https:\/\/desdropi.com\/elparque\/afeita-braun-3020-black\/","title":{"rendered":"Afeita. Braun 3020 Black"},"content":{"rendered":"<div class=\"descripcion-tab\">\n<strong>Peso y dimensiones<\/strong><\/p>\n<ul>\n<li>Profundidad del paquete &#8211; 155 mm<\/li>\n<li>Altura del paquete &#8211; 222 mm<\/li>\n<li>Peso del paquete &#8211; 424 g<\/li>\n<li>Peso &#8211; 362 g<\/li>\n<li>Ancho del paquete &#8211; 57 mm<\/li>\n<\/ul>\n<p><strong>Control de energ\u00eda<\/strong><\/p>\n<ul>\n<li>Fuente de energ\u00eda &#8211; Bater\u00eda<\/li>\n<li>Tiempo de carga &#8211; 1 h<\/li>\n<li>Carga r\u00e1pida &#8211; S\u00ed<\/li>\n<li>Recargable &#8211; S\u00ed<\/li>\n<li>Autonom\u00eda (Minutos) &#8211; 45 min<\/li>\n<li>Tipo de bater\u00eda &#8211; Integrado<\/li>\n<li>A red &#8211; S\u00ed<\/li>\n<li>Tecnolog\u00eda de bater\u00eda &#8211; N\u00edquel-metal hidruro (NiMH)<\/li>\n<\/ul>\n<p><strong>Indicaci\u00f3n<\/strong><\/p>\n<ul>\n<li>Indicador de nivel de bater\u00eda &#8211; S\u00ed<\/li>\n<li>Indicaci\u00f3n de bater\u00eda baja &#8211; S\u00ed<\/li>\n<\/ul>\n<p><strong>Contenido del embalaje<\/strong><\/p>\n<ul>\n<li>Cepillo de limpieza &#8211; S\u00ed<\/li>\n<li>Cable de alimentaci\u00f3n incluido &#8211; S\u00ed<\/li>\n<\/ul>\n<p><strong>Dise\u00f1o<\/strong><\/p>\n<ul>\n<li>A prueba de agua &#8211; S\u00ed<\/li>\n<li>Tipo de visualizador &#8211; LED<\/li>\n<li>Color del producto &#8211; Negro<\/li>\n<li>Lavable &#8211; S\u00ed<\/li>\n<\/ul>\n<p><strong>Desempe\u00f1o<\/strong><\/p>\n<ul>\n<li>Tipo cabezales &#8211; L\u00e1minas<\/li>\n<li>N\u00famero de m\u00e1quina de afeitar cabezas \/ cuchillas &#8211; 3<\/li>\n<li>Recortadora &#8211; S\u00ed<\/li>\n<li>Sistema de afeitado &#8211; Foil shaver<\/li>\n<\/ul>\n<\/div>\n","protected":false},"excerpt":{"rendered":"<p>Peso y dimensiones Profundidad del paquete &#8211; 155 mm Altura del paquete &#8211; 222 mm Peso del paquete &#8211; 424<\/p>\n","protected":false},"featured_media":157526,"comment_status":"closed","ping_status":"closed","template":"","meta":{"_joinchat":[]},"product_cat":[6510,6874,825,6097],"product_tag":[],"class_list":{"0":"post-157524","1":"product","2":"type-product","3":"status-publish","4":"has-post-thumbnail","6":"product_cat-vello-y-pelo","7":"product_cat-afeitadoras-vello-y-pelo","8":"product_cat-pequeno-electrodomestico","9":"product_cat-cuidado-personal","10":"pa_marca-braun","12":"first","13":"instock","14":"taxable","15":"shipping-taxable","16":"purchasable","17":"product-type-simple"},"_links":{"self":[{"href":"https:\/\/desdropi.com\/elparque\/wp-json\/wp\/v2\/product\/157524"}],"collection":[{"href":"https:\/\/desdropi.com\/elparque\/wp-json\/wp\/v2\/product"}],"about":[{"href":"https:\/\/desdropi.com\/elparque\/wp-json\/wp\/v2\/types\/product"}],"replies":[{"embeddable":true,"href":"https:\/\/desdropi.com\/elparque\/wp-json\/wp\/v2\/comments?post=157524"}],"version-history":[{"count":0,"href":"https:\/\/desdropi.com\/elparque\/wp-json\/wp\/v2\/product\/157524\/revisions"}],"wp:featuredmedia":[{"embeddable":true,"href":"https:\/\/desdropi.com\/elparque\/wp-json\/wp\/v2\/media\/157526"}],"wp:attachment":[{"href":"https:\/\/desdropi.com\/elparque\/wp-json\/wp\/v2\/media?parent=157524"}],"wp:term":[{"taxonomy":"product_cat","embeddable":true,"href":"https:\/\/desdropi.com\/elparque\/wp-json\/wp\/v2\/product_cat?post=157524"},{"taxonomy":"product_tag","embeddable":true,"href":"https:\/\/desdropi.com\/elparque\/wp-json\/wp\/v2\/product_tag?post=157524"}],"curies":[{"name":"wp","href":"https:\/\/api.w.org\/{rel}","templated":true}]}}