{"id":159794,"date":"2022-12-30T11:25:19","date_gmt":"2022-12-30T09:25:19","guid":{"rendered":"https:\/\/desdropi.com\/elparque\/funda-nuwa-switch-azul-silicona-antid-2-grips-fil\/"},"modified":"2024-05-17T13:00:00","modified_gmt":"2024-05-17T11:00:00","slug":"funda-nuwa-switch-azul-silicona-antid-2-grips-fil","status":"publish","type":"product","link":"https:\/\/desdropi.com\/elparque\/funda-nuwa-switch-azul-silicona-antid-2-grips-fil\/","title":{"rendered":"Funda Nuwa Switch Azul Silicona Antid+ 2 Grips Fil"},"content":{"rendered":"<div class=\"descripcion-tab\">\nEste conjunto de Nuwa proporciona protecci\u00f3n completa para tu Nintendo Switch Lite. Todo el conjunto le dar\u00e1 una protecci\u00f3n perfecta. La superficie antideslizante de la funda de silicona proporciona un mejor agarre, lo que le hace disfrutar de una mejor experiencia de juego.<\/p>\n<p><strong>Caracter\u00edsticas<\/strong><\/p>\n<ul>\n<li>Protector de silicona en una pieza con trasera antideslizante.<\/li>\n<li>2 antislip grips para los sticks.<\/li>\n<li>Film protector de pantalla t\u00e1ctil frontal.<\/li>\n<li>Permite el acceso a todas las funciones y botones de la consola.<\/li>\n<li>F\u00e1cil colocaci\u00f3n y montaje.<\/li>\n<\/ul>\n<\/div>\n","protected":false},"excerpt":{"rendered":"<p>Este conjunto de Nuwa proporciona protecci\u00f3n completa para tu Nintendo Switch Lite. Todo el conjunto le dar\u00e1 una protecci\u00f3n perfecta.<\/p>\n","protected":false},"featured_media":159796,"comment_status":"closed","ping_status":"closed","template":"","meta":{"_joinchat":[]},"product_cat":[6536,6544,7105],"product_tag":[],"class_list":{"0":"post-159794","1":"product","2":"type-product","3":"status-publish","4":"has-post-thumbnail","6":"product_cat-informatica-y-ocio","7":"product_cat-consolas-informatica-y-gaming","8":"product_cat-accesorios-consolas","10":"first","11":"instock","12":"taxable","13":"shipping-taxable","14":"purchasable","15":"product-type-simple"},"_links":{"self":[{"href":"https:\/\/desdropi.com\/elparque\/wp-json\/wp\/v2\/product\/159794"}],"collection":[{"href":"https:\/\/desdropi.com\/elparque\/wp-json\/wp\/v2\/product"}],"about":[{"href":"https:\/\/desdropi.com\/elparque\/wp-json\/wp\/v2\/types\/product"}],"replies":[{"embeddable":true,"href":"https:\/\/desdropi.com\/elparque\/wp-json\/wp\/v2\/comments?post=159794"}],"version-history":[{"count":0,"href":"https:\/\/desdropi.com\/elparque\/wp-json\/wp\/v2\/product\/159794\/revisions"}],"wp:featuredmedia":[{"embeddable":true,"href":"https:\/\/desdropi.com\/elparque\/wp-json\/wp\/v2\/media\/159796"}],"wp:attachment":[{"href":"https:\/\/desdropi.com\/elparque\/wp-json\/wp\/v2\/media?parent=159794"}],"wp:term":[{"taxonomy":"product_cat","embeddable":true,"href":"https:\/\/desdropi.com\/elparque\/wp-json\/wp\/v2\/product_cat?post=159794"},{"taxonomy":"product_tag","embeddable":true,"href":"https:\/\/desdropi.com\/elparque\/wp-json\/wp\/v2\/product_tag?post=159794"}],"curies":[{"name":"wp","href":"https:\/\/api.w.org\/{rel}","templated":true}]}}