{"id":159902,"date":"2022-12-30T10:26:14","date_gmt":"2022-12-30T08:26:14","guid":{"rendered":"https:\/\/desdropi.com\/elparque\/juego-nintendo-switch-pokemon-purpura\/"},"modified":"2024-05-17T13:00:04","modified_gmt":"2024-05-17T11:00:04","slug":"juego-nintendo-switch-pokemon-purpura","status":"publish","type":"product","link":"https:\/\/desdropi.com\/elparque\/juego-nintendo-switch-pokemon-purpura\/","title":{"rendered":"Juego Nintendo Switch Pokemon Purpura"},"content":{"rendered":"<h4>JUEGO NINTENDO SWITCH POKEMON PURPURA<\/h4>\n<ul>\n<li class=\"font-l h-mb-2 bold\"><span style=\"color: #333333; font-size: 16px;\">Las fronteras entre las distintas ciudades y la naturaleza se desdibujan en esta regi\u00f3n. Los Pok\u00e9mon que habitan en ella est\u00e1n por doquier. \u00a1Prep\u00e1rate para verlos all\u00e1 adonde vayas, por tierra, mar y aire! Podr\u00e1s disfrutar de una experiencia al m\u00e1s puro estilo Pok\u00e9mon, enfrent\u00e1ndote a Pok\u00e9mon salvajes para hacerte con ellos, pero <strong>esta vez en una aventura de mundo abierto que har\u00e1 las delicias de peque\u00f1os y mayores<\/strong>.<\/span><\/li>\n<li class=\"font-l h-mb-2 bold\">\u00a1Comparte la diversi\u00f3n del descubrimiento con tu familia y amigos, y emb\u00e1rcate en una aventura con hasta otros tres jugadores!*<\/li>\n<\/ul>\n<h4>Contenido del embalaje<\/h4>\n<ul>\n<li>Cantidad por paquete \u2192 1<\/li>\n<\/ul>\n<h4>Caracter\u00edsticas<\/h4>\n<ul>\n<li>Plataforma \u2192 Nintendo Switch<\/li>\n<li>G\u00e9nero del juego \u2192 Juego de rol<\/li>\n<li>Serie del juego \u2192 Pok\u00e9mon<\/li>\n<li>Versi\u00f3n de idioma \u2192 Pluriling\u00fce<\/li>\n<li>Subt\u00edtulos Idioma \u2192 Alem\u00e1n, Ingl\u00e9s, Espa\u00f1ol, Franc\u00e9s, Italiano, Japon\u00e9s, Coreano, Chino<\/li>\n<li>Tipo de medio \u2192 Cartucho<\/li>\n<li>Fecha de lanzamiento \u2192 18\/11\/2022<\/li>\n<li>Clasificaci\u00f3n PEGI \u2192 PEGI 7<\/li>\n<li>Modo multijugador \u2192 S\u00ed<\/li>\n<li>N\u00famero m\u00ednimo de jugadores desconectados \u2192 1<\/li>\n<li>Editor \u2192 Nintendo<\/li>\n<\/ul>\n","protected":false},"excerpt":{"rendered":"<p>JUEGO NINTENDO SWITCH POKEMON PURPURA Las fronteras entre las distintas ciudades y la naturaleza se desdibujan en esta regi\u00f3n. Los<\/p>\n","protected":false},"featured_media":159904,"comment_status":"closed","ping_status":"closed","template":"","meta":{"_joinchat":[]},"product_cat":[6544,6536,6971],"product_tag":[],"class_list":{"0":"post-159902","1":"product","2":"type-product","3":"status-publish","4":"has-post-thumbnail","6":"product_cat-consolas-informatica-y-gaming","7":"product_cat-informatica-y-ocio","8":"product_cat-videojuegos","9":"pa_marca-nintendo","11":"first","12":"instock","13":"taxable","14":"shipping-taxable","15":"purchasable","16":"product-type-simple"},"_links":{"self":[{"href":"https:\/\/desdropi.com\/elparque\/wp-json\/wp\/v2\/product\/159902"}],"collection":[{"href":"https:\/\/desdropi.com\/elparque\/wp-json\/wp\/v2\/product"}],"about":[{"href":"https:\/\/desdropi.com\/elparque\/wp-json\/wp\/v2\/types\/product"}],"replies":[{"embeddable":true,"href":"https:\/\/desdropi.com\/elparque\/wp-json\/wp\/v2\/comments?post=159902"}],"version-history":[{"count":0,"href":"https:\/\/desdropi.com\/elparque\/wp-json\/wp\/v2\/product\/159902\/revisions"}],"wp:featuredmedia":[{"embeddable":true,"href":"https:\/\/desdropi.com\/elparque\/wp-json\/wp\/v2\/media\/159904"}],"wp:attachment":[{"href":"https:\/\/desdropi.com\/elparque\/wp-json\/wp\/v2\/media?parent=159902"}],"wp:term":[{"taxonomy":"product_cat","embeddable":true,"href":"https:\/\/desdropi.com\/elparque\/wp-json\/wp\/v2\/product_cat?post=159902"},{"taxonomy":"product_tag","embeddable":true,"href":"https:\/\/desdropi.com\/elparque\/wp-json\/wp\/v2\/product_tag?post=159902"}],"curies":[{"name":"wp","href":"https:\/\/api.w.org\/{rel}","templated":true}]}}