{"id":159917,"date":"2022-12-30T11:27:02","date_gmt":"2022-12-30T09:27:02","guid":{"rendered":"https:\/\/desdropi.com\/elparque\/altavoz-int-google-nest-mini-carbon-ga00781-es\/"},"modified":"2024-05-17T13:00:04","modified_gmt":"2024-05-17T11:00:04","slug":"altavoz-int-google-nest-mini-carbon-ga00781-es","status":"publish","type":"product","link":"https:\/\/desdropi.com\/elparque\/altavoz-int-google-nest-mini-carbon-ga00781-es\/","title":{"rendered":"Altavoz Int.Google Nest Mini Carbon Ga00781-Es"},"content":{"rendered":"<div class=\"descripcion-tab\">\n<p>Altavoz inteligente Google Nest Mini Blanco Tiza &#8211; Altavoz Mini &#8211; Asistente por Voz de Google &#8211; Funci\u00f3n Voice Match &#8211; Aplicaciones Google &#8211; Reproducir M\u00fasica por Voz &#8211; Activar Funciones &#8211; Asistente Inteligente &#8211; WiFi &#8211; Conexi\u00f3n Bluetooth<\/p>\n<p>Te presentamos el nuevo <strong>Google Nest Mini<\/strong>. En \u00e9l tu m\u00fasica suena mejor y m\u00e1s potente que nunca. Adem\u00e1s, el <strong>Asistente de Google<\/strong> ser\u00e1 de gran ayuda para toda la casa. \u00a1Qu\u00e9date y te lo contamos todo sobre este altavoz inteligente!<\/p>\n<p>Un <strong>sonido de ensue\u00f1o<\/strong> para ti. Un gran dise\u00f1o para tu casaUna de las mejoras que acompa\u00f1an a este Nest mini es un sonido m\u00e1s potente y definido. Y, es que, gracias a su transductor de 40mm, los bajos del Google Nest Mini son el doble de potentes que los del Mini original. Adem\u00e1s, el Nest Mini ha sido dise\u00f1ado pensando en el <strong>medioambiente<\/strong>, puesto que cuenta con una cubierta hecha de un tejido resistente fabricado \u00fanicamente con botellas de pl\u00e1stico recicladas, as\u00ed como con una carcasa exterior fabricada con al menos un 35 de pl\u00e1stico reciclado posconsumo. Por \u00faltimo, gracias a su <strong>reconocimiento de voz mejorado<\/strong>, podr\u00e1s pedir ayuda desde el otro lado de la habitaci\u00f3n.<\/p>\n<p><strong>Reproduce m\u00fasica y noticias en streaming. <\/strong>Inicia la reproducci\u00f3n de m\u00fasica y otros contenidos de tus aplicaciones favoritas con la voz. Solo tienes que ped\u00edrselo al Asistente de Google. Tambi\u00e9n puedes reproducir <strong>m\u00fasica en streaming<\/strong> en Nest Mini desde tu tel\u00e9fono m\u00f3vil. Simplemente di: &#8220;Ok Google&#8221;. Y, a partir de ah\u00ed, da la orden que m\u00e1s te apetezca: &#8220;Pon m\u00fasica en Spotify&#8221;, &#8220;Sube el volumen&#8221;, &#8220;Pon m\u00fasica de Sia&#8221;, &#8220;Pon la lista de reproducci\u00f3n de entrenamiento&#8221;, &#8220;Pon la lista de reproducci\u00f3n para cenar&#8221;, &#8220;Pon las \u00faltimas noticias&#8221;, etc.<\/p>\n<p>Encuentra ayuda en <strong>cualquier habitaci\u00f3n de tu casa<\/strong> con el Asistente de Google. Lo mejor de Google, a tu alcance: el tiempo, las noticias y casi todo lo que se te ocurra. Solo tienes que pedirlo. Puedes consultar tu agenda, pedir informaci\u00f3n sobre tus desplazamientos, consultar recordatorios, poner temporizadores y alarmas, y mucho m\u00e1s.<\/p>\n<p><strong>Controla tu casa con la voz. <\/strong>&#8220;Ok Google, aten\u00faa la luz&#8221;. &#8220;Ok Google, enciende la televisi\u00f3n&#8221;. Baja las luces, enciende la televisi\u00f3n, sube la temperatura y mucho m\u00e1s con el Google Nest Mini. Todo con solo ped\u00edrselo al Asistente de Google. Funciona con miles de dispositivos inteligentes compatibles.<\/p>\n<p><strong>Dise\u00f1ado con detalle. <\/strong>Algo que no pod\u00eda ser a\u00fan m\u00e1s perfecto es el dise\u00f1o de este Google Nest Mini. De reducido tama\u00f1o, redondo y <strong>minimalista<\/strong> combina con cualquier tipo de hogar, pasando a ser incluso un elemento decorativo m\u00e1s. Cu\u00e9lgalo en la pared gracias a su soporte de pared integrado, que te lo pondr\u00e1 f\u00e1cil para ponerlo en cualquier habitaci\u00f3n. Adem\u00e1s, cuando te acerques a \u00e9l, los <strong>LED<\/strong> se iluminar\u00e1n para que veas los controles de volumen y puedas manejarlos c\u00f3modamente.<\/p>\n<p>Nest Mini. Un gran sonido. Una gran ayuda.<\/p>\n<p><strong>Audio<\/strong><\/p>\n<ul>\n<li>Altavoces incorporados &#8211; S\u00ed<\/li>\n<li>N\u00famero de altavoces &#8211; 1<\/li>\n<li>Di\u00e1metro del conductor &#8211; 4<\/li>\n<li>Micr\u00f3fono incorporado &#8211; S\u00ed<\/li>\n<li>Micr\u00f3fono mudo &#8211; S\u00ed<\/li>\n<li>Control de volumen &#8211; Tocar<\/li>\n<li>Volumen ajustable &#8211; S\u00ed<\/li>\n<li>Modo de reproducci\u00f3n &#8211; Pausa, Play, Stop<\/li>\n<li>N\u00famero de micr\u00f3fonos &#8211; 3<\/li>\n<li>Formatos de audio soportados &#8211; FLAC,HE-AAC,LC-AAC,LPCM,MP3,Vorbis,WAV<\/li>\n<li>Modo manos libres &#8211; S\u00ed<\/li>\n<li>Reproducci\u00f3n de audio en streaming &#8211; S\u00ed<\/li>\n<\/ul>\n<p><strong>Puertos e Interfaces<\/strong><\/p>\n<ul>\n<li>Tecnolog\u00eda de conectividad &#8211; Inal\u00e1mbrico y al\u00e1mbrico<\/li>\n<li>Wifi &#8211; S\u00ed<\/li>\n<li>Bluetooth &#8211; S\u00ed<\/li>\n<li>Wi-Fi est\u00e1ndares &#8211; 802.11b, 802.11g, Wi-Fi 4 (802.11n), Wi-Fi 5 (802.11ac)<\/li>\n<li>Banda Wi-Fi &#8211; Doble banda (2,4 GHz \/ 5 GHz)<\/li>\n<li>Versi\u00f3n de Bluetooth &#8211; 5.0<\/li>\n<li>Enchufe de entrada de CC &#8211; S\u00ed<\/li>\n<\/ul>\n<p><strong>Peso y dimensiones<\/strong><\/p>\n<ul>\n<li>Ancho &#8211; 98<\/li>\n<li>Profundidad &#8211; 98<\/li>\n<li>Altura &#8211; 42<\/li>\n<li>Peso &#8211; 181<\/li>\n<li>Control de energ\u00eda<\/li>\n<li>Alimentaci\u00f3n &#8211; CC<\/li>\n<li>Consumo energ\u00e9tico &#8211; 15<\/li>\n<li>Contenido del embalaje<\/li>\n<li>Adaptador AC incluido &#8211; S\u00ed<\/li>\n<\/ul>\n<p><strong>Caracter\u00edsticas<\/strong><\/p>\n<ul>\n<li>Forma &#8211; Alrededor<\/li>\n<li>Asistente virtual &#8211; Google Assistant<\/li>\n<li>Color del producto &#8211; Antracita<\/li>\n<li>Material de la carcasa &#8211; Tela, De pl\u00e1stico<\/li>\n<li>Control por voz &#8211; S\u00ed<\/li>\n<li>Indicadores LED &#8211; S\u00ed<\/li>\n<li>Sistemas operativos m\u00f3viles soportados &#8211; Android, iOS<\/li>\n<li>Tecnolog\u00edas de reproducci\u00f3n en streaming con las que cuenta &#8211; Chromecast<\/li>\n<\/ul>\n<\/div>\n","protected":false},"excerpt":{"rendered":"<p>Altavoz inteligente Google Nest Mini Blanco Tiza &#8211; Altavoz Mini &#8211; Asistente por Voz de Google &#8211; Funci\u00f3n Voice Match<\/p>\n","protected":false},"featured_media":159919,"comment_status":"closed","ping_status":"closed","template":"","meta":{"_joinchat":[]},"product_cat":[1022,7103],"product_tag":[],"class_list":{"0":"post-159917","1":"product","2":"type-product","3":"status-publish","4":"has-post-thumbnail","6":"product_cat-sonido","7":"product_cat-altavoces-inteligentes","9":"first","10":"instock","11":"taxable","12":"shipping-taxable","13":"purchasable","14":"product-type-simple"},"_links":{"self":[{"href":"https:\/\/desdropi.com\/elparque\/wp-json\/wp\/v2\/product\/159917"}],"collection":[{"href":"https:\/\/desdropi.com\/elparque\/wp-json\/wp\/v2\/product"}],"about":[{"href":"https:\/\/desdropi.com\/elparque\/wp-json\/wp\/v2\/types\/product"}],"replies":[{"embeddable":true,"href":"https:\/\/desdropi.com\/elparque\/wp-json\/wp\/v2\/comments?post=159917"}],"version-history":[{"count":0,"href":"https:\/\/desdropi.com\/elparque\/wp-json\/wp\/v2\/product\/159917\/revisions"}],"wp:featuredmedia":[{"embeddable":true,"href":"https:\/\/desdropi.com\/elparque\/wp-json\/wp\/v2\/media\/159919"}],"wp:attachment":[{"href":"https:\/\/desdropi.com\/elparque\/wp-json\/wp\/v2\/media?parent=159917"}],"wp:term":[{"taxonomy":"product_cat","embeddable":true,"href":"https:\/\/desdropi.com\/elparque\/wp-json\/wp\/v2\/product_cat?post=159917"},{"taxonomy":"product_tag","embeddable":true,"href":"https:\/\/desdropi.com\/elparque\/wp-json\/wp\/v2\/product_tag?post=159917"}],"curies":[{"name":"wp","href":"https:\/\/api.w.org\/{rel}","templated":true}]}}