{"id":174267,"date":"2023-03-07T12:24:38","date_gmt":"2023-03-07T11:24:38","guid":{"rendered":"https:\/\/desdropi.com\/elparque\/?post_type=product&#038;p=174267"},"modified":"2024-05-17T13:00:25","modified_gmt":"2024-05-17T11:00:25","slug":"cafetera-krups-ea8170-arabica-superautomatica-lcd","status":"publish","type":"product","link":"https:\/\/desdropi.com\/elparque\/cafetera-krups-ea8170-arabica-superautomatica-lcd\/","title":{"rendered":"Cafetera Krups Ea8170 Arabica Superautomatica Lcd"},"content":{"rendered":"<div class=\"descripcion-tab\">\n<p><strong>Peso y dimensiones<\/strong><\/p>\n<ul>\n<li>Peso \u2192 7,2<\/li>\n<li>Ancho \u2192 365<\/li>\n<li>Altura \u2192 380<\/li>\n<li>Profundidad \u2192 245<\/li>\n<\/ul>\n<p><strong>Control de energ\u00eda<\/strong><\/p>\n<ul>\n<li>Potencia \u2192 1450<\/li>\n<\/ul>\n<p><strong>Detalles t\u00e9cnicos<\/strong><\/p>\n<ul>\n<li>Dimensiones del producto (AnxLxAl) \u2192 245 x 365 x 380<\/li>\n<\/ul>\n<p><strong>Empaquetado<\/strong><\/p>\n<ul>\n<li>Cantidad por paquete \u2192 1<\/li>\n<li>Ancho del paquete \u2192 287<\/li>\n<li>Profundidad del paquete \u2192 381<\/li>\n<li>Altura del paquete \u2192 484<\/li>\n<li>Peso del paquete \u2192 9,09<\/li>\n<\/ul>\n<p><strong>Otras caracter\u00edsticas<\/strong><\/p>\n<ul>\n<li>Interruptor de encendido\/apagado integrado \u2192 S\u00ed<\/li>\n<\/ul>\n<p><strong>Ergonom\u00eda<\/strong><\/p>\n<ul>\n<li>Color del producto \u2192 Negro<\/li>\n<li>Tipo de control \u2192 Botones<\/li>\n<li>Pantalla incorporada \u2192 S\u00ed<\/li>\n<li>Tipo de visualizador \u2192 LCD<\/li>\n<li>Indicador de nivel de agua \u2192 S\u00ed<\/li>\n<li>Reservorio de agua extraible \u2192 S\u00ed<\/li>\n<li>Bandeja de goteo extraible \u2192 S\u00ed<\/li>\n<li>Soporte para tazas \u2192 S\u00ed<\/li>\n<\/ul>\n<p><strong>Dise\u00f1o<\/strong><\/p>\n<ul>\n<li>Tipo de cafetera \u2192 SuperAutom\u00e1tica<\/li>\n<\/ul>\n<p><strong>Desempe\u00f1o<\/strong><\/p>\n<ul>\n<li>Appliance placement \u2192 Encimera<\/li>\n<li>Tipo de cafetera \u2192 M\u00e1quina espresso<\/li>\n<li>N\u00famero de surtidores \u2192 2<\/li>\n<li>Tuber\u00eda de vapor \u2192 S\u00ed<\/li>\n<li>Dep\u00f3sito para caf\u00e9 preparado \u2192 Taza<\/li>\n<li>Capacidad de reservorio de agua \u2192 1,7<\/li>\n<li>Presi\u00f3n m\u00e1xima funcionamiento (bares) \u2192 15<\/li>\n<li>Caf\u00e9 tipo de entrada \u2192 Granos de caf\u00e9<\/li>\n<li>M\u00e1quina de caf\u00e9 \u2192 Totalmente autom\u00e1tica<\/li>\n<li>N\u00famero de ajustes de temperatura \u2192 3<\/li>\n<li>Intensidad del caf\u00e9 ajustable \u2192 S\u00ed<\/li>\n<li>Automatic flow stop \u2192 S\u00ed<\/li>\n<li>Molinillo integrado \u2192 S\u00ed<\/li>\n<li>Capacidad de granos de caf\u00e9 \u2192 260<\/li>\n<li>Valores ajustables amoladora \u2192 S\u00ed<\/li>\n<li>N\u00famero de posiciones de molinillo \u2192 3<\/li>\n<li>Tanque de leche \u2192 No<\/li>\n<li>Sistema antical autom\u00e1tico \u2192 S\u00ed<\/li>\n<li>Funci\u00f3n autolimpieza \u2192 S\u00ed<\/li>\n<li>Temperatura ajustable \u2192 S\u00ed<\/li>\n<li>Pa\u00eds de origen \u2192 Francia<\/li>\n<\/ul>\n<p><strong>Datos log\u00edsticos<\/strong><\/p>\n<ul>\n<li>Cantidad por contenedor (20ft) \u2192 448<\/li>\n<li>Cantidad por contenedor (40ft) \u2192 924<\/li>\n<li>Cantidad por contenedor intermodal (40ft, HC) \u2192 1155<\/li>\n<li>Anchura del pal\u00e9 \u2192 80<\/li>\n<li>Longitud del pal\u00e9 \u2192 120<\/li>\n<li>Altura del pal\u00e9 \u2192 2,17<\/li>\n<li>Peso del pal\u00e9 \u2192 311,8<\/li>\n<li>N\u00famero de cajas de cart\u00f3n por pal\u00e9 \u2192 32<\/li>\n<li>N\u00famero de cartones por capa \u2192 8<\/li>\n<li>N\u00famero de capas por pal\u00e9 \u2192 4<\/li>\n<\/ul>\n<p><strong>Funciones y programas de cocina<\/strong><\/p>\n<ul>\n<li>Preparaci\u00f3n de caf\u00e9 \u2192 S\u00ed<\/li>\n<li>Preparaci\u00f3n de ristretto \u2192 S\u00ed<\/li>\n<li>Preparaci\u00f3n de espresso \u2192 S\u00ed<\/li>\n<\/ul>\n<\/div>\n","protected":false},"excerpt":{"rendered":"<p>Peso y dimensiones Peso \u2192 7,2 Ancho \u2192 365 Altura \u2192 380 Profundidad \u2192 245 Control de energ\u00eda Potencia \u2192<\/p>\n","protected":false},"featured_media":174271,"comment_status":"open","ping_status":"closed","template":"","meta":{"_joinchat":[]},"product_cat":[6516,6548,825],"product_tag":[],"class_list":{"0":"post-174267","1":"product","2":"type-product","3":"status-publish","4":"has-post-thumbnail","6":"product_cat-cafeteras-pequeno-electrodomestico","7":"product_cat-automaticas","8":"product_cat-pequeno-electrodomestico","10":"first","11":"instock","12":"sale","13":"taxable","14":"shipping-taxable","15":"purchasable","16":"product-type-simple"},"_links":{"self":[{"href":"https:\/\/desdropi.com\/elparque\/wp-json\/wp\/v2\/product\/174267"}],"collection":[{"href":"https:\/\/desdropi.com\/elparque\/wp-json\/wp\/v2\/product"}],"about":[{"href":"https:\/\/desdropi.com\/elparque\/wp-json\/wp\/v2\/types\/product"}],"replies":[{"embeddable":true,"href":"https:\/\/desdropi.com\/elparque\/wp-json\/wp\/v2\/comments?post=174267"}],"version-history":[{"count":0,"href":"https:\/\/desdropi.com\/elparque\/wp-json\/wp\/v2\/product\/174267\/revisions"}],"wp:featuredmedia":[{"embeddable":true,"href":"https:\/\/desdropi.com\/elparque\/wp-json\/wp\/v2\/media\/174271"}],"wp:attachment":[{"href":"https:\/\/desdropi.com\/elparque\/wp-json\/wp\/v2\/media?parent=174267"}],"wp:term":[{"taxonomy":"product_cat","embeddable":true,"href":"https:\/\/desdropi.com\/elparque\/wp-json\/wp\/v2\/product_cat?post=174267"},{"taxonomy":"product_tag","embeddable":true,"href":"https:\/\/desdropi.com\/elparque\/wp-json\/wp\/v2\/product_tag?post=174267"}],"curies":[{"name":"wp","href":"https:\/\/api.w.org\/{rel}","templated":true}]}}