{"id":175231,"date":"2023-03-09T20:23:18","date_gmt":"2023-03-09T19:23:18","guid":{"rendered":"https:\/\/desdropi.com\/elparque\/?post_type=product&#038;p=175231"},"modified":"2024-05-17T13:00:26","modified_gmt":"2024-05-17T11:00:26","slug":"cafetera-delonghi-en85r-nespresso-essenza-mini-roja","status":"publish","type":"product","link":"https:\/\/desdropi.com\/elparque\/cafetera-delonghi-en85r-nespresso-essenza-mini-roja\/","title":{"rendered":"Cafetera Delonghi En85R Nespresso Essenza Mini Roja"},"content":{"rendered":"<div class=\"descripcion-tab\">\n<strong>Peso y dimensiones<\/strong><\/p>\n<ul>\n<li>Ancho \u2192 110<\/li>\n<li>Profundidad \u2192 325<\/li>\n<li>Altura \u2192 205<\/li>\n<li>Peso \u2192 2,3<\/li>\n<\/ul>\n<p><strong>Control de energ\u00eda<\/strong><\/p>\n<ul>\n<li>Potencia \u2192 1150<\/li>\n<li>Voltaje de entrada AC \u2192 220 &#8211; 240<\/li>\n<li>Frecuencia de entrada AC \u2192 50 &#8211; 60<\/li>\n<li>Apagado autom\u00e1tico \u2192 S\u00ed<\/li>\n<li>Auto power off after (max) \u2192 30<\/li>\n<li>Modo de ahorro de energ\u00eda \u2192 S\u00ed<\/li>\n<li>Clase de eficiencia de energ\u00eda \u2192 A-40%<\/li>\n<li>Desconexi\u00f3n autom\u00e1tica despu\u00e9s de (m\u00edn.) \u2192 9<\/li>\n<\/ul>\n<p><strong>Detalles t\u00e9cnicos<\/strong><\/p>\n<ul>\n<li>Interruptor de encendido\/apagado integrado \u2192 S\u00ed<\/li>\n<li>Presi\u00f3n de bombeo \u2192 19<\/li>\n<li>F\u00e1cil de limpiar \u2192 S\u00ed<\/li>\n<li>F\u00e1cil de usar \u2192 S\u00ed<\/li>\n<li>Material del tanque de agua \u2192 De pl\u00e1stico<\/li>\n<li>Partes de platos a prueba de agua \u2192 S\u00ed<\/li>\n<\/ul>\n<p><strong>Aprobaciones reguladoras<\/strong><\/p>\n<ul>\n<li>Certificaci\u00f3n \u2192 CE<\/li>\n<\/ul>\n<p><strong>Contenido del embalaje<\/strong><\/p>\n<ul>\n<li>Cantidad por paquete1<\/li>\n<li>Manual de usuarioS\u00ed<\/li>\n<li>Incluye c\u00e1psulas de caf\u00e9S\u00ed<\/li>\n<li>N\u00famero de c\u00e1psulas de caf\u00e9 incluidas14<\/li>\n<\/ul>\n<p><strong>Ergonom\u00eda<\/strong><\/p>\n<ul>\n<li>Reservorio de agua extraible \u2192 S\u00ed<\/li>\n<li>Bandeja de goteo extraible \u2192 S\u00ed<\/li>\n<li>Soporte para tazas ajustable en altura \u2192 S\u00ed<\/li>\n<li>Pu\u00f1o ergon\u00f3mico \u2192 S\u00ed<\/li>\n<li>Visible water level \u2192 S\u00ed<\/li>\n<li>Indicador de nivel de agua \u2192 S\u00ed<\/li>\n<li>Palanca \u2192 S\u00ed<\/li>\n<li>Base antideslizante \u2192 S\u00ed<\/li>\n<\/ul>\n<p><strong>Dise\u00f1o<\/strong><\/p>\n<ul>\n<li>Dise\u00f1o \u2192 Encimera<\/li>\n<li>Tipo de cafetera \u2192 M\u00e1quina de caf\u00e9 en c\u00e1psulas<\/li>\n<li>Color del producto \u2192 Negro, Rojo<\/li>\n<li>Tipo de control \u2192 Botones<\/li>\n<li>Pantalla incorporada \u2192 No<\/li>\n<li>Dep\u00f3sito para caf\u00e9 preparado \u2192Taza<\/li>\n<li>N\u00famero de surtidores \u2192 1<\/li>\n<li>Material de la carcasa \u2192 De pl\u00e1stico<\/li>\n<li>Tipo de tapa \u2192 Tapa con bisagra<\/li>\n<\/ul>\n<p><strong>Desempe\u00f1o<\/strong><\/p>\n<ul>\n<li>Capacidad de reservorio de agua \u2192 0,6<\/li>\n<li>Caf\u00e9 tipo de entrada \u2192 C\u00e1psula de caf\u00e9<\/li>\n<li>Coffee making \u2192 S\u00ed<\/li>\n<li>Ristretto making \u2192 No<\/li>\n<li>Espresso making \u2192 S\u00ed<\/li>\n<li>Americano making \u2192 No<\/li>\n<li>Cappuccino making \u2192 No<\/li>\n<li>Preparaci\u00f3n caf\u00e9 con leche \u2192 No<\/li>\n<li>Hot water system \u2192 No<\/li>\n<li>Latte macchiato making \u2192 No<\/li>\n<li>Mocha making \u2192 No<\/li>\n<li>Lungo making \u2192 S\u00ed<\/li>\n<li>Preparaci\u00f3n de caf\u00e9 crema \u2192 No<\/li>\n<li>Hot milk making \u2192 No<\/li>\n<li>Tea making \u2192 No<\/li>\n<li>Preparaci\u00f3n de chocolate caliente \u2192 No<\/li>\n<li>Chocolate milk making \u2192 No<\/li>\n<li>Preparaci\u00f3n de orzo \u2192 No<\/li>\n<li>Hot and cold beverages making \u2192 No<\/li>\n<li>M\u00e1quina de caf\u00e9 \u2192 Totalmente autom\u00e1tica<\/li>\n<li>Marca compatible \u2192 Nespresso<\/li>\n<li>Presi\u00f3n m\u00e1xima funcionamiento (bares) \u2192 19<\/li>\n<li>Flujo de agua ajustable \u2192 S\u00ed<\/li>\n<li>Automatic flow stop \u2192 S\u00ed<\/li>\n<li>Molinillo integrado \u2192 No<\/li>\n<li>Sistema de calefacci\u00f3n \u2192 Bloqueo t\u00e9rmico<\/li>\n<li>Dep\u00f3sito de c\u00e1psulas desmontable \u2192 S\u00ed<\/li>\n<li>Capacidad del dep\u00f3sito de c\u00e1psulas utilizadas \u2192 6<\/li>\n<li>Tiempo de calentamiento \u2192 25<\/li>\n<li>Calentamiento r\u00e1pido \u2192 S\u00ed<\/li>\n<li>Selector de la intensidad del agua \u2192 S\u00ed<\/li>\n<li>Capacidad del dep\u00f3sito de c\u00e1psulas \u2192 6<\/li>\n<li>Funci\u00f3n de modo de espera \u2192 S\u00ed<\/li>\n<li>Programable \u2192 S\u00ed<\/li>\n<li>Coffee capsule\/pod system \u2192 Nespresso<\/li>\n<\/ul>\n<\/div>\n","protected":false},"excerpt":{"rendered":"<p><span style=\"color: #ff0000;\"><strong>DELONGHI te devuelve en tu cuenta bancaria\u00a030\u20ac\u00a0despu\u00e9s de la compra. S\u00f3lo deber\u00e1s entrar en este\u00a0<a style=\"color: #ff0000;\" href=\"http:\/\/www.regalobienvenida.nespresso.es\/\" target=\"_blank\" rel=\"noopener\">enlace<\/a> y registrar tu producto siguiendo los pasos.<\/strong><\/span><\/p>\n","protected":false},"featured_media":175232,"comment_status":"open","ping_status":"closed","template":"","meta":{"_joinchat":[]},"product_cat":[6516,6863,825],"product_tag":[],"class_list":{"0":"post-175231","1":"product","2":"type-product","3":"status-publish","4":"has-post-thumbnail","6":"product_cat-cafeteras-pequeno-electrodomestico","7":"product_cat-de-capsulas","8":"product_cat-pequeno-electrodomestico","10":"first","11":"instock","12":"taxable","13":"shipping-taxable","14":"purchasable","15":"product-type-simple"},"_links":{"self":[{"href":"https:\/\/desdropi.com\/elparque\/wp-json\/wp\/v2\/product\/175231"}],"collection":[{"href":"https:\/\/desdropi.com\/elparque\/wp-json\/wp\/v2\/product"}],"about":[{"href":"https:\/\/desdropi.com\/elparque\/wp-json\/wp\/v2\/types\/product"}],"replies":[{"embeddable":true,"href":"https:\/\/desdropi.com\/elparque\/wp-json\/wp\/v2\/comments?post=175231"}],"version-history":[{"count":0,"href":"https:\/\/desdropi.com\/elparque\/wp-json\/wp\/v2\/product\/175231\/revisions"}],"wp:featuredmedia":[{"embeddable":true,"href":"https:\/\/desdropi.com\/elparque\/wp-json\/wp\/v2\/media\/175232"}],"wp:attachment":[{"href":"https:\/\/desdropi.com\/elparque\/wp-json\/wp\/v2\/media?parent=175231"}],"wp:term":[{"taxonomy":"product_cat","embeddable":true,"href":"https:\/\/desdropi.com\/elparque\/wp-json\/wp\/v2\/product_cat?post=175231"},{"taxonomy":"product_tag","embeddable":true,"href":"https:\/\/desdropi.com\/elparque\/wp-json\/wp\/v2\/product_tag?post=175231"}],"curies":[{"name":"wp","href":"https:\/\/api.w.org\/{rel}","templated":true}]}}