{"id":185154,"date":"2023-04-12T17:52:32","date_gmt":"2023-04-12T16:52:32","guid":{"rendered":"https:\/\/desdropi.com\/elparque\/?post_type=product&#038;p=185154"},"modified":"2024-05-17T13:00:46","modified_gmt":"2024-05-17T11:00:46","slug":"exprimidor-magefesa-vitam10-3466-40w-1l","status":"publish","type":"product","link":"https:\/\/desdropi.com\/elparque\/exprimidor-magefesa-vitam10-3466-40w-1l\/","title":{"rendered":"Exprimidor Magefesa Vitam10 3466 40W 1L"},"content":{"rendered":"<div class=\"descripcion-tab\">\n<ul>\n<li>El exprimidor Magefesa Vitam10 3466 es un electrodom\u00e9stico dise\u00f1ado para extraer jugo de frutas de forma f\u00e1cil y eficiente. Con una <strong>potencia de 40W<\/strong>, este exprimidor puede procesar grandes cantidades de frutas en poco tiempo.<\/li>\n<li>El exprimidor cuenta con un dep\u00f3sito de <strong>1 litro de capacidad<\/strong> que permite almacenar una buena cantidad de jugo antes de tener que vaciarlo. Adem\u00e1s, el Vitam10 3466 cuenta con un <strong>sistema de vertido antigoteo<\/strong> que evita derrames innecesarios y ayuda a mantener la cocina limpia.<\/li>\n<li>El dise\u00f1o del exprimidor es<strong> elegante y moderno<\/strong>, con un acabado en acero inoxidable que lo hace <strong>resistente y f\u00e1cil de limpiar<\/strong>. El exprimidor cuenta con una <strong>boquilla de vertido ajustable<\/strong> que permite controlar el flujo de jugo y un filtro de acero inoxidable que garantiza la <strong>separaci\u00f3n efectiva de la pulpa y la semilla del jugo<\/strong>.<\/li>\n<\/ul>\n<h4>Control de energ\u00eda<\/h4>\n<ul>\n<li>Potencia \u2192 40W<\/li>\n<\/ul>\n<h4>Empaquetado<\/h4>\n<ul>\n<li>Protector contra el polvo incluido \u2192 S\u00ed<\/li>\n<\/ul>\n<h4>Caracter\u00edsticas<\/h4>\n<ul>\n<li>Tipo de producto \u2192 Exprimidor lenta<\/li>\n<li>Color del producto \u2192 Transparente, Blanco<\/li>\n<li>Pulp container \u2192 No<\/li>\n<li>Contenedor de jugo \u2192 S\u00ed<\/li>\n<li>Contenedor de zumo \u2192 1<\/li>\n<li>Contenedor de jugo extra\u00edble \u2192 S\u00ed<\/li>\n<li>Tipo de prensa \u2192 Barrena vertical<\/li>\n<li>F\u00e1cil de limpiar \u2192 S\u00ed<\/li>\n<li>Agarradera(s) \u2192 S\u00ed<\/li>\n<\/ul>\n<\/div>\n","protected":false},"excerpt":{"rendered":"<p>El exprimidor Magefesa Vitam10 3466 es un electrodom\u00e9stico dise\u00f1ado para extraer jugo de frutas de forma f\u00e1cil y eficiente. Con<\/p>\n","protected":false},"featured_media":185155,"comment_status":"open","ping_status":"closed","template":"","meta":{"_joinchat":[]},"product_cat":[825,893],"product_tag":[],"class_list":{"0":"post-185154","1":"product","2":"type-product","3":"status-publish","4":"has-post-thumbnail","6":"product_cat-pequeno-electrodomestico","7":"product_cat-exprimidores","8":"pa_marca-magefesa","10":"first","11":"instock","12":"taxable","13":"shipping-taxable","14":"purchasable","15":"product-type-simple"},"_links":{"self":[{"href":"https:\/\/desdropi.com\/elparque\/wp-json\/wp\/v2\/product\/185154"}],"collection":[{"href":"https:\/\/desdropi.com\/elparque\/wp-json\/wp\/v2\/product"}],"about":[{"href":"https:\/\/desdropi.com\/elparque\/wp-json\/wp\/v2\/types\/product"}],"replies":[{"embeddable":true,"href":"https:\/\/desdropi.com\/elparque\/wp-json\/wp\/v2\/comments?post=185154"}],"version-history":[{"count":0,"href":"https:\/\/desdropi.com\/elparque\/wp-json\/wp\/v2\/product\/185154\/revisions"}],"wp:featuredmedia":[{"embeddable":true,"href":"https:\/\/desdropi.com\/elparque\/wp-json\/wp\/v2\/media\/185155"}],"wp:attachment":[{"href":"https:\/\/desdropi.com\/elparque\/wp-json\/wp\/v2\/media?parent=185154"}],"wp:term":[{"taxonomy":"product_cat","embeddable":true,"href":"https:\/\/desdropi.com\/elparque\/wp-json\/wp\/v2\/product_cat?post=185154"},{"taxonomy":"product_tag","embeddable":true,"href":"https:\/\/desdropi.com\/elparque\/wp-json\/wp\/v2\/product_tag?post=185154"}],"curies":[{"name":"wp","href":"https:\/\/api.w.org\/{rel}","templated":true}]}}