{"id":186900,"date":"2023-04-17T16:20:42","date_gmt":"2023-04-17T15:20:42","guid":{"rendered":"https:\/\/desdropi.com\/elparque\/?post_type=product&#038;p=186900"},"modified":"2025-04-13T20:48:11","modified_gmt":"2025-04-13T18:48:11","slug":"exprimidor-braun-cj3050bk-60w-negro","status":"publish","type":"product","link":"https:\/\/desdropi.com\/elparque\/exprimidor-braun-cj3050bk-60w-negro\/","title":{"rendered":"Exprimidor Braun Cj3050Bk 60W Negro"},"content":{"rendered":"<div class=\"descripcion-tab\">\n<ul>\n<li>El exprimidor Braun CJ3050BK es un electrodom\u00e9stico de cocina dise\u00f1ado para hacer que la preparaci\u00f3n de jugos de frutas frescas sea m\u00e1s <strong>f\u00e1cil y r\u00e1pida<\/strong>. Este modelo cuenta con un <strong>potente motor de 60W<\/strong> que le permite extraer todo el jugo de cualquier tipo de fruta en cuesti\u00f3n de segundos.<\/li>\n<li>El exprimidor cuenta con un cono de prensado que se adapta autom\u00e1ticamente al tama\u00f1o de la fruta, desde limones hasta naranjas grandes. Adem\u00e1s, cuenta con un <strong>sistema anti-goteo<\/strong> que evita derrames innecesarios y mantiene la cocina limpia.<\/li>\n<li>El dise\u00f1o del exprimidor es <strong>elegante y moderno<\/strong>, con un acabado negro mate que se adapta a cualquier estilo de cocina. La base es estable y antideslizante, lo que permite un uso seguro y eficiente.<\/li>\n<li>Todas las partes del exprimidor que entran en contacto con los alimentos son desmontables y aptas para el lavavajillas, lo que facilita la limpieza y el mantenimiento.<\/li>\n<\/ul>\n<h4>Control de energ\u00eda<\/h4>\n<ul>\n<li>Potencia \u2192 60<\/li>\n<\/ul>\n<h4>Detalles t\u00e9cnicos<\/h4>\n<ul>\n<li>No contiene \u2192 Bisfenol A (BPA)<\/li>\n<\/ul>\n<h4>Contenido del embalaje<\/h4>\n<ul>\n<li>Cantidad por paquete \u2192 1<\/li>\n<li>Manual de usuario \u2192 S\u00ed<\/li>\n<\/ul>\n<h4>Caracter\u00edsticas<\/h4>\n<ul>\n<li>Color del producto \u2192 Negro<\/li>\n<li>Taz\u00f3n \u2192 No<\/li>\n<li>Tapa \u2192 S\u00ed<\/li>\n<li>Almacenamiento de cable \u2192 No<\/li>\n<li>Partes de platos a prueba de agua \u2192 S\u00ed<\/li>\n<li>Funci\u00f3n anti goteo \u2192 S\u00ed<\/li>\n<li>Controles ajustables de pulpa \u2192 No<\/li>\n<li>Contenedor de jugo \u2192 No<\/li>\n<li>Encendido\/apagado autom\u00e1tico \u2192 S\u00ed<\/li>\n<li>F\u00e1cil de limpiar \u2192 S\u00ed<\/li>\n<\/ul>\n<\/div>\n","protected":false},"excerpt":{"rendered":"<p>El exprimidor Braun CJ3050BK es un electrodom\u00e9stico de cocina dise\u00f1ado para hacer que la preparaci\u00f3n de jugos de frutas frescas<\/p>\n","protected":false},"featured_media":186901,"comment_status":"open","ping_status":"closed","template":"","meta":{"_joinchat":[]},"product_cat":[825,831,893],"product_tag":[],"class_list":{"0":"post-186900","1":"product","2":"type-product","3":"status-publish","4":"has-post-thumbnail","6":"product_cat-pequeno-electrodomestico","7":"product_cat-accesorios-de-cocina","8":"product_cat-exprimidores","9":"pa_marca-braun","11":"first","12":"instock","13":"taxable","14":"shipping-taxable","15":"purchasable","16":"product-type-simple"},"_links":{"self":[{"href":"https:\/\/desdropi.com\/elparque\/wp-json\/wp\/v2\/product\/186900"}],"collection":[{"href":"https:\/\/desdropi.com\/elparque\/wp-json\/wp\/v2\/product"}],"about":[{"href":"https:\/\/desdropi.com\/elparque\/wp-json\/wp\/v2\/types\/product"}],"replies":[{"embeddable":true,"href":"https:\/\/desdropi.com\/elparque\/wp-json\/wp\/v2\/comments?post=186900"}],"version-history":[{"count":1,"href":"https:\/\/desdropi.com\/elparque\/wp-json\/wp\/v2\/product\/186900\/revisions"}],"predecessor-version":[{"id":224526,"href":"https:\/\/desdropi.com\/elparque\/wp-json\/wp\/v2\/product\/186900\/revisions\/224526"}],"wp:featuredmedia":[{"embeddable":true,"href":"https:\/\/desdropi.com\/elparque\/wp-json\/wp\/v2\/media\/186901"}],"wp:attachment":[{"href":"https:\/\/desdropi.com\/elparque\/wp-json\/wp\/v2\/media?parent=186900"}],"wp:term":[{"taxonomy":"product_cat","embeddable":true,"href":"https:\/\/desdropi.com\/elparque\/wp-json\/wp\/v2\/product_cat?post=186900"},{"taxonomy":"product_tag","embeddable":true,"href":"https:\/\/desdropi.com\/elparque\/wp-json\/wp\/v2\/product_tag?post=186900"}],"curies":[{"name":"wp","href":"https:\/\/api.w.org\/{rel}","templated":true}]}}