{"id":187169,"date":"2023-04-18T08:14:15","date_gmt":"2023-04-18T07:14:15","guid":{"rendered":"https:\/\/desdropi.com\/elparque\/?post_type=product&#038;p=187169"},"modified":"2023-04-18T08:51:20","modified_gmt":"2023-04-18T07:51:20","slug":"freidora-princess-182731-3l-2000w-negra-2","status":"publish","type":"product","link":"https:\/\/desdropi.com\/elparque\/freidora-princess-182731-3l-2000w-negra-2\/","title":{"rendered":"FREIDORA PRINCESS 182731 3L 2000W NEGRA"},"content":{"rendered":"<div class=\"descripcion-tab\">\n<ul>\n<li>La freidora Princess 182731 es un electrodom\u00e9stico de cocina de <strong>alta calidad<\/strong> dise\u00f1ado para fre\u00edr tus alimentos favoritos de manera r\u00e1pida y f\u00e1cil. Con una capacidad de <strong>3 litros<\/strong> y una potencia de <strong>2000 vatios<\/strong>, esta freidora es lo suficientemente grande y potente para cocinar alimentos para toda la familia.<\/li>\n<li>La freidora cuenta con un termostato ajustable que te permite controlar la temperatura de cocci\u00f3n y cocinar tus alimentos a la perfecci\u00f3n. Adem\u00e1s, tiene una luz indicadora de encendido y apagado para que puedas saber en todo momento si est\u00e1 en uso.<\/li>\n<li>La carcasa de la freidora es de color negro <strong>elegante y moderno<\/strong>, y est\u00e1 construida con materiales duraderos para garantizar su uso a largo plazo. Tambi\u00e9n cuenta con una canasta de fre\u00edr con revestimiento antiadherente que hace que la limpieza sea r\u00e1pida y f\u00e1cil.<\/li>\n<\/ul>\n<h4>Control de energ\u00eda<\/h4>\n<ul>\n<li>Frecuencia de entrada AC \u2192 50 \/ 60<\/li>\n<li>Potencia \u2192 2000<\/li>\n<li>Tipo de enchufe \u2192 Tipo F<\/li>\n<li>Protecci\u00f3n contra sobrecalentamiento \u2192 S\u00ed<\/li>\n<li>Voltaje de entrada AC \u2192 230<\/li>\n<\/ul>\n<h4>Indicaci\u00f3n<\/h4>\n<ul>\n<li>Pantalla incorporada \u2192 No<\/li>\n<li>Indicador de listo \u2192 S\u00ed<\/li>\n<\/ul>\n<h4>Dise\u00f1o<\/h4>\n<ul>\n<li>Mango plegable \u2192 S\u00ed<\/li>\n<li>Almacenamiento de cable \u2192 S\u00ed<\/li>\n<li>Panel de control \u2192 Negro<\/li>\n<li>Tipo de control \u2192 Giratorio<\/li>\n<li>Taz\u00f3n extraible \u2192 S\u00ed<\/li>\n<li>Tipo de construcci\u00f3n \u2192 Sencillo<\/li>\n<li>Appliance placement \u2192 Independiente<\/li>\n<li>Color del producto \u2192 Negro<\/li>\n<li>Agarradera(s) \u2192 S\u00ed<\/li>\n<li>Capa antiadherente \u2192 S\u00ed<\/li>\n<li>Partes de platos a prueba de agua \u2192 No<\/li>\n<li>Materiales \u2192 Acero negro<\/li>\n<li>Longitud del cable \u2192 0,8<\/li>\n<li>Base antideslizante \u2192 S\u00ed<\/li>\n<\/ul>\n<h4>Desempe\u00f1o<\/h4>\n<ul>\n<li>Tipo de producto \u2192 Freidora<\/li>\n<li>Capacidad (Litros) \u2192 3<\/li>\n<li>Ajustes de termostato \u2192 S\u00ed<\/li>\n<li>Capacidad de fritura \u2192 0,6<\/li>\n<li>Funci\u00f3n de fre\u00edr \u2192 S\u00ed<\/li>\n<li>Funci\u00f3n de horneado \u2192 No<\/li>\n<li>Temperatura (m\u00e1x) \u2192 190<\/li>\n<\/ul>\n<h4>Datos log\u00edsticos<\/h4>\n<ul>\n<li>Caja GTIN (EAN\/UPC) \u2192 8712836962323<\/li>\n<\/ul>\n<\/div>\n","protected":false},"excerpt":{"rendered":"<p>La freidora Princess 182731 es un electrodom\u00e9stico de cocina de alta calidad dise\u00f1ado para fre\u00edr tus alimentos favoritos de manera<\/p>\n","protected":false},"featured_media":187175,"comment_status":"open","ping_status":"closed","template":"","meta":{"_joinchat":[]},"product_cat":[6416,825,831,844],"product_tag":[],"class_list":{"0":"post-187169","1":"product","2":"type-product","3":"status-publish","4":"has-post-thumbnail","6":"product_cat-freidoras-con-aceite","7":"product_cat-pequeno-electrodomestico","8":"product_cat-accesorios-de-cocina","9":"product_cat-freidoras","10":"pa_marca-princess","12":"first","13":"instock","14":"taxable","15":"shipping-taxable","16":"purchasable","17":"product-type-simple"},"_links":{"self":[{"href":"https:\/\/desdropi.com\/elparque\/wp-json\/wp\/v2\/product\/187169"}],"collection":[{"href":"https:\/\/desdropi.com\/elparque\/wp-json\/wp\/v2\/product"}],"about":[{"href":"https:\/\/desdropi.com\/elparque\/wp-json\/wp\/v2\/types\/product"}],"replies":[{"embeddable":true,"href":"https:\/\/desdropi.com\/elparque\/wp-json\/wp\/v2\/comments?post=187169"}],"version-history":[{"count":0,"href":"https:\/\/desdropi.com\/elparque\/wp-json\/wp\/v2\/product\/187169\/revisions"}],"wp:featuredmedia":[{"embeddable":true,"href":"https:\/\/desdropi.com\/elparque\/wp-json\/wp\/v2\/media\/187175"}],"wp:attachment":[{"href":"https:\/\/desdropi.com\/elparque\/wp-json\/wp\/v2\/media?parent=187169"}],"wp:term":[{"taxonomy":"product_cat","embeddable":true,"href":"https:\/\/desdropi.com\/elparque\/wp-json\/wp\/v2\/product_cat?post=187169"},{"taxonomy":"product_tag","embeddable":true,"href":"https:\/\/desdropi.com\/elparque\/wp-json\/wp\/v2\/product_tag?post=187169"}],"curies":[{"name":"wp","href":"https:\/\/api.w.org\/{rel}","templated":true}]}}