{"id":187209,"date":"2023-04-18T16:18:27","date_gmt":"2023-04-18T15:18:27","guid":{"rendered":"https:\/\/desdropi.com\/elparque\/?post_type=product&#038;p=187209"},"modified":"2025-04-13T19:35:08","modified_gmt":"2025-04-13T17:35:08","slug":"depiladora-braun-5500-wd-new-sensor","status":"publish","type":"product","link":"https:\/\/desdropi.com\/elparque\/depiladora-braun-5500-wd-new-sensor\/","title":{"rendered":"DEPILADORA BRAUN 5500 W&#038;D NEW SENSOR"},"content":{"rendered":"<div class=\"descripcion-tab\">\n<strong>Control de energ\u00eda<\/strong><\/p>\n<ul>\n<li>Tiempo de carga: 1 h<\/li>\n<li>Autonom\u00eda (Minutos): 30<\/li>\n<\/ul>\n<p><strong>Detalles t\u00e9cnicos<\/strong><\/p>\n<ul>\n<li>Color del producto: Rosa, Blanco<\/li>\n<li>Funci\u00f3n de masaje: S\u00ed<\/li>\n<li>Funcionamiento seco\/mojado: S\u00ed<\/li>\n<li>N\u00famero de velocidades: 2<\/li>\n<li>A prueba de agua: S\u00ed<\/li>\n<li>N\u00famero de pinzas: 28 pinzas<\/li>\n<li>Tecnolog\u00eda de eliminaci\u00f3n del vello: Pinzas<\/li>\n<\/ul>\n<p><strong>Contenido del embalaje<\/strong><\/p>\n<ul>\n<li>Cepillo de limpieza: S\u00ed<\/li>\n<li>N\u00famero de tapas\/cabezales incluidas: 2<\/li>\n<\/ul>\n<\/div>\n","protected":false},"excerpt":{"rendered":"<p>Control de energ\u00eda Tiempo de carga: 1 h Autonom\u00eda (Minutos): 30 Detalles t\u00e9cnicos Color del producto: Rosa, Blanco Funci\u00f3n de<\/p>\n","protected":false},"featured_media":187214,"comment_status":"open","ping_status":"closed","template":"","meta":{"_joinchat":[]},"product_cat":[6097,6510,6878,825],"product_tag":[],"class_list":{"0":"post-187209","1":"product","2":"type-product","3":"status-publish","4":"has-post-thumbnail","6":"product_cat-cuidado-personal","7":"product_cat-vello-y-pelo","8":"product_cat-depiladoras","9":"product_cat-pequeno-electrodomestico","10":"pa_marca-braun","12":"first","13":"instock","14":"taxable","15":"shipping-taxable","16":"purchasable","17":"product-type-simple"},"_links":{"self":[{"href":"https:\/\/desdropi.com\/elparque\/wp-json\/wp\/v2\/product\/187209"}],"collection":[{"href":"https:\/\/desdropi.com\/elparque\/wp-json\/wp\/v2\/product"}],"about":[{"href":"https:\/\/desdropi.com\/elparque\/wp-json\/wp\/v2\/types\/product"}],"replies":[{"embeddable":true,"href":"https:\/\/desdropi.com\/elparque\/wp-json\/wp\/v2\/comments?post=187209"}],"version-history":[{"count":1,"href":"https:\/\/desdropi.com\/elparque\/wp-json\/wp\/v2\/product\/187209\/revisions"}],"predecessor-version":[{"id":224445,"href":"https:\/\/desdropi.com\/elparque\/wp-json\/wp\/v2\/product\/187209\/revisions\/224445"}],"wp:featuredmedia":[{"embeddable":true,"href":"https:\/\/desdropi.com\/elparque\/wp-json\/wp\/v2\/media\/187214"}],"wp:attachment":[{"href":"https:\/\/desdropi.com\/elparque\/wp-json\/wp\/v2\/media?parent=187209"}],"wp:term":[{"taxonomy":"product_cat","embeddable":true,"href":"https:\/\/desdropi.com\/elparque\/wp-json\/wp\/v2\/product_cat?post=187209"},{"taxonomy":"product_tag","embeddable":true,"href":"https:\/\/desdropi.com\/elparque\/wp-json\/wp\/v2\/product_tag?post=187209"}],"curies":[{"name":"wp","href":"https:\/\/api.w.org\/{rel}","templated":true}]}}