{"id":187554,"date":"2023-04-19T11:27:13","date_gmt":"2023-04-19T10:27:13","guid":{"rendered":"https:\/\/desdropi.com\/elparque\/?post_type=product&#038;p=187554"},"modified":"2025-04-14T01:05:29","modified_gmt":"2025-04-13T23:05:29","slug":"freidora-aire-ufesa-elektra-5l-digital-negra","status":"publish","type":"product","link":"https:\/\/desdropi.com\/elparque\/freidora-aire-ufesa-elektra-5l-digital-negra\/","title":{"rendered":"Freidora Aire Ufesa Elektra 5L Digital Negra"},"content":{"rendered":"<div class=\"descripcion-tab\">\n<ul>\n<li>La freidora de aire Ufesa Elektra de 5 litros es un electrodom\u00e9stico moderno y vers\u00e1til que te permite cocinar de manera saludable y c\u00f3moda. Con su dise\u00f1o en color negro y pantalla digital, se integra f\u00e1cilmente en cualquier cocina y su capacidad de <strong>5 litros<\/strong> la hace ideal para familias numerosas.<\/li>\n<li>El sistema de cocci\u00f3n por aire caliente permite cocinar los alimentos con poco o nada de aceite, lo que los hace m\u00e1s saludables y ligeros, sin sacrificar el sabor y la textura crujiente que se obtiene al fre\u00edr en aceite.<\/li>\n<li>La freidora cuenta con un <strong>panel de control digital<\/strong> que te permite seleccionar la temperatura y el tiempo de cocci\u00f3n de forma f\u00e1cil y precisa, adem\u00e1s de tener preprogramadas varias opciones de cocci\u00f3n para que puedas cocinar diferentes alimentos con solo presionar un bot\u00f3n.<\/li>\n<li>Su dise\u00f1o cuenta con una cesta de acero inoxidable con capacidad para 5 litros de alimentos y un filtro de aire integrado que reduce los olores y evita la acumulaci\u00f3n de grasas en la cocina. Adem\u00e1s, su <strong>f\u00e1cil limpieza<\/strong> te permite mantenerla en perfecto estado sin esfuerzo.<\/li>\n<\/ul>\n<p><strong>Peso y dimensiones<\/strong><\/p>\n<ul>\n<li>Ancho \u2192 320 mm<\/li>\n<li>Profundidad \u2192 320 mm<\/li>\n<li>Altura \u2192 370 mm<\/li>\n<li>Peso \u2192 4 kg<\/li>\n<\/ul>\n<p><strong>Control de energ\u00eda<\/strong><\/p>\n<ul>\n<li>Potencia \u2192 1500<\/li>\n<\/ul>\n<p><strong>Indicaci\u00f3n<\/strong><\/p>\n<ul>\n<li>Pantalla incorporada \u2192 S\u00ed<\/li>\n<\/ul>\n<p><strong>Dise\u00f1o<\/strong><\/p>\n<ul>\n<li>Color del producto \u2192 Negro<\/li>\n<li>Dise\u00f1o \u2192 Independiente<\/li>\n<li>Base antideslizante \u2192 S\u00ed<\/li>\n<li>Taz\u00f3n extraible \u2192 S\u00ed<\/li>\n<li>Capa antiadherente \u2192 S\u00ed<\/li>\n<li>Tipo de control \u2192 Tocar<\/li>\n<li>Agarradera(s) \u2192 S\u00ed<\/li>\n<li>Mango fr\u00edo al tacto \u2192 S\u00ed<\/li>\n<\/ul>\n<p><strong>Desempe\u00f1o<\/strong><\/p>\n<ul>\n<li>Capacidad (Litros) \u2192 5<\/li>\n<li>Tipo de producto \u2192 Freidora de aire caliente<\/li>\n<li>Temperatura (m\u00e1x) \u2192 200<\/li>\n<li>Ajustes de termostato \u2192 S\u00ed<\/li>\n<\/ul>\n<\/div>\n","protected":false},"excerpt":{"rendered":"<p>La freidora de aire Ufesa Elektra de 5 litros es un electrodom\u00e9stico moderno y vers\u00e1til que te permite cocinar de<\/p>\n","protected":false},"featured_media":187557,"comment_status":"open","ping_status":"closed","template":"","meta":{"_joinchat":[]},"product_cat":[6436,825,831,844],"product_tag":[],"class_list":{"0":"post-187554","1":"product","2":"type-product","3":"status-publish","4":"has-post-thumbnail","6":"product_cat-freidoras-de-aire-freidoras","7":"product_cat-pequeno-electrodomestico","8":"product_cat-accesorios-de-cocina","9":"product_cat-freidoras","10":"pa_marca-ufesa","12":"first","13":"instock","14":"taxable","15":"shipping-taxable","16":"purchasable","17":"product-type-simple"},"_links":{"self":[{"href":"https:\/\/desdropi.com\/elparque\/wp-json\/wp\/v2\/product\/187554"}],"collection":[{"href":"https:\/\/desdropi.com\/elparque\/wp-json\/wp\/v2\/product"}],"about":[{"href":"https:\/\/desdropi.com\/elparque\/wp-json\/wp\/v2\/types\/product"}],"replies":[{"embeddable":true,"href":"https:\/\/desdropi.com\/elparque\/wp-json\/wp\/v2\/comments?post=187554"}],"version-history":[{"count":1,"href":"https:\/\/desdropi.com\/elparque\/wp-json\/wp\/v2\/product\/187554\/revisions"}],"predecessor-version":[{"id":224823,"href":"https:\/\/desdropi.com\/elparque\/wp-json\/wp\/v2\/product\/187554\/revisions\/224823"}],"wp:featuredmedia":[{"embeddable":true,"href":"https:\/\/desdropi.com\/elparque\/wp-json\/wp\/v2\/media\/187557"}],"wp:attachment":[{"href":"https:\/\/desdropi.com\/elparque\/wp-json\/wp\/v2\/media?parent=187554"}],"wp:term":[{"taxonomy":"product_cat","embeddable":true,"href":"https:\/\/desdropi.com\/elparque\/wp-json\/wp\/v2\/product_cat?post=187554"},{"taxonomy":"product_tag","embeddable":true,"href":"https:\/\/desdropi.com\/elparque\/wp-json\/wp\/v2\/product_tag?post=187554"}],"curies":[{"name":"wp","href":"https:\/\/api.w.org\/{rel}","templated":true}]}}