{"id":187803,"date":"2023-04-20T11:04:03","date_gmt":"2023-04-20T09:04:03","guid":{"rendered":"https:\/\/desdropi.com\/elparque\/?post_type=product&#038;p=187803"},"modified":"2024-05-17T13:00:53","modified_gmt":"2024-05-17T11:00:53","slug":"grill-taurus-grillco-plus-1800w","status":"publish","type":"product","link":"https:\/\/desdropi.com\/elparque\/grill-taurus-grillco-plus-1800w\/","title":{"rendered":"Grill Taurus Grill&Amp;Co Plus 1800W"},"content":{"rendered":"<div class=\"descripcion-tab\">\n<ul>\n<li>El Grill Taurus Grill&amp;Co Plus es un electrodom\u00e9stico de cocina que cuenta con una potencia de<strong> 1800W<\/strong> y est\u00e1 dise\u00f1ado para cocinar y asar alimentos de manera <strong>r\u00e1pida y eficiente<\/strong>.<\/li>\n<li>Este grill cuenta con<strong> dos placas antiadherentes y removibles<\/strong> que permiten cocinar dos alimentos a la vez y facilitan su limpieza posterior. Adem\u00e1s, el Grill Taurus Grill&amp;Co Plus cuenta con una tapa ajustable que permite cocinar alimentos de diferentes tama\u00f1os y grosores, y cuenta con una bandeja recolectora de grasa para evitar el exceso de aceite en la comida.<\/li>\n<li>Con su<strong> dise\u00f1o elegante y funcional<\/strong>, el Grill Taurus Grill&amp;Co Plus es una excelente opci\u00f3n para quienes desean disfrutar de alimentos saludables y deliciosos en la comodidad de su hogar.<\/li>\n<\/ul>\n<h4>Control de energ\u00eda<\/h4>\n<ul>\n<li>Interruptor de encendido\/apagado integrado \u2192 S\u00ed<\/li>\n<li>Interruptor de luz on\/off \u2192 S\u00ed<\/li>\n<li>Protecci\u00f3n contra sobrecalentamiento \u2192 S\u00ed<\/li>\n<\/ul>\n<h4>Caracter\u00edsticas<\/h4>\n<ul>\n<li>Superficie de cocci\u00f3n (LxP) \u2192 315 x 240<\/li>\n<li>Luz de indicaci\u00f3n \u2192 S\u00ed<\/li>\n<li>Indicadores LED \u2192 S\u00ed<\/li>\n<li>Construcci\u00f3n del bloqueo de seguridad \u2192 S\u00ed<\/li>\n<li>F\u00e1cil de limpiar \u2192 S\u00ed<\/li>\n<li>Base antideslizante \u2192 S\u00ed<\/li>\n<li>Resistente a ara\u00f1azos \u2192 S\u00ed<\/li>\n<li>Partes de platos a prueba de agua \u2192 S\u00ed<\/li>\n<li>Mango fr\u00edo al tacto \u2192 S\u00ed<\/li>\n<li>Carcasa de pared fr\u00eda \u2192 S\u00ed<\/li>\n<li>Placas desmontables \u2192 S\u00ed<\/li>\n<li>Caracter\u00edsticas de la tapa \u2192 Tapa con bisagra<\/li>\n<li>Tapa \u2192 S\u00ed<\/li>\n<li>Factor de forma \u2192 Rectangular<\/li>\n<li>Color del producto \u2192 Negro, Acero inoxidable<\/li>\n<li>Capa antiadherente \u2192 S\u00ed<\/li>\n<li>Tipo de control \u2192 Giratorio<\/li>\n<li>Calentamiento r\u00e1pido \u2192 S\u00ed<\/li>\n<\/ul>\n<\/div>\n","protected":false},"excerpt":{"rendered":"<p>El Grill Taurus Grill&amp;Co Plus es un electrodom\u00e9stico de cocina que cuenta con una potencia de 1800W y est\u00e1 dise\u00f1ado<\/p>\n","protected":false},"featured_media":187812,"comment_status":"open","ping_status":"closed","template":"","meta":{"_joinchat":[]},"product_cat":[825,831,899],"product_tag":[],"class_list":{"0":"post-187803","1":"product","2":"type-product","3":"status-publish","4":"has-post-thumbnail","6":"product_cat-pequeno-electrodomestico","7":"product_cat-accesorios-de-cocina","8":"product_cat-grills","9":"pa_marca-taurus","10":"pa_potenica-1800w","12":"first","13":"instock","14":"taxable","15":"shipping-taxable","16":"purchasable","17":"product-type-simple"},"_links":{"self":[{"href":"https:\/\/desdropi.com\/elparque\/wp-json\/wp\/v2\/product\/187803"}],"collection":[{"href":"https:\/\/desdropi.com\/elparque\/wp-json\/wp\/v2\/product"}],"about":[{"href":"https:\/\/desdropi.com\/elparque\/wp-json\/wp\/v2\/types\/product"}],"replies":[{"embeddable":true,"href":"https:\/\/desdropi.com\/elparque\/wp-json\/wp\/v2\/comments?post=187803"}],"version-history":[{"count":0,"href":"https:\/\/desdropi.com\/elparque\/wp-json\/wp\/v2\/product\/187803\/revisions"}],"wp:featuredmedia":[{"embeddable":true,"href":"https:\/\/desdropi.com\/elparque\/wp-json\/wp\/v2\/media\/187812"}],"wp:attachment":[{"href":"https:\/\/desdropi.com\/elparque\/wp-json\/wp\/v2\/media?parent=187803"}],"wp:term":[{"taxonomy":"product_cat","embeddable":true,"href":"https:\/\/desdropi.com\/elparque\/wp-json\/wp\/v2\/product_cat?post=187803"},{"taxonomy":"product_tag","embeddable":true,"href":"https:\/\/desdropi.com\/elparque\/wp-json\/wp\/v2\/product_tag?post=187803"}],"curies":[{"name":"wp","href":"https:\/\/api.w.org\/{rel}","templated":true}]}}