{"id":188863,"date":"2023-04-24T08:17:48","date_gmt":"2023-04-24T07:17:48","guid":{"rendered":"https:\/\/desdropi.com\/elparque\/?post_type=product&#038;p=188863"},"modified":"2024-05-17T13:00:53","modified_gmt":"2024-05-17T11:00:53","slug":"freidora-taurus-df1200-solution-1200w-15l","status":"publish","type":"product","link":"https:\/\/desdropi.com\/elparque\/freidora-taurus-df1200-solution-1200w-15l\/","title":{"rendered":"Freidora Taurus Df1200 Solution 1200W 1,5L"},"content":{"rendered":"<div class=\"descripcion-tab\">\n<h4>FREIDORA TAURUS DF1200 SOLUTION 1200W 1,5L<\/h4>\n<p>La freidora Taurus DF1200 Solution es un electrodom\u00e9stico que te permitir\u00e1 preparar deliciosos platillos fritos de manera <strong>r\u00e1pida y sencilla<\/strong>. Con una potencia de <strong>1200W<\/strong>, podr\u00e1s calentar el aceite de forma r\u00e1pida y alcanzar la temperatura adecuada para cocinar tus alimentos en poco tiempo.<\/p>\n<p>Tiene una capacidad de <strong>1,5 litros<\/strong>, lo que la hace ideal para cocinar peque\u00f1as porciones de alimentos. Su dise\u00f1o <strong>compacto y elegante<\/strong> permite que se ajuste perfectamente en cualquier cocina. Adem\u00e1s, cuenta con una ventana transparente en la tapa para que puedas monitorear el proceso de cocci\u00f3n sin necesidad de abrir la tapa y perder temperatura.<\/p>\n<p>La freidora Taurus DF1200 Solution tambi\u00e9n cuenta con un termostato regulable que te permitir\u00e1 ajustar la temperatura a tu gusto para conseguir los resultados que deseas en tus comidas. Adem\u00e1s, su <strong>bandeja y cesta son desmontables y aptas para el lavavajillas<\/strong>, lo que hace que su limpieza sea r\u00e1pida y sencilla.<\/p>\n<h4>Control de energ\u00eda<\/h4>\n<p>Potencia \u2192 2000<\/p>\n<h4>Indicaci\u00f3n<\/h4>\n<p>Pantalla incorporada \u2192 No<\/p>\n<h4>Dise\u00f1o<\/h4>\n<p>Tipo de construcci\u00f3n \u2192 Sencillo<\/p>\n<p>Color del producto \u2192 Negro, Acero inoxidable<\/p>\n<p>Taz\u00f3n extraible \u2192 S\u00ed<\/p>\n<p>Tipo de control \u2192 Giratorio<\/p>\n<p>Base antideslizante \u2192 S\u00ed<\/p>\n<p>Partes de platos a prueba de agua \u2192 S\u00ed<\/p>\n<p>Agarradera(s) \u2192 S\u00ed<\/p>\n<p>Material del taz\u00f3n \u2192 Acero esmaltado<\/p>\n<p>Appliance placement \u2192 Independiente<\/p>\n<h4>Desempe\u00f1o<\/h4>\n<p>Tipo de producto \u2192 Freidora<\/p>\n<p>Capacidad (Litros) \u2192 1,5<\/p>\n<p>Funci\u00f3n de fre\u00edr \u2192 S\u00ed<\/p>\n<p>Temperatura (min) \u2192 150<\/p>\n<p>Temperatura (m\u00e1x) \u2192 190<\/p>\n<p>Funci\u00f3n de horneado \u2192 No<\/p>\n<\/div>\n","protected":false},"excerpt":{"rendered":"<p>FREIDORA TAURUS DF1200 SOLUTION 1200W 1,5L La freidora Taurus DF1200 Solution es un electrodom\u00e9stico que te permitir\u00e1 preparar deliciosos platillos<\/p>\n","protected":false},"featured_media":188868,"comment_status":"open","ping_status":"closed","template":"","meta":{"_joinchat":[]},"product_cat":[6416,825,831,844],"product_tag":[],"class_list":{"0":"post-188863","1":"product","2":"type-product","3":"status-publish","4":"has-post-thumbnail","6":"product_cat-freidoras-con-aceite","7":"product_cat-pequeno-electrodomestico","8":"product_cat-accesorios-de-cocina","9":"product_cat-freidoras","10":"pa_marca-taurus","11":"pa_potenica-1200w","13":"first","14":"instock","15":"taxable","16":"shipping-taxable","17":"purchasable","18":"product-type-simple"},"_links":{"self":[{"href":"https:\/\/desdropi.com\/elparque\/wp-json\/wp\/v2\/product\/188863"}],"collection":[{"href":"https:\/\/desdropi.com\/elparque\/wp-json\/wp\/v2\/product"}],"about":[{"href":"https:\/\/desdropi.com\/elparque\/wp-json\/wp\/v2\/types\/product"}],"replies":[{"embeddable":true,"href":"https:\/\/desdropi.com\/elparque\/wp-json\/wp\/v2\/comments?post=188863"}],"version-history":[{"count":0,"href":"https:\/\/desdropi.com\/elparque\/wp-json\/wp\/v2\/product\/188863\/revisions"}],"wp:featuredmedia":[{"embeddable":true,"href":"https:\/\/desdropi.com\/elparque\/wp-json\/wp\/v2\/media\/188868"}],"wp:attachment":[{"href":"https:\/\/desdropi.com\/elparque\/wp-json\/wp\/v2\/media?parent=188863"}],"wp:term":[{"taxonomy":"product_cat","embeddable":true,"href":"https:\/\/desdropi.com\/elparque\/wp-json\/wp\/v2\/product_cat?post=188863"},{"taxonomy":"product_tag","embeddable":true,"href":"https:\/\/desdropi.com\/elparque\/wp-json\/wp\/v2\/product_tag?post=188863"}],"curies":[{"name":"wp","href":"https:\/\/api.w.org\/{rel}","templated":true}]}}