{"id":191756,"date":"2023-05-04T09:49:16","date_gmt":"2023-05-04T08:49:16","guid":{"rendered":"https:\/\/desdropi.com\/elparque\/?post_type=product&#038;p=191756"},"modified":"2024-05-17T13:00:58","modified_gmt":"2024-05-17T11:00:58","slug":"beurer-br60","status":"publish","type":"product","link":"https:\/\/desdropi.com\/elparque\/beurer-br60\/","title":{"rendered":"Curador De Picaduras Beurer Br60 Mosquitos"},"content":{"rendered":"<div class=\"descripcion-tab\">\n<h4>CURADOR DE PICADURAS BEURER BR60 MOSQUITOS<\/h4>\n<p>El curador de picaduras Beurer BR60 es un dispositivo port\u00e1til dise\u00f1ado para <strong>aliviar r\u00e1pidamente el dolor<\/strong> y la picaz\u00f3n causados por picaduras de mosquitos y otros insectos. Utiliza la tecnolog\u00eda de termoterapia, que aplica calor localizado en la zona afectada, para reducir la hinchaz\u00f3n y la inflamaci\u00f3n, proporcionando un alivio inmediato y duradero.<\/p>\n<p>El Beurer BR60 es <strong>f\u00e1cil de usar y se activa con un solo bot\u00f3n<\/strong>. Cuenta con una punta de metal que se calienta r\u00e1pidamente a una temperatura de aproximadamente 50\u00b0C. Al aplicar la punta en la picadura, <strong>el calor penetra en la piel y desactiva las enzimas liberadas por el insecto<\/strong>, que son las que causan la picaz\u00f3n y la inflamaci\u00f3n.<\/p>\n<p>Este dispositivo es <strong>seguro y eficaz,<\/strong> ya que el calor aplicado es suficiente para desactivar las enzimas sin causar da\u00f1o en la piel. Adem\u00e1s, es completamente port\u00e1til y funciona con una bater\u00eda recargable, lo que lo hace ideal para llevarlo en el bolso o en el bolsillo mientras se realiza actividades al aire libre.<\/p>\n<\/div>\n","protected":false},"excerpt":{"rendered":"<p>CURADOR DE PICADURAS BEURER BR60 MOSQUITOS El curador de picaduras Beurer BR60 es un dispositivo port\u00e1til dise\u00f1ado para aliviar r\u00e1pidamente<\/p>\n","protected":false},"featured_media":191758,"comment_status":"open","ping_status":"closed","template":"","meta":{"_joinchat":[]},"product_cat":[6576,7007,3301],"product_tag":[],"class_list":{"0":"post-191756","1":"product","2":"type-product","3":"status-publish","4":"has-post-thumbnail","6":"product_cat-ambiente","7":"product_cat-insecticidas","8":"product_cat-climatizacion-y-calefaccion","9":"pa_marca-beurer","11":"first","12":"instock","13":"taxable","14":"shipping-taxable","15":"purchasable","16":"product-type-simple"},"_links":{"self":[{"href":"https:\/\/desdropi.com\/elparque\/wp-json\/wp\/v2\/product\/191756"}],"collection":[{"href":"https:\/\/desdropi.com\/elparque\/wp-json\/wp\/v2\/product"}],"about":[{"href":"https:\/\/desdropi.com\/elparque\/wp-json\/wp\/v2\/types\/product"}],"replies":[{"embeddable":true,"href":"https:\/\/desdropi.com\/elparque\/wp-json\/wp\/v2\/comments?post=191756"}],"version-history":[{"count":0,"href":"https:\/\/desdropi.com\/elparque\/wp-json\/wp\/v2\/product\/191756\/revisions"}],"wp:featuredmedia":[{"embeddable":true,"href":"https:\/\/desdropi.com\/elparque\/wp-json\/wp\/v2\/media\/191758"}],"wp:attachment":[{"href":"https:\/\/desdropi.com\/elparque\/wp-json\/wp\/v2\/media?parent=191756"}],"wp:term":[{"taxonomy":"product_cat","embeddable":true,"href":"https:\/\/desdropi.com\/elparque\/wp-json\/wp\/v2\/product_cat?post=191756"},{"taxonomy":"product_tag","embeddable":true,"href":"https:\/\/desdropi.com\/elparque\/wp-json\/wp\/v2\/product_tag?post=191756"}],"curies":[{"name":"wp","href":"https:\/\/api.w.org\/{rel}","templated":true}]}}