{"id":193359,"date":"2023-05-10T17:13:39","date_gmt":"2023-05-10T15:13:39","guid":{"rendered":"https:\/\/desdropi.com\/elparque\/?post_type=product&#038;p=193359"},"modified":"2024-05-17T13:01:00","modified_gmt":"2024-05-17T11:01:00","slug":"accesorio-oralb-io-ww-2-ffs-radiant-white","status":"publish","type":"product","link":"https:\/\/desdropi.com\/elparque\/accesorio-oralb-io-ww-2-ffs-radiant-white\/","title":{"rendered":"Accesorio Oralb Io Ww 2 Ffs Radiant White"},"content":{"rendered":"<div class=\"descripcion-tab\">\n<h4><strong>ACCESORIO ORALB IO WW 2 FFS RADIANT WHITE<\/strong><\/h4>\n<p>El accesorio Oral-B iO WW 2 FFS Radiant White es un cabezal de cepillo el\u00e9ctrico dise\u00f1ado para mejorar la limpieza dental y ayudar a blanquear los dientes. Es <strong>compatible con los cepillos de dientes el\u00e9ctricos Oral-B iO<\/strong> y utiliza tecnolog\u00eda de vibraci\u00f3n suave y eficaz para proporcionar una limpieza profunda y completa.<\/p>\n<p>El cabezal cuenta con cerdas suaves y flexibles que se ajustan a la forma \u00fanica de los dientes y las enc\u00edas para una limpieza m\u00e1s efectiva y suave. Adem\u00e1s, est\u00e1 dise\u00f1ado con una forma redondeada para limpiar cada diente individualmente y llegar a las zonas de dif\u00edcil acceso, como la l\u00ednea de las enc\u00edas y las \u00e1reas interdentales.<\/p>\n<p>El accesorio Oral-B iO WW 2 FFS Radiant White tambi\u00e9n incluye un anillo de luz LED que se ilumina cuando se presiona demasiado fuerte para proteger las enc\u00edas sensibles. Adem\u00e1s, est\u00e1 <strong>dise\u00f1ado con un sistema de cambio r\u00e1pido para facilitar la sustituci\u00f3n del cabezal<\/strong> y una banda de color para ayudar a identificar cu\u00e1ndo es el momento de reemplazarlo.<\/p>\n<h4>Peso y dimensiones<\/h4>\n<ul>\n<li>Peso \u2192 38<\/li>\n<\/ul>\n<h4>Empaquetado<\/h4>\n<ul>\n<li>Tipo de embalaje \u2192 Ampolla<\/li>\n<li>Profundidad del paquete \u2192 74<\/li>\n<li>Ancho del paquete \u2192 23<\/li>\n<li>Altura del paquete \u2192 234<\/li>\n<\/ul>\n<h4>Caracter\u00edsticas<\/h4>\n<ul>\n<li>N\u00famero de cabezales incluido \u2192 2<\/li>\n<li>Color del producto \u2192 Blanco<\/li>\n<li>Sustituci\u00f3n \u2192 S\u00ed<\/li>\n<li>Pa\u00eds de origen \u2192 Alemania<\/li>\n<\/ul>\n<\/div>\n","protected":false},"excerpt":{"rendered":"<p>ACCESORIO ORALB IO WW 2 FFS RADIANT WHITE El accesorio Oral-B iO WW 2 FFS Radiant White es un cabezal<\/p>\n","protected":false},"featured_media":193361,"comment_status":"open","ping_status":"closed","template":"","meta":{"_joinchat":[]},"product_cat":[827,825],"product_tag":[],"class_list":{"0":"post-193359","1":"product","2":"type-product","3":"status-publish","4":"has-post-thumbnail","6":"product_cat-dentales","7":"product_cat-pequeno-electrodomestico","8":"pa_marca-oralb","10":"first","11":"instock","12":"taxable","13":"shipping-taxable","14":"purchasable","15":"product-type-simple"},"_links":{"self":[{"href":"https:\/\/desdropi.com\/elparque\/wp-json\/wp\/v2\/product\/193359"}],"collection":[{"href":"https:\/\/desdropi.com\/elparque\/wp-json\/wp\/v2\/product"}],"about":[{"href":"https:\/\/desdropi.com\/elparque\/wp-json\/wp\/v2\/types\/product"}],"replies":[{"embeddable":true,"href":"https:\/\/desdropi.com\/elparque\/wp-json\/wp\/v2\/comments?post=193359"}],"version-history":[{"count":0,"href":"https:\/\/desdropi.com\/elparque\/wp-json\/wp\/v2\/product\/193359\/revisions"}],"wp:featuredmedia":[{"embeddable":true,"href":"https:\/\/desdropi.com\/elparque\/wp-json\/wp\/v2\/media\/193361"}],"wp:attachment":[{"href":"https:\/\/desdropi.com\/elparque\/wp-json\/wp\/v2\/media?parent=193359"}],"wp:term":[{"taxonomy":"product_cat","embeddable":true,"href":"https:\/\/desdropi.com\/elparque\/wp-json\/wp\/v2\/product_cat?post=193359"},{"taxonomy":"product_tag","embeddable":true,"href":"https:\/\/desdropi.com\/elparque\/wp-json\/wp\/v2\/product_tag?post=193359"}],"curies":[{"name":"wp","href":"https:\/\/api.w.org\/{rel}","templated":true}]}}