{"id":193372,"date":"2023-05-10T17:50:01","date_gmt":"2023-05-10T16:50:01","guid":{"rendered":"https:\/\/desdropi.com\/elparque\/?post_type=product&#038;p=193372"},"modified":"2024-05-17T13:01:00","modified_gmt":"2024-05-17T11:01:00","slug":"accesorio-oralb-io-cb4-ffs-ultimate-clean-black","status":"publish","type":"product","link":"https:\/\/desdropi.com\/elparque\/accesorio-oralb-io-cb4-ffs-ultimate-clean-black\/","title":{"rendered":"Accesorio Oralb Io Cb4 Ffs Ultimate Clean Black"},"content":{"rendered":"<div class=\"descripcion-tab\">\n<h4>ACCESORIO ORALB IO CB4 FFS ULTIMATE CLEAN BLACK<\/h4>\n<p>El accesorio Oral-B iO CB4 FFS Ultimate Clean Black es un cabezal de cepillo el\u00e9ctrico dise\u00f1ado para proporcionar una limpieza dental superior y efectiva. Este cabezal es <strong>compatible con los cepillos de dientes el\u00e9ctricos Oral-B iO<\/strong> y cuenta con tecnolog\u00eda de vibraci\u00f3n de alta frecuencia para eliminar eficazmente la placa dental y proporcionar una limpieza profunda.<\/p>\n<p>El cabezal Oral-B iO CB4 FFS Ultimate Clean Black est\u00e1 dise\u00f1ado con cerdas <strong>suaves y flexibles<\/strong> que se ajustan a la forma \u00fanica de los dientes y las enc\u00edas para una limpieza suave pero efectiva. Adem\u00e1s, cuenta con una forma redondeada para limpiar cada diente individualmente y llegar a las zonas de dif\u00edcil acceso, como la l\u00ednea de las enc\u00edas y las \u00e1reas interdentales.<\/p>\n<p>Este cabezal tambi\u00e9n incluye un anillo de luz LED que se ilumina cuando se presiona demasiado fuerte para proteger las enc\u00edas sensibles. Adem\u00e1s, el <strong>sistema de cambio r\u00e1pido permite una f\u00e1cil sustituci\u00f3n del cabezal<\/strong> y una banda de color para indicar cu\u00e1ndo es el momento de reemplazarlo.<\/p>\n<h4>Peso y dimensiones<\/h4>\n<ul>\n<li>Peso \u2192 32<\/li>\n<\/ul>\n<h4>Empaquetado<\/h4>\n<ul>\n<li>Profundidad del paquete \u2192 74<\/li>\n<li>Peso del paquete \u2192 58,9<\/li>\n<li>Ancho del paquete \u2192 22,8<\/li>\n<li>Altura del paquete \u2192 234<\/li>\n<\/ul>\n<h4>Caracter\u00edsticas<\/h4>\n<ul>\n<li>N\u00famero de cabezales incluido \u2192 4<\/li>\n<li>Color del producto \u2192 Negro<\/li>\n<li>Marca compatible \u2192 Oral-B<\/li>\n<li>Sustituci\u00f3n \u2192 S\u00ed<\/li>\n<li>Plazo de sustituci\u00f3n del cepillo de limpieza \u2192 3<\/li>\n<li>Pa\u00eds de origen \u2192 Alemania<\/li>\n<\/ul>\n<h4>Datos log\u00edsticos<\/h4>\n<ul>\n<li>Longitud de la caja \u2192 237<\/li>\n<li>Ancho de la caja principal \u2192 149<\/li>\n<li>Alto de la caja principal \u2192 84<\/li>\n<li>Cantidad por caja \u2192 6<\/li>\n<li>Peso del envase completo \u2192 438,6<\/li>\n<li>Cantidad por paquete \u2192 4<\/li>\n<\/ul>\n<\/div>\n","protected":false},"excerpt":{"rendered":"<p>ACCESORIO ORALB IO CB4 FFS ULTIMATE CLEAN BLACK El accesorio Oral-B iO CB4 FFS Ultimate Clean Black es un cabezal<\/p>\n","protected":false},"featured_media":193373,"comment_status":"open","ping_status":"closed","template":"","meta":{"_joinchat":[]},"product_cat":[827,825],"product_tag":[],"class_list":{"0":"post-193372","1":"product","2":"type-product","3":"status-publish","4":"has-post-thumbnail","6":"product_cat-dentales","7":"product_cat-pequeno-electrodomestico","8":"pa_marca-oralb","10":"first","11":"instock","12":"taxable","13":"shipping-taxable","14":"purchasable","15":"product-type-simple"},"_links":{"self":[{"href":"https:\/\/desdropi.com\/elparque\/wp-json\/wp\/v2\/product\/193372"}],"collection":[{"href":"https:\/\/desdropi.com\/elparque\/wp-json\/wp\/v2\/product"}],"about":[{"href":"https:\/\/desdropi.com\/elparque\/wp-json\/wp\/v2\/types\/product"}],"replies":[{"embeddable":true,"href":"https:\/\/desdropi.com\/elparque\/wp-json\/wp\/v2\/comments?post=193372"}],"version-history":[{"count":0,"href":"https:\/\/desdropi.com\/elparque\/wp-json\/wp\/v2\/product\/193372\/revisions"}],"wp:featuredmedia":[{"embeddable":true,"href":"https:\/\/desdropi.com\/elparque\/wp-json\/wp\/v2\/media\/193373"}],"wp:attachment":[{"href":"https:\/\/desdropi.com\/elparque\/wp-json\/wp\/v2\/media?parent=193372"}],"wp:term":[{"taxonomy":"product_cat","embeddable":true,"href":"https:\/\/desdropi.com\/elparque\/wp-json\/wp\/v2\/product_cat?post=193372"},{"taxonomy":"product_tag","embeddable":true,"href":"https:\/\/desdropi.com\/elparque\/wp-json\/wp\/v2\/product_tag?post=193372"}],"curies":[{"name":"wp","href":"https:\/\/api.w.org\/{rel}","templated":true}]}}