{"id":194274,"date":"2023-05-12T18:14:25","date_gmt":"2023-05-12T16:14:25","guid":{"rendered":"https:\/\/desdropi.com\/elparque\/?post_type=product&#038;p=194274"},"modified":"2024-05-18T12:18:24","modified_gmt":"2024-05-18T10:18:24","slug":"raton-razer-atheris-7200-dpi-bt-350-horas-gaming","status":"publish","type":"product","link":"https:\/\/desdropi.com\/elparque\/raton-razer-atheris-7200-dpi-bt-350-horas-gaming\/","title":{"rendered":"Raton Razer Atheris 7200 Dpi Bt 350 Horas Gaming"},"content":{"rendered":"<div class=\"descripcion-tab\">\n<p><strong>Requisitos del sistema<\/strong><\/p>\n<ul>\n<li>Sistema operativo Windows soportado: S\u00ed<\/li>\n<\/ul>\n<p><strong>Peso y dimensiones<\/strong><\/p>\n<ul>\n<li>Profundidad: 99,7 mm<\/li>\n<li>Ancho: 62,8 mm<\/li>\n<li>Altura: 34,1 mm<\/li>\n<li>Peso: 66 g<\/li>\n<\/ul>\n<p><strong>Control de energ\u00eda<\/strong><\/p>\n<ul>\n<li>Fuente de energ\u00eda: Bater\u00edas<\/li>\n<li>Tipo de bater\u00eda: AA<\/li>\n<li>N\u00famero de bater\u00edas soportadas: 2<\/li>\n<\/ul>\n<p><strong>Empaquetado<\/strong><\/p>\n<ul>\n<li>Cantidad: 1<\/li>\n<\/ul>\n<p><strong>Contenido del embalaje<\/strong><\/p>\n<ul>\n<li>Pilas incluidas: S\u00ed<\/li>\n<li>Interfaz de receptor inal\u00e1mbrico: USB tipo A<\/li>\n<li>Receptor incluido: S\u00ed<\/li>\n<\/ul>\n<p><strong>Dise\u00f1o<\/strong><\/p>\n<ul>\n<li>Factor de forma: Ambidextro<\/li>\n<li>Dise\u00f1o de plancha ergon\u00f3mico: S\u00ed<\/li>\n<li>Color del producto: Blanco<\/li>\n<li>Coloraci\u00f3n de superficie: Monocromo<\/li>\n<li>Mangos de goma: S\u00ed<\/li>\n<\/ul>\n<p><strong>Rat\u00f3n<\/strong><\/p>\n<ul>\n<li>Resoluci\u00f3n de movimiento: 7200 DPI<\/li>\n<li>Tecnolog\u00eda de detecci\u00f3n de movimientos: \u00d3ptico<\/li>\n<li>Tipo de desplazamiento: Rueda<\/li>\n<li>N\u00famero de ruedas de desplazamiento: 1<\/li>\n<li>Direcciones de desplazamiento: Vertical<\/li>\n<li>Tipo de botones: Botones presionados<\/li>\n<li>Interfaz del dispositivo: RF Wireless + Bluetooth<\/li>\n<li>Frecuencia de banda: 2.4 GHz<\/li>\n<li>Velocidad de seguimiento del rat\u00f3n: 220 IPS<\/li>\n<li>Aceleraci\u00f3n (m\u00e1x.): 30 G<\/li>\n<li>Cantidad de botones: 5<\/li>\n<li>Botones de rat\u00f3n programables: S\u00ed<\/li>\n<li>N\u00famero de botones programables: 5<\/li>\n<li>Frecuencia de sondeo: 1000 Hz<\/li>\n<li>Versi\u00f3n de Bluetooth: 4.0<\/li>\n<li>Funciones de los botones: Interruptor DPI<\/li>\n<li>Personalizable resoluci\u00f3n movimiento: S\u00ed<\/li>\n<li>N\u00famero de modos de resoluci\u00f3n de movimiento: 5<\/li>\n<li>Utilizar con: Juego<\/li>\n<\/ul>\n<p><strong>Datos log\u00edsticos<\/strong><\/p>\n<ul>\n<li>C\u00f3digo de Sistema de Armonizaci\u00f3n (SA): 84716070<\/li>\n<\/ul>\n<\/div>\n","protected":false},"excerpt":{"rendered":"<p>Requisitos del sistema Sistema operativo Windows soportado: S\u00ed Peso y dimensiones Profundidad: 99,7 mm Ancho: 62,8 mm Altura: 34,1 mm<\/p>\n","protected":false},"featured_media":195031,"comment_status":"open","ping_status":"closed","template":"","meta":{"_joinchat":[]},"product_cat":[6536,6562,6982],"product_tag":[],"class_list":{"0":"post-194274","1":"product","2":"type-product","3":"status-publish","4":"has-post-thumbnail","6":"product_cat-informatica-y-ocio","7":"product_cat-gaming-informatica-y-gaming","8":"product_cat-ratones-gaming-informatica-y-gaming","10":"first","11":"instock","12":"taxable","13":"shipping-taxable","14":"purchasable","15":"product-type-simple"},"_links":{"self":[{"href":"https:\/\/desdropi.com\/elparque\/wp-json\/wp\/v2\/product\/194274"}],"collection":[{"href":"https:\/\/desdropi.com\/elparque\/wp-json\/wp\/v2\/product"}],"about":[{"href":"https:\/\/desdropi.com\/elparque\/wp-json\/wp\/v2\/types\/product"}],"replies":[{"embeddable":true,"href":"https:\/\/desdropi.com\/elparque\/wp-json\/wp\/v2\/comments?post=194274"}],"version-history":[{"count":0,"href":"https:\/\/desdropi.com\/elparque\/wp-json\/wp\/v2\/product\/194274\/revisions"}],"wp:featuredmedia":[{"embeddable":true,"href":"https:\/\/desdropi.com\/elparque\/wp-json\/wp\/v2\/media\/195031"}],"wp:attachment":[{"href":"https:\/\/desdropi.com\/elparque\/wp-json\/wp\/v2\/media?parent=194274"}],"wp:term":[{"taxonomy":"product_cat","embeddable":true,"href":"https:\/\/desdropi.com\/elparque\/wp-json\/wp\/v2\/product_cat?post=194274"},{"taxonomy":"product_tag","embeddable":true,"href":"https:\/\/desdropi.com\/elparque\/wp-json\/wp\/v2\/product_tag?post=194274"}],"curies":[{"name":"wp","href":"https:\/\/api.w.org\/{rel}","templated":true}]}}