{"id":194296,"date":"2023-05-15T11:48:27","date_gmt":"2023-05-15T09:48:27","guid":{"rendered":"https:\/\/desdropi.com\/elparque\/?post_type=product&#038;p=194296"},"modified":"2024-05-18T11:44:08","modified_gmt":"2024-05-18T09:44:08","slug":"teclado-raton-marvo-cm310-wh-sp-cable","status":"publish","type":"product","link":"https:\/\/desdropi.com\/elparque\/teclado-raton-marvo-cm310-wh-sp-cable\/","title":{"rendered":"Teclado + Raton Marvo Cm310 Wh Sp Cable"},"content":{"rendered":"<div class=\"descripcion-tab\">\n<p><strong>Peso y dimensiones<\/strong><\/p>\n<ul>\n<li>Dimensiones del teclado (Ancho x Profundidad x Altura): 372 x 151<\/li>\n<li>Peso del teclado: 580 g<\/li>\n<li>Dimensiones del rat\u00f3n (Ancho x Profundidad x Altura): 127 x 66<\/li>\n<li>Peso del rat\u00f3n: 90 g<\/li>\n<\/ul>\n<p><strong>Control de energ\u00eda<\/strong><\/p>\n<ul>\n<li>Alimentaci\u00f3n: Cable<\/li>\n<\/ul>\n<p><strong>Detalles t\u00e9cnicos<\/strong> <strong>Teclado<\/strong><\/p>\n<ul>\n<li>Teclado num\u00e9rico: No<\/li>\n<li>Tecnolog\u00eda de conectividad: Con cable<\/li>\n<li>Interruptor del teclado: Interruptor de membrana<\/li>\n<li>Dispositivo apuntador: No<\/li>\n<li>Utilizar con: Universal<\/li>\n<li>Uso recomendado: Universal<\/li>\n<\/ul>\n<p><strong>Empaquetado<\/strong><\/p>\n<ul>\n<li>Gu\u00eda de configuraci\u00f3n r\u00e1pida: S\u00ed<\/li>\n<li>Interfaz de receptor inal\u00e1mbrico: USB tipo A<\/li>\n<\/ul>\n<p><strong>Dise\u00f1o<\/strong><\/p>\n<ul>\n<li>Descansa mu\u00f1ecas: No<\/li>\n<li>Estilo de teclado: Derecho<\/li>\n<li>Color del producto: Negro<\/li>\n<li>Retroiluminaci\u00f3n: S\u00ed<\/li>\n<li>Teclado de tama\u00f1o completo: No<\/li>\n<li>Coloraci\u00f3n de superficie: Monocromo<\/li>\n<li>Segmento HP: Hogar<\/li>\n<\/ul>\n<p><strong>Rat\u00f3n<\/strong><\/p>\n<ul>\n<li>Rat\u00f3n incluido: S\u00ed<\/li>\n<li>Rueda de desplazamiento: S\u00ed<\/li>\n<li>Tipo de desplazamiento: Rueda<\/li>\n<li>Factor de forma: Derecho<\/li>\n<li>Cantidad de botones: 5<\/li>\n<li>Tipo de botones: Botones presionados<\/li>\n<li>N\u00famero de ruedas de desplazamiento: 1<\/li>\n<\/ul>\n<\/div>\n","protected":false},"excerpt":{"rendered":"<p>Peso y dimensiones Dimensiones del teclado (Ancho x Profundidad x Altura): 372 x 151 Peso del teclado: 580 g Dimensiones<\/p>\n","protected":false},"featured_media":194298,"comment_status":"open","ping_status":"closed","template":"","meta":{"_joinchat":[]},"product_cat":[6536,6562,6983,6982,6981],"product_tag":[],"class_list":{"0":"post-194296","1":"product","2":"type-product","3":"status-publish","4":"has-post-thumbnail","6":"product_cat-informatica-y-ocio","7":"product_cat-gaming-informatica-y-gaming","8":"product_cat-alfombrillas-gaming-informatica-y-gaming","9":"product_cat-ratones-gaming-informatica-y-gaming","10":"product_cat-teclados-gaming-informatica-y-gaming","12":"first","13":"instock","14":"taxable","15":"shipping-taxable","16":"purchasable","17":"product-type-simple"},"_links":{"self":[{"href":"https:\/\/desdropi.com\/elparque\/wp-json\/wp\/v2\/product\/194296"}],"collection":[{"href":"https:\/\/desdropi.com\/elparque\/wp-json\/wp\/v2\/product"}],"about":[{"href":"https:\/\/desdropi.com\/elparque\/wp-json\/wp\/v2\/types\/product"}],"replies":[{"embeddable":true,"href":"https:\/\/desdropi.com\/elparque\/wp-json\/wp\/v2\/comments?post=194296"}],"version-history":[{"count":0,"href":"https:\/\/desdropi.com\/elparque\/wp-json\/wp\/v2\/product\/194296\/revisions"}],"wp:featuredmedia":[{"embeddable":true,"href":"https:\/\/desdropi.com\/elparque\/wp-json\/wp\/v2\/media\/194298"}],"wp:attachment":[{"href":"https:\/\/desdropi.com\/elparque\/wp-json\/wp\/v2\/media?parent=194296"}],"wp:term":[{"taxonomy":"product_cat","embeddable":true,"href":"https:\/\/desdropi.com\/elparque\/wp-json\/wp\/v2\/product_cat?post=194296"},{"taxonomy":"product_tag","embeddable":true,"href":"https:\/\/desdropi.com\/elparque\/wp-json\/wp\/v2\/product_tag?post=194296"}],"curies":[{"name":"wp","href":"https:\/\/api.w.org\/{rel}","templated":true}]}}