{"id":195255,"date":"2023-05-16T08:35:49","date_gmt":"2023-05-16T07:35:49","guid":{"rendered":"https:\/\/desdropi.com\/elparque\/?post_type=product&#038;p=195255"},"modified":"2024-05-17T13:01:03","modified_gmt":"2024-05-17T11:01:03","slug":"lima-pedicura-cecotec-bamba-04222","status":"publish","type":"product","link":"https:\/\/desdropi.com\/elparque\/lima-pedicura-cecotec-bamba-04222\/","title":{"rendered":"Lima Pedicura Cecotec Bamba 04222"},"content":{"rendered":"<div class=\"descripcion-tab\">\n<h4>LIMA PEDICURA CECOTEC BAMBA 04222<\/h4>\n<ul>\n<li><span class=\"a-list-item\">Lima el\u00e9ctrica con bater\u00eda de litio que la hace m\u00e1s ligera y c\u00f3moda de usar, con funci\u00f3n de aspiraci\u00f3n.<\/span><\/li>\n<li><span class=\"a-list-item\">Dispone de <strong>dos modos de uso<\/strong>, el modo inal\u00e1mbrico para no tener limitaciones de movimiento y el modo con cable para no quedarte sin potencia en ning\u00fan momento, as\u00ed como dos velocidades para que se adapte a cualquier necesidad.<\/span><\/li>\n<li><span class=\"a-list-item\">Cuenta con<strong> 3 discos intercambiables<\/strong> con part\u00edculas microabrasivas de arena de cuarzo, un material que los hace mucho m\u00e1s efectivos y durables para que tengas el acabado que necesitas en cada zona y momento, adem\u00e1s son lavables bajo el agua.<\/span><\/li>\n<li><span class=\"a-list-item\">Tiempo de carga de 120 minutos, con una autonom\u00eda de hasta <strong>100 minutos de uso ininterrumpido<\/strong>.<\/span><\/li>\n<li><span class=\"a-list-item\">El cuerpo tiene un <strong>dise\u00f1o ergon\u00f3mico<\/strong> para adaptarse a la mano, as\u00ed como bot\u00f3n de On\/Off e indicadores led, para que usarlo sea mucho m\u00e1s f\u00e1cil y sencillo.<\/span><\/li>\n<\/ul>\n<h4>Peso y dimensiones<\/h4>\n<ul>\n<li>Ancho \u2192 73<\/li>\n<li>Profundidad \u2192 40<\/li>\n<li>Altura \u2192 167<\/li>\n<li>Peso \u2192 260<\/li>\n<\/ul>\n<h4>Control de energ\u00eda<\/h4>\n<ul>\n<li>Alimentaci\u00f3n \u2192 Corriente alterna, Bater\u00eda<\/li>\n<li>Tipo de bater\u00eda \u2192 Bater\u00eda integrada<\/li>\n<li>Tiempo de funcionamiento \u2192 90<\/li>\n<li>Recargable \u2192 S\u00ed<\/li>\n<li>Tiempo de carga \u2192 1,5<\/li>\n<li>Voltaje de entrada AC \u2192 100 &#8211; 240<\/li>\n<li>Frecuencia de entrada AC \u2192 50\/60<\/li>\n<\/ul>\n<h4>Contenido del embalaje<\/h4>\n<ul>\n<li>Manual de usuario \u2192 S\u00ed<\/li>\n<li>N\u00famero de discos de amolar \u2192 2<\/li>\n<li>Adaptador AC incluido \u2192 S\u00ed<\/li>\n<\/ul>\n<h4>Caracter\u00edsticas<\/h4>\n<ul>\n<li>Tipo de producto \u2192 Lima de u\u00f1as el\u00e9ctrica<\/li>\n<li>N\u00famero de velocidades \u2192 1<\/li>\n<li>N\u00famero de cabezales \u2192 2<\/li>\n<li>Tipo de control \u2192 Botones<\/li>\n<li>Color de la carcasa \u2192 Blanco<\/li>\n<\/ul>\n<\/div>\n","protected":false},"excerpt":{"rendered":"<p>LIMA PEDICURA CECOTEC BAMBA 04222 Lima el\u00e9ctrica con bater\u00eda de litio que la hace m\u00e1s ligera y c\u00f3moda de usar,<\/p>\n","protected":false},"featured_media":195258,"comment_status":"open","ping_status":"closed","template":"","meta":{"_joinchat":[]},"product_cat":[7035,7015,6097],"product_tag":[],"class_list":{"0":"post-195255","1":"product","2":"type-product","3":"status-publish","4":"has-post-thumbnail","6":"product_cat-limadores","7":"product_cat-higiene-y-salud-cuidado-personal","8":"product_cat-cuidado-personal","9":"pa_marca-cecotec","11":"first","12":"instock","13":"taxable","14":"shipping-taxable","15":"purchasable","16":"product-type-simple"},"_links":{"self":[{"href":"https:\/\/desdropi.com\/elparque\/wp-json\/wp\/v2\/product\/195255"}],"collection":[{"href":"https:\/\/desdropi.com\/elparque\/wp-json\/wp\/v2\/product"}],"about":[{"href":"https:\/\/desdropi.com\/elparque\/wp-json\/wp\/v2\/types\/product"}],"replies":[{"embeddable":true,"href":"https:\/\/desdropi.com\/elparque\/wp-json\/wp\/v2\/comments?post=195255"}],"version-history":[{"count":0,"href":"https:\/\/desdropi.com\/elparque\/wp-json\/wp\/v2\/product\/195255\/revisions"}],"wp:featuredmedia":[{"embeddable":true,"href":"https:\/\/desdropi.com\/elparque\/wp-json\/wp\/v2\/media\/195258"}],"wp:attachment":[{"href":"https:\/\/desdropi.com\/elparque\/wp-json\/wp\/v2\/media?parent=195255"}],"wp:term":[{"taxonomy":"product_cat","embeddable":true,"href":"https:\/\/desdropi.com\/elparque\/wp-json\/wp\/v2\/product_cat?post=195255"},{"taxonomy":"product_tag","embeddable":true,"href":"https:\/\/desdropi.com\/elparque\/wp-json\/wp\/v2\/product_tag?post=195255"}],"curies":[{"name":"wp","href":"https:\/\/api.w.org\/{rel}","templated":true}]}}