{"id":197349,"date":"2023-05-23T12:40:20","date_gmt":"2023-05-23T10:40:20","guid":{"rendered":"https:\/\/desdropi.com\/elparque\/?post_type=product&#038;p=197349"},"modified":"2024-05-17T13:01:08","modified_gmt":"2024-05-17T11:01:08","slug":"plancha-braun-si3041gr-2350w-150gr","status":"publish","type":"product","link":"https:\/\/desdropi.com\/elparque\/plancha-braun-si3041gr-2350w-150gr\/","title":{"rendered":"Plancha Braun Si3041Gr 2350W 150Gr"},"content":{"rendered":"<div class=\"descripcion-tab\">\n<h4>PLANCHA BRAUN SI3041GR 2350W 150GR<\/h4>\n<p>La <strong>plancha Braun SI3041GR<\/strong> es una poderosa herramienta de planchado con una potencia de <strong>2350W<\/strong>, lo que te permite obtener resultados r\u00e1pidos y eficientes en el planchado de tu ropa.<\/p>\n<p>Su caracter\u00edstica destacada es su capacidad para generar <strong>150 gramos de vapor<\/strong>, lo que facilita la eliminaci\u00f3n de las arrugas m\u00e1s dif\u00edciles y deja las prendas perfectamente lisas. Con esta plancha, podr\u00e1s lograr un planchado eficiente y obtener resultados profesionales en poco tiempo. La combinaci\u00f3n de su potencia y su generoso flujo de vapor convierten a la Braun SI3041GR en una opci\u00f3n ideal para aquellos que buscan resultados impecables.<\/p>\n<h4>Peso y dimensiones<\/h4>\n<ul>\n<li>Peso \u2192 1,2 kg<\/li>\n<li>Ancho \u2192 120 mm<\/li>\n<li>Profundidad \u2192 300 mm<\/li>\n<li>Altura \u2192 150 mm<\/li>\n<li>Ancho del paquete \u2192 138 mm<\/li>\n<li>Profundidad del paquete \u2192 320 mm<\/li>\n<li>Altura del paquete \u2192 166 mm<\/li>\n<li>Peso del paquete \u2192 1,66 kg<\/li>\n<\/ul>\n<h4>Control de energ\u00eda<\/h4>\n<ul>\n<li>Potencia (W) \u2192 2350<\/li>\n<\/ul>\n<h4>Detalles t\u00e9cnicos<\/h4>\n<ul>\n<li>Potencia \u2192 2350 W<\/li>\n<li>Vapor continuo (gr\/min) \u2192 45 g\/min<\/li>\n<li>Golpe de vapor \u2192 150 g\/min<\/li>\n<\/ul>\n<h4>Ergonom\u00eda<\/h4>\n<ul>\n<li>Cord\u00f3n sin torceduras \u2192 S\u00ed<\/li>\n<\/ul>\n<h4>Caracter\u00edsticas<\/h4>\n<ul>\n<li>Color del producto \u2192 Turquesa, Blanco<\/li>\n<li>Material de la suela\/recubrimiento \u2192 Suela de cer\u00e1mica<\/li>\n<li>Vapor variable \u2192 S\u00ed<\/li>\n<li>Capacidad de reservorio de agua \u2192 0,27 L<\/li>\n<li>Sistema antical autom\u00e1tico \u2192 S\u00ed<\/li>\n<li>Tipo \u2192 Plancha a vapor<\/li>\n<li>Funci\u00f3n anti goteo \u2192 S\u00ed<\/li>\n<li>Precision tip \u2192 S\u00ed<\/li>\n<li>Calentamiento r\u00e1pido \u2192 S\u00ed<\/li>\n<li>Funci\u00f3n autolimpieza \u2192 S\u00ed<\/li>\n<li>Apagado autom\u00e1tico \u2192 S\u00ed<\/li>\n<li>Apagado autom\u00e1tico despu\u00e9s de \u2192 8 min<\/li>\n<li>Dise\u00f1ado para viaje \u2192 No<\/li>\n<li>Longitud del cable \u2192 2 m<\/li>\n<li>Apta para usar agua de grifo \u2192 S\u00ed<\/li>\n<li>Funci\u00f3n de refuerzo de vapor \u2192 S\u00ed<\/li>\n<li>Vapor continuo (gr\/min) \u2192 45<\/li>\n<li>Dep\u00f3sito de agua \u2192 Integrado<\/li>\n<li>Funci\u00f3n de vapor vertical \u2192 S\u00ed<\/li>\n<li>Sin cables \u2192 No<\/li>\n<li>Tiempo de calentamiento \u2192 35 s<\/li>\n<li>Funci\u00f3n espray \u2192 S\u00ed<\/li>\n<li>Golpe de vapor (gr\/min) \u2192 150<\/li>\n<\/ul>\n<\/div>\n","protected":false},"excerpt":{"rendered":"<p>PLANCHA BRAUN SI3041GR 2350W 150GR La plancha Braun SI3041GR es una poderosa herramienta de planchado con una potencia de 2350W,<\/p>\n","protected":false},"featured_media":197359,"comment_status":"open","ping_status":"closed","template":"","meta":{"_joinchat":[]},"product_cat":[6504,6503,825],"product_tag":[],"class_list":{"0":"post-197349","1":"product","2":"type-product","3":"status-publish","4":"has-post-thumbnail","6":"product_cat-planchas-de-vapor","7":"product_cat-planchado-y-ropa","8":"product_cat-pequeno-electrodomestico","9":"pa_marca-braun","11":"first","12":"instock","13":"taxable","14":"shipping-taxable","15":"purchasable","16":"product-type-simple"},"_links":{"self":[{"href":"https:\/\/desdropi.com\/elparque\/wp-json\/wp\/v2\/product\/197349"}],"collection":[{"href":"https:\/\/desdropi.com\/elparque\/wp-json\/wp\/v2\/product"}],"about":[{"href":"https:\/\/desdropi.com\/elparque\/wp-json\/wp\/v2\/types\/product"}],"replies":[{"embeddable":true,"href":"https:\/\/desdropi.com\/elparque\/wp-json\/wp\/v2\/comments?post=197349"}],"version-history":[{"count":0,"href":"https:\/\/desdropi.com\/elparque\/wp-json\/wp\/v2\/product\/197349\/revisions"}],"wp:featuredmedia":[{"embeddable":true,"href":"https:\/\/desdropi.com\/elparque\/wp-json\/wp\/v2\/media\/197359"}],"wp:attachment":[{"href":"https:\/\/desdropi.com\/elparque\/wp-json\/wp\/v2\/media?parent=197349"}],"wp:term":[{"taxonomy":"product_cat","embeddable":true,"href":"https:\/\/desdropi.com\/elparque\/wp-json\/wp\/v2\/product_cat?post=197349"},{"taxonomy":"product_tag","embeddable":true,"href":"https:\/\/desdropi.com\/elparque\/wp-json\/wp\/v2\/product_tag?post=197349"}],"curies":[{"name":"wp","href":"https:\/\/api.w.org\/{rel}","templated":true}]}}