{"id":197436,"date":"2023-05-24T10:48:17","date_gmt":"2023-05-24T08:48:17","guid":{"rendered":"https:\/\/desdropi.com\/elparque\/?post_type=product&#038;p=197436"},"modified":"2024-05-17T13:01:09","modified_gmt":"2024-05-17T11:01:09","slug":"polti-qc120-pleu0254-2200w","status":"publish","type":"product","link":"https:\/\/desdropi.com\/elparque\/polti-qc120-pleu0254-2200w\/","title":{"rendered":"Plancha Polti Qc120 Pleu0254 2200W 180Gr"},"content":{"rendered":"<div class=\"descripcion-tab\">\n<h4>PLANCHA POLTI QC120 PLEU0254 2200W 180GR<\/h4>\n<p>La <strong>plancha Polti QC120 de 2200W<\/strong> es una herramienta potente y eficiente para el planchado de prendas. Destaca por su alto rendimiento de 2200W, que garantiza un calentamiento r\u00e1pido y resultados \u00f3ptimos.<\/p>\n<p>Lo m\u00e1s destacado de este producto es su capacidad para generar un vapor continuo de hasta 180 gramos por minuto, lo que facilita la eliminaci\u00f3n de arrugas dif\u00edciles y proporciona un planchado de calidad profesional. Su suela de cer\u00e1mica ofrece un deslizamiento suave y uniforme sobre la ropa. Adem\u00e1s, cuenta con un sistema de autolimpieza que mantiene la plancha en buen estado y prolonga su vida \u00fatil<\/p>\n<h4>Peso y dimensiones<\/h4>\n<ul>\n<li>Ancho287<\/li>\n<li>Profundidad117<\/li>\n<li>Altura144<\/li>\n<li>Peso1,3<\/li>\n<li>Tipo de embalajeCaja<\/li>\n<\/ul>\n<h4>Control de energ\u00eda<\/h4>\n<ul>\n<li>Potencia (W) \u2192 2200<\/li>\n<li>Voltaje de entrada AC \u2192 220 &#8211; 240<\/li>\n<li>Frecuencia de entrada AC \u2192 50\/60<\/li>\n<li>Tipo de enchufe \u2192 Tipo F<\/li>\n<\/ul>\n<h4>Caracter\u00edsticas<\/h4>\n<ul>\n<li>Tipo \u2192 Plancha a vapor<\/li>\n<li>Material de la suela\/recubrimiento \u2192 Suela de acero inoxidable<\/li>\n<li>Vapor variable \u2192 S\u00ed<\/li>\n<li>Longitud del cable \u2192 1,9<\/li>\n<li>Golpe de vapor (gr\/min) \u2192 30<\/li>\n<li>Apagado autom\u00e1tico \u2192 No<\/li>\n<li>Funci\u00f3n autolimpieza \u2192 No<\/li>\n<li>Color del producto \u2192 Negro, Turquesa, Blanco<\/li>\n<li>Funci\u00f3n de refuerzo de vapor \u2192 S\u00ed<\/li>\n<li>Vapor continuo \u2192 No<\/li>\n<li>Capacidad de reservorio de agua \u2192 0,3<\/li>\n<li>Dep\u00f3sito de agua \u2192 Integrado<\/li>\n<li>Funci\u00f3n anti goteo \u2192 S\u00ed<\/li>\n<li>Funci\u00f3n espray \u2192 S\u00ed<\/li>\n<li>Potencia m\u00e1xima \u2192 2200<\/li>\n<li>Preprogramador de temperaturas \u2192 S\u00ed<\/li>\n<li>Ajustes de termostato \u2192 S\u00ed<\/li>\n<li>Indicador de listo \u2192 S\u00ed<\/li>\n<li>Vapor continuo (gr\/min) \u2192 180<\/li>\n<\/ul>\n<\/div>\n","protected":false},"excerpt":{"rendered":"<p>PLANCHA POLTI QC120 PLEU0254 2200W 180GR La plancha Polti QC120 de 2200W es una herramienta potente y eficiente para el<\/p>\n","protected":false},"featured_media":197439,"comment_status":"open","ping_status":"closed","template":"","meta":{"_joinchat":[]},"product_cat":[6504,6503,825],"product_tag":[],"class_list":{"0":"post-197436","1":"product","2":"type-product","3":"status-publish","4":"has-post-thumbnail","6":"product_cat-planchas-de-vapor","7":"product_cat-planchado-y-ropa","8":"product_cat-pequeno-electrodomestico","9":"pa_marca-polti","10":"pa_potenica-2200w","12":"first","13":"instock","14":"taxable","15":"shipping-taxable","16":"purchasable","17":"product-type-simple"},"_links":{"self":[{"href":"https:\/\/desdropi.com\/elparque\/wp-json\/wp\/v2\/product\/197436"}],"collection":[{"href":"https:\/\/desdropi.com\/elparque\/wp-json\/wp\/v2\/product"}],"about":[{"href":"https:\/\/desdropi.com\/elparque\/wp-json\/wp\/v2\/types\/product"}],"replies":[{"embeddable":true,"href":"https:\/\/desdropi.com\/elparque\/wp-json\/wp\/v2\/comments?post=197436"}],"version-history":[{"count":0,"href":"https:\/\/desdropi.com\/elparque\/wp-json\/wp\/v2\/product\/197436\/revisions"}],"wp:featuredmedia":[{"embeddable":true,"href":"https:\/\/desdropi.com\/elparque\/wp-json\/wp\/v2\/media\/197439"}],"wp:attachment":[{"href":"https:\/\/desdropi.com\/elparque\/wp-json\/wp\/v2\/media?parent=197436"}],"wp:term":[{"taxonomy":"product_cat","embeddable":true,"href":"https:\/\/desdropi.com\/elparque\/wp-json\/wp\/v2\/product_cat?post=197436"},{"taxonomy":"product_tag","embeddable":true,"href":"https:\/\/desdropi.com\/elparque\/wp-json\/wp\/v2\/product_tag?post=197436"}],"curies":[{"name":"wp","href":"https:\/\/api.w.org\/{rel}","templated":true}]}}