{"id":197966,"date":"2023-05-30T13:54:09","date_gmt":"2023-05-30T11:54:09","guid":{"rendered":"https:\/\/desdropi.com\/elparque\/?post_type=product&#038;p=197966"},"modified":"2024-05-17T13:01:14","modified_gmt":"2024-05-17T11:01:14","slug":"rizador-ufesa-ct4019-ringlet-19mm","status":"publish","type":"product","link":"https:\/\/desdropi.com\/elparque\/rizador-ufesa-ct4019-ringlet-19mm\/","title":{"rendered":"Rizador Ufesa Ct4019 Ringlet 19Mm"},"content":{"rendered":"<div class=\"descripcion-tab\">\n<ul>\n<li>Di\u00e1metro de 19mm, ideal para crear rizos peque\u00f1os y definidos.<\/li>\n<li>Recubrimiento cer\u00e1mico para proteger tu cabello del calor y lograr un acabado suave y brillante.<\/li>\n<li>Temperatura m\u00e1xima de 200\u00b0C, alcanza r\u00e1pidamente la temperatura deseada.<\/li>\n<li>Cable giratorio de 1,8 metros, facilita el uso del rizador sin enredos.<\/li>\n<li>Punta fr\u00eda para un manejo seguro, evita quemaduras en los dedos.<\/li>\n<li>Bot\u00f3n de encendido y apagado, f\u00e1cil de controlar para un uso intuitivo.<\/li>\n<\/ul>\n<\/div>\n","protected":false},"excerpt":{"rendered":"<p>Di\u00e1metro de 19mm, ideal para crear rizos peque\u00f1os y definidos. Recubrimiento cer\u00e1mico para proteger tu cabello del calor y lograr<\/p>\n","protected":false},"featured_media":197980,"comment_status":"open","ping_status":"closed","template":"","meta":{"_joinchat":[]},"product_cat":[6510,6528,825,6097],"product_tag":[],"class_list":{"0":"post-197966","1":"product","2":"type-product","3":"status-publish","4":"has-post-thumbnail","6":"product_cat-vello-y-pelo","7":"product_cat-rizadores-y-moldeadores","8":"product_cat-pequeno-electrodomestico","9":"product_cat-cuidado-personal","11":"first","12":"instock","13":"taxable","14":"shipping-taxable","15":"purchasable","16":"product-type-simple"},"_links":{"self":[{"href":"https:\/\/desdropi.com\/elparque\/wp-json\/wp\/v2\/product\/197966"}],"collection":[{"href":"https:\/\/desdropi.com\/elparque\/wp-json\/wp\/v2\/product"}],"about":[{"href":"https:\/\/desdropi.com\/elparque\/wp-json\/wp\/v2\/types\/product"}],"replies":[{"embeddable":true,"href":"https:\/\/desdropi.com\/elparque\/wp-json\/wp\/v2\/comments?post=197966"}],"version-history":[{"count":0,"href":"https:\/\/desdropi.com\/elparque\/wp-json\/wp\/v2\/product\/197966\/revisions"}],"wp:featuredmedia":[{"embeddable":true,"href":"https:\/\/desdropi.com\/elparque\/wp-json\/wp\/v2\/media\/197980"}],"wp:attachment":[{"href":"https:\/\/desdropi.com\/elparque\/wp-json\/wp\/v2\/media?parent=197966"}],"wp:term":[{"taxonomy":"product_cat","embeddable":true,"href":"https:\/\/desdropi.com\/elparque\/wp-json\/wp\/v2\/product_cat?post=197966"},{"taxonomy":"product_tag","embeddable":true,"href":"https:\/\/desdropi.com\/elparque\/wp-json\/wp\/v2\/product_tag?post=197966"}],"curies":[{"name":"wp","href":"https:\/\/api.w.org\/{rel}","templated":true}]}}