{"id":198424,"date":"2023-06-07T17:57:09","date_gmt":"2023-06-07T15:57:09","guid":{"rendered":"https:\/\/desdropi.com\/elparque\/?post_type=product&#038;p=198424"},"modified":"2024-05-17T13:01:14","modified_gmt":"2024-05-17T11:01:14","slug":"aspirador-trineo-polti-forza-c110-plus-s-b-a-b-d-a-80db","status":"publish","type":"product","link":"https:\/\/desdropi.com\/elparque\/aspirador-trineo-polti-forza-c110-plus-s-b-a-b-d-a-80db\/","title":{"rendered":"Aspirador Trineo Polti Forza C110 Plus S\/B A\/B\/D\/A 80Db"},"content":{"rendered":"<div class=\"descripcion-tab\">\n<h4>ASPIRADOR TRINEO POLTI FORZA C110 PLUS S\/B A\/B\/D\/A 80DB<\/h4>\n<p>El <strong>aspirador trineo Polti Forza C110Plus<\/strong> es un potente y vers\u00e1til equipo de limpieza para tu hogar. Con un nivel de ruido de 80dB, es una opci\u00f3n silenciosa que no perturbar\u00e1 tu tranquilidad mientras realizas la limpieza. <strong>Destaca por su sistema de filtraci\u00f3n avanzado que atrapa y retiene hasta el 99,99% de las part\u00edculas de polvo, \u00e1caros y al\u00e9rgenos<\/strong>, mejorando la calidad del aire en tu hogar.<\/p>\n<p>Adem\u00e1s, cuenta con una capacidad sin bolsa, lo que significa que no tendr\u00e1s que preocuparte por comprar y reemplazar bolsas constantemente. El aspirador trineo Polti Forza C110Plus est\u00e1 <strong>equipado con accesorios adicionales<\/strong> para adaptarse a diferentes superficies y necesidades de limpieza. Su <strong>dise\u00f1o compacto y maniobrable<\/strong> lo hace f\u00e1cil de usar y almacenar. Con este aspirador, disfrutar\u00e1s de una limpieza eficiente y sin esfuerzo en tu hogar.<\/p>\n<h4>Peso y dimensiones<\/h4>\n<ul>\n<li>Ancho \u2192 280 mm<\/li>\n<li>Profundidad \u2192 380 mm<\/li>\n<li>Altura \u2192 320 mm<\/li>\n<li>Peso \u2192 4,9 kg<\/li>\n<li>Peso \u2192 4,7 kg<\/li>\n<\/ul>\n<h4>Control de energ\u00eda<\/h4>\n<ul>\n<li>Potencia m\u00e1x. de entrada \u2192 1400 W<\/li>\n<li>Potencia de succi\u00f3n \u2192 225 W<\/li>\n<li>Clase de eficiencia de energ\u00eda \u2192 F<\/li>\n<li>Consumo de energ\u00eda anual \u2192 50,8 kWh<\/li>\n<li>Clase de eficiencia de energ\u00eda \u2192 A<\/li>\n<li>Potencia m\u00e1x. de entrada \u2192 800 W<\/li>\n<li>Consumo de energ\u00eda anual \u2192 27,7 kWh<\/li>\n<\/ul>\n<h4>Detalles t\u00e9cnicos<\/h4>\n<ul>\n<li>Agarradera(s) \u2192 S\u00ed<\/li>\n<\/ul>\n<h4>Contenido del embalaje<\/h4>\n<ul>\n<li>Manual de usuario \u2192 S\u00ed<\/li>\n<li>Boquilla de suelo \u2192 S\u00ed<\/li>\n<li>N\u00famero de cepillos \u2192 4<\/li>\n<li>Boquilla para tapices incluida \u2192 S\u00ed<\/li>\n<li>Cepillo para parqu\u00e9 \u2192 S\u00ed<\/li>\n<li>Manguera incluida \u2192 S\u00ed<\/li>\n<\/ul>\n<h4>Ergonom\u00eda<\/h4>\n<ul>\n<li>Control de potencia \u2192 Electr\u00f3nico<\/li>\n<li>Rebobinado autom\u00e1tico del cable \u2192 S\u00ed<\/li>\n<li>Soporte para aparcar\/guardar \u2192 S\u00ed<\/li>\n<li>Filtro extra\u00edble \u2192 S\u00ed<\/li>\n<li>Filtro lavable \u2192 S\u00ed<\/li>\n<li>Cantidad de asas \u2192 1<\/li>\n<li>Asa de transporte \u2192 S\u00ed<\/li>\n<li>Almacenamiento de cable \u2192 S\u00ed<\/li>\n<li>Cantidad de asas \u2192 1<\/li>\n<li>Asa de transporte \u2192 S\u00ed<\/li>\n<li>Almacenamiento de cable \u2192 S\u00ed<\/li>\n<li>Longitud del cable \u2192 8 m<\/li>\n<li>Rebobinado autom\u00e1tico del cable \u2192 S\u00ed<\/li>\n<li>Control de potencia \u2192 Mec\u00e1nico<\/li>\n<li>Filtro lavable \u2192 S\u00ed<\/li>\n<li>Filtro extra\u00edble \u2192 S\u00ed<\/li>\n<li>Accesorios de puerta manija \u2192 S\u00ed<\/li>\n<li>Tipo de control \u2192 palanca<\/li>\n<\/ul>\n<h4>Dise\u00f1o<\/h4>\n<ul>\n<li>Tipo \u2192 Aspiradora cil\u00edndrica<\/li>\n<li>Tipo de dep\u00f3sito \u2192 Bolsa para el polvo<\/li>\n<li>Material del tubo \u2192 Acero inoxidable<\/li>\n<li>Color del producto \u2192 Negro, Rojo<\/li>\n<li>Tipo de tubo \u2192 Telesc\u00f3pico<\/li>\n<li>Capacidad para polvo \u2192 2 L<\/li>\n<li>Tipo \u2192 Aspiradora cil\u00edndrica<\/li>\n<li>Tipo de dep\u00f3sito \u2192 Sin bolsa<\/li>\n<li>Color del producto \u2192 Rojo, Negro<\/li>\n<li>Capacidad para polvo \u2192 2 L<\/li>\n<li>Tipo de tubo \u2192 Telesc\u00f3pico<\/li>\n<li>Tipo aspirador \u2192 Trineo<\/li>\n<li>Bolsa \u2192 No<\/li>\n<\/ul>\n<h4>Desempe\u00f1o<\/h4>\n<ul>\n<li>Filtraci\u00f3n de aire en aspiradora \u2192 EPA<\/li>\n<li>Uso adecuado \u2192 Hogar<\/li>\n<li>Superficies de limpieza \u2192 Alfombra, Suelo duro<\/li>\n<li>Tipo de limpiador \u2192 Secar<\/li>\n<li>Nivel de ruido \u2192 75 dB<\/li>\n<li>M\u00e9todo de separaci\u00f3n de la suciedad \u2192 Filtrado<\/li>\n<li>Filtraci\u00f3n de aire en aspiradora \u2192 HEPA<\/li>\n<li>M\u00e9todo de separaci\u00f3n de la suciedad \u2192 Cicl\u00f3nico<\/li>\n<li>Tipo de limpiador \u2192 Secar<\/li>\n<li>Uso adecuado \u2192 Hogar<\/li>\n<li>Superficies de limpieza \u2192 Alfombra, Suelo duro, Tapicer\u00eda<\/li>\n<li>Clasificaci\u00f3n de reemisi\u00f3n de polvo \u2192 B<\/li>\n<li>Eficacia de lavado de alfombras \u2192 D<\/li>\n<li>Eficacia de limpieza de superficies duras \u2192 A<\/li>\n<li>Nivel de ruido \u2192 80 dB<\/li>\n<li>Cantidad de etapas de filtraci\u00f3n de aire \u2192 4<\/li>\n<\/ul>\n<\/div>\n","protected":false},"excerpt":{"rendered":"<p>ASPIRADOR TRINEO POLTI FORZA C110 PLUS S\/B A\/B\/D\/A 80DB El aspirador trineo Polti Forza C110Plus es un potente y vers\u00e1til<\/p>\n","protected":false},"featured_media":198436,"comment_status":"open","ping_status":"closed","template":"","meta":{"_joinchat":[]},"product_cat":[6527,6513,825],"product_tag":[],"class_list":{"0":"post-198424","1":"product","2":"type-product","3":"status-publish","4":"has-post-thumbnail","6":"product_cat-aspiradores-de-trineo","7":"product_cat-aspiracion-y-limpieza","8":"product_cat-pequeno-electrodomestico","9":"pa_marca-polti","11":"first","12":"instock","13":"sale","14":"taxable","15":"shipping-taxable","16":"purchasable","17":"product-type-simple"},"_links":{"self":[{"href":"https:\/\/desdropi.com\/elparque\/wp-json\/wp\/v2\/product\/198424"}],"collection":[{"href":"https:\/\/desdropi.com\/elparque\/wp-json\/wp\/v2\/product"}],"about":[{"href":"https:\/\/desdropi.com\/elparque\/wp-json\/wp\/v2\/types\/product"}],"replies":[{"embeddable":true,"href":"https:\/\/desdropi.com\/elparque\/wp-json\/wp\/v2\/comments?post=198424"}],"version-history":[{"count":0,"href":"https:\/\/desdropi.com\/elparque\/wp-json\/wp\/v2\/product\/198424\/revisions"}],"wp:featuredmedia":[{"embeddable":true,"href":"https:\/\/desdropi.com\/elparque\/wp-json\/wp\/v2\/media\/198436"}],"wp:attachment":[{"href":"https:\/\/desdropi.com\/elparque\/wp-json\/wp\/v2\/media?parent=198424"}],"wp:term":[{"taxonomy":"product_cat","embeddable":true,"href":"https:\/\/desdropi.com\/elparque\/wp-json\/wp\/v2\/product_cat?post=198424"},{"taxonomy":"product_tag","embeddable":true,"href":"https:\/\/desdropi.com\/elparque\/wp-json\/wp\/v2\/product_tag?post=198424"}],"curies":[{"name":"wp","href":"https:\/\/api.w.org\/{rel}","templated":true}]}}