{"id":199513,"date":"2023-07-11T10:57:26","date_gmt":"2023-07-11T08:57:26","guid":{"rendered":"https:\/\/desdropi.com\/elparque\/?post_type=product&#038;p=199513"},"modified":"2024-05-17T13:01:21","modified_gmt":"2024-05-17T11:01:21","slug":"secador-braun-brhd385e-1600w-ionica","status":"publish","type":"product","link":"https:\/\/desdropi.com\/elparque\/secador-braun-brhd385e-1600w-ionica\/","title":{"rendered":"Secador Braun Brhd385E 1600W Ionica"},"content":{"rendered":"<div class=\"descripcion-tab\">\n<h4>SECADOR BRAUN BRHD385E 1600W IONICA<\/h4>\n<p>El <strong>secador Braun BRHD385E<\/strong> es un secador de pelo con una potencia de <strong>1600W<\/strong>. Su caracter\u00edstica m\u00e1s destacada es su tecnolog\u00eda <strong>i\u00f3nica<\/strong>, que ayuda a reducir el frizz y aportar brillo al cabello. Con diferentes ajustes de temperatura y velocidad, podr\u00e1s adaptar el secado a tus preferencias. El secador Braun BRHD385E es una opci\u00f3n ideal para aquellos que buscan un secador compacto y eficiente que cuide y embellezca su cabello.<\/p>\n<h4>Control de energ\u00eda<\/h4>\n<ul>\n<li>Potencia \u2192 2000<\/li>\n<\/ul>\n<h4>Empaquetado<\/h4>\n<ul>\n<li>Cantidad por paquete \u2192 1<\/li>\n<li>Tipo de embalaje \u2192 Caja<\/li>\n<\/ul>\n<h4>Contenido del embalaje<\/h4>\n<ul>\n<li>Boquilla concentradora \u2192 S\u00ed<\/li>\n<li>Difusor de la boquilla \u2192 S\u00ed<\/li>\n<li>Manual de usuario\u2192 S\u00ed<\/li>\n<\/ul>\n<h4>Dise\u00f1o<\/h4>\n<ul>\n<li>Color del producto \u2192 Blanco<\/li>\n<li>Coloraci\u00f3n de superficie \u2192 Monocromo<\/li>\n<li>Dise\u00f1ado para viaje \u2192 No<\/li>\n<li>Para colgar \u2192 S\u00ed<\/li>\n<li>Tipo de colgador \u2192 Con agujero en la empu\u00f1adura para colgar<\/li>\n<li>Mango plegable \u2192 No<\/li>\n<li>Pantalla incorporada \u2192 No<\/li>\n<li>Tipo de control \u2192 Control deslizante<\/li>\n<li>Rejilla extra\u00edble \u2192 S\u00ed<\/li>\n<\/ul>\n<h4>Desempe\u00f1o<\/h4>\n<ul>\n<li>Funci\u00f3n de disparo fr\u00edo \u2192 S\u00ed<\/li>\n<li>Funci\u00f3n i\u00f3nica \u2192 S\u00ed<\/li>\n<li>Ajuste de calefacci\u00f3n \u2192 3<\/li>\n<li>N\u00famero de velocidades \u2192 2<\/li>\n<\/ul>\n<\/div>\n","protected":false},"excerpt":{"rendered":"<p>SECADOR BRAUN BRHD385E 1600W IONICA El secador Braun BRHD385E es un secador de pelo con una potencia de 1600W. Su<\/p>\n","protected":false},"featured_media":199515,"comment_status":"open","ping_status":"closed","template":"","meta":{"_joinchat":[]},"product_cat":[6511,6510,825,6097],"product_tag":[],"class_list":{"0":"post-199513","1":"product","2":"type-product","3":"status-publish","4":"has-post-thumbnail","6":"product_cat-secadores-de-pelo","7":"product_cat-vello-y-pelo","8":"product_cat-pequeno-electrodomestico","9":"product_cat-cuidado-personal","10":"pa_marca-braun","12":"first","13":"instock","14":"sale","15":"taxable","16":"shipping-taxable","17":"purchasable","18":"product-type-simple"},"_links":{"self":[{"href":"https:\/\/desdropi.com\/elparque\/wp-json\/wp\/v2\/product\/199513"}],"collection":[{"href":"https:\/\/desdropi.com\/elparque\/wp-json\/wp\/v2\/product"}],"about":[{"href":"https:\/\/desdropi.com\/elparque\/wp-json\/wp\/v2\/types\/product"}],"replies":[{"embeddable":true,"href":"https:\/\/desdropi.com\/elparque\/wp-json\/wp\/v2\/comments?post=199513"}],"version-history":[{"count":0,"href":"https:\/\/desdropi.com\/elparque\/wp-json\/wp\/v2\/product\/199513\/revisions"}],"wp:featuredmedia":[{"embeddable":true,"href":"https:\/\/desdropi.com\/elparque\/wp-json\/wp\/v2\/media\/199515"}],"wp:attachment":[{"href":"https:\/\/desdropi.com\/elparque\/wp-json\/wp\/v2\/media?parent=199513"}],"wp:term":[{"taxonomy":"product_cat","embeddable":true,"href":"https:\/\/desdropi.com\/elparque\/wp-json\/wp\/v2\/product_cat?post=199513"},{"taxonomy":"product_tag","embeddable":true,"href":"https:\/\/desdropi.com\/elparque\/wp-json\/wp\/v2\/product_tag?post=199513"}],"curies":[{"name":"wp","href":"https:\/\/api.w.org\/{rel}","templated":true}]}}