{"id":199684,"date":"2023-07-12T19:26:22","date_gmt":"2023-07-12T17:26:22","guid":{"rendered":"https:\/\/desdropi.com\/elparque\/?post_type=product&#038;p=199684"},"modified":"2025-04-14T01:38:03","modified_gmt":"2025-04-13T23:38:03","slug":"secador-babyliss-6713de-2200w-ac-ionic-ngr-110km-h","status":"publish","type":"product","link":"https:\/\/desdropi.com\/elparque\/secador-babyliss-6713de-2200w-ac-ionic-ngr-110km-h\/","title":{"rendered":"Secador Babyliss 6713De 2200W Ac Ionic Ngr 110Km\/H"},"content":{"rendered":"<div class=\"descripcion-tab\">\n<h4>SECADOR BABYLISS 6713DE 2200W AC IONIC NGR 110KM\/H<\/h4>\n<p>El <strong>secador BaByliss 6713DE<\/strong> es un secador de alta potencia y rendimiento dise\u00f1ado para brindar resultados profesionales en poco tiempo. Con una potencia de <strong>2200W<\/strong> y tecnolog\u00eda i\u00f3nica, este secador ofrece un secado r\u00e1pido y eficiente mientras cuida y protege tu cabello.<\/p>\n<p>Gracias a su motor AC de alto rendimiento, el secador BaByliss 6713DE es capaz de generar una velocidad de aire de hasta <strong>110 km\/h<\/strong>, lo que permite un secado veloz incluso en cabellos densos y largos. Obtendr\u00e1s resultados r\u00e1pidos y con un acabado profesional en cada uso.<\/p>\n<p>La tecnolog\u00eda i\u00f3nica del secador BaByliss 6713DE emite iones negativos que reducen la electricidad est\u00e1tica y el encrespamiento. Esto suaviza la cut\u00edcula del cabello, dej\u00e1ndolo m\u00e1s suave, manejable y con un brillo saludable. Adem\u00e1s, la <strong>tecnolog\u00eda i\u00f3nica tambi\u00e9n ayuda a preservar la hidrataci\u00f3n natural del cabello<\/strong>, evitando el da\u00f1o causado por el calor.<\/p>\n<p>Con <strong>ajustes de velocidad y temperatura personalizables<\/strong>, puedes adaptar el secado a tus necesidades y preferencias individuales. Su dise\u00f1o en color negro le brinda un aspecto elegante y moderno, a\u00f1adiendo un toque de estilo a tu rutina de cuidado del cabello.<\/p>\n<h4>Peso y dimensiones<\/h4>\n<ul>\n<li>Ancho \u2192 270<\/li>\n<li>Profundidad \u2192 85<\/li>\n<li>Peso \u2192 496<\/li>\n<li>Altura \u2192 210<\/li>\n<\/ul>\n<h4>Control de energ\u00eda<\/h4>\n<ul>\n<li>Potencia \u2192 2200<\/li>\n<\/ul>\n<h4>Detalles t\u00e9cnicos<\/h4>\n<ul>\n<li>Anchura neta del pal\u00e9 \u2192 80<\/li>\n<li>Profundidad neta del pal\u00e9 \u2192 120<\/li>\n<li>Altura neta del pal\u00e9 \u2192 180,2<\/li>\n<\/ul>\n<h4>Empaquetado<\/h4>\n<ul>\n<li>Tipo de embalaje \u2192 Caja<\/li>\n<li>Profundidad del paquete \u2192 94<\/li>\n<li>Ancho del paquete \u2192 243<\/li>\n<li>Altura del paquete \u2192 262<\/li>\n<li>Peso del paquete \u2192 1,17<\/li>\n<li>Cantidad por paquete \u2192 1<\/li>\n<\/ul>\n<h4>Contenido del embalaje<\/h4>\n<ul>\n<li>Boquilla concentradora \u2192 S\u00ed<\/li>\n<li>Difusor de la boquilla \u2192 S\u00ed<\/li>\n<li>Anchura de la boquilla estrecha \u2192 6<\/li>\n<\/ul>\n<h4>Dise\u00f1o<\/h4>\n<ul>\n<li>Color del producto \u2192 Negro<\/li>\n<li>Dise\u00f1ado para viaje \u2192 No<\/li>\n<li>Coloraci\u00f3n de superficie \u2192 Monocromo<\/li>\n<li>Material de la carcasa \u2192 Pl\u00e1stico<\/li>\n<li>Para colgar \u2192 S\u00ed<\/li>\n<li>Tipo de colgador \u2192 Con agujero en la empu\u00f1adura para colgar<\/li>\n<li>Mango plegable \u2192 No<\/li>\n<li>Longitud del cable \u2192 2,8<\/li>\n<li>Pa\u00eds de origen \u2192 Italia<\/li>\n<li>Filtro extra\u00edble \u2192 S\u00ed<\/li>\n<li>Pantalla incorporada \u2192 No<\/li>\n<li>Peligroso para el medio ambiente \u2192 No<\/li>\n<li>Montaje de pared \u2192 No<\/li>\n<\/ul>\n<h4>Desempe\u00f1o<\/h4>\n<ul>\n<li>N\u00famero de velocidades \u2192 2<\/li>\n<li>Ajuste de calefacci\u00f3n \u2192 2<\/li>\n<li>Funci\u00f3n i\u00f3nica \u2192 S\u00ed<\/li>\n<li>Funci\u00f3n de disparo fr\u00edo \u2192 S\u00ed<\/li>\n<li>Turbo \u2192 No<\/li>\n<li>Tipo de Motor\u00a0 \u2192 Corriente alterna<\/li>\n<li>Apagado autom\u00e1tico \u2192 No<\/li>\n<\/ul>\n<h4>Datos log\u00edsticos<\/h4>\n<ul>\n<li>N\u00famero de cajas de cart\u00f3n por pal\u00e9 \u2192 42<\/li>\n<li>Anchura del pal\u00e9 \u2192 80<\/li>\n<li>Altura del pal\u00e9 \u2192 194,6<\/li>\n<li>Longitud de la caja \u2192 500<\/li>\n<li>Peso del pal\u00e9 \u2192 294<\/li>\n<li>Ancho de la caja principal \u2192 300<\/li>\n<li>Alto de la caja principal \u2192 280<\/li>\n<li>Longitud del pal\u00e9 \u2192 120<\/li>\n<li>Peso del envase completo \u2192 4,77<\/li>\n<li>Caja GTIN (EAN\/UPC) \u2192 33030050158077<\/li>\n<li>N\u00famero de capas por pal\u00e9 \u2192 6<\/li>\n<li>Cantidad por capa de palet \u2192 42<\/li>\n<li>Cantidad por pal\u00e9 \u2192 252<\/li>\n<li>Cantidad por caja \u2192 6<\/li>\n<li>Pal\u00e9 GTIN (EAN\/UPC) \u2192 43030050158074<\/li>\n<li>N\u00famero de cartones por capa \u2192 7<\/li>\n<li>Volumen de caja \u2192 420<\/li>\n<li>Volumen de pal\u00e9 \u2192 1868<\/li>\n<\/ul>\n<\/div>\n","protected":false},"excerpt":{"rendered":"<p>SECADOR BABYLISS 6713DE 2200W AC IONIC NGR 110KM\/H El secador BaByliss 6713DE es un secador de alta potencia y rendimiento<\/p>\n","protected":false},"featured_media":199686,"comment_status":"open","ping_status":"closed","template":"","meta":{"_joinchat":[]},"product_cat":[6511,6510,825,6097],"product_tag":[],"class_list":{"0":"post-199684","1":"product","2":"type-product","3":"status-publish","4":"has-post-thumbnail","6":"product_cat-secadores-de-pelo","7":"product_cat-vello-y-pelo","8":"product_cat-pequeno-electrodomestico","9":"product_cat-cuidado-personal","10":"pa_marca-babyliss","12":"first","13":"instock","14":"taxable","15":"shipping-taxable","16":"purchasable","17":"product-type-simple"},"_links":{"self":[{"href":"https:\/\/desdropi.com\/elparque\/wp-json\/wp\/v2\/product\/199684"}],"collection":[{"href":"https:\/\/desdropi.com\/elparque\/wp-json\/wp\/v2\/product"}],"about":[{"href":"https:\/\/desdropi.com\/elparque\/wp-json\/wp\/v2\/types\/product"}],"replies":[{"embeddable":true,"href":"https:\/\/desdropi.com\/elparque\/wp-json\/wp\/v2\/comments?post=199684"}],"version-history":[{"count":1,"href":"https:\/\/desdropi.com\/elparque\/wp-json\/wp\/v2\/product\/199684\/revisions"}],"predecessor-version":[{"id":224868,"href":"https:\/\/desdropi.com\/elparque\/wp-json\/wp\/v2\/product\/199684\/revisions\/224868"}],"wp:featuredmedia":[{"embeddable":true,"href":"https:\/\/desdropi.com\/elparque\/wp-json\/wp\/v2\/media\/199686"}],"wp:attachment":[{"href":"https:\/\/desdropi.com\/elparque\/wp-json\/wp\/v2\/media?parent=199684"}],"wp:term":[{"taxonomy":"product_cat","embeddable":true,"href":"https:\/\/desdropi.com\/elparque\/wp-json\/wp\/v2\/product_cat?post=199684"},{"taxonomy":"product_tag","embeddable":true,"href":"https:\/\/desdropi.com\/elparque\/wp-json\/wp\/v2\/product_tag?post=199684"}],"curies":[{"name":"wp","href":"https:\/\/api.w.org\/{rel}","templated":true}]}}