{"id":200324,"date":"2023-07-26T00:28:03","date_gmt":"2023-07-25T22:28:03","guid":{"rendered":"https:\/\/desdropi.com\/elparque\/plancha-vapor-ufesa-pv3650-merida-3000w-gv240-antical\/"},"modified":"2025-04-14T01:45:08","modified_gmt":"2025-04-13T23:45:08","slug":"plancha-vapor-ufesa-pv3650-merida-3000w-gv240-antical","status":"publish","type":"product","link":"https:\/\/desdropi.com\/elparque\/plancha-vapor-ufesa-pv3650-merida-3000w-gv240-antical\/","title":{"rendered":"Plancha Vapor Ufesa Pv3650 Merida 3000W Gv240 Antical"},"content":{"rendered":"<div class=\"descripcion-tab\">\n<h3><strong>PLANCHA VAPOR UFESA PV3650 MERIDA<\/strong><\/h3>\n<p>La plancha de vapor M\u00e9rida es una poderosa aliada para el planchado de toda tu ropa. Con una impresionante potencia de 3000W, esta plancha te brinda comodidad y eficiencia en cada uso. Su golpe de vapor de 240 gramos y el vapor constante de 45 gramos por minuto aseguran un alisado \u00f3ptimo.<\/p>\n<p>Esta vers\u00e1til plancha te ofrece la opci\u00f3n de <strong>planchar con vapor o en seco<\/strong>, e incluso realizar el planchado vertical. Todo esto, en un dise\u00f1o fabricado en Espa\u00f1a que garantiza calidad y durabilidad.<\/p>\n<p>La <strong>suela de cer\u00e1mica<\/strong> es un destacado atributo de esta plancha, permiti\u00e9ndote un planchado suave y sin esfuerzo. Adem\u00e1s, el sistema antical 3 en 1 integrado en esta plancha se encarga de evitar la acumulaci\u00f3n de cal en el dep\u00f3sito de agua mediante su sistema de autolimpieza, golpe antical y cartucho antical.<\/p>\n<p>Con esta plancha de fabricaci\u00f3n nacional y alta potencia, <strong>olv\u00eddate de las arrugas<\/strong> en tu ropa, \u00a1nada podr\u00e1 resistirse a su eficacia!<\/p>\n<h3><strong>Prestaciones<\/strong><\/h3>\n<ul>\n<li>Potencia 3000W<\/li>\n<li>Golpe de vapor: 240gr<\/li>\n<li>Vapor constante: 45gr \/ min<\/li>\n<li>Dosificaci\u00f3n de vapor variable<\/li>\n<li>Sistema Calc\u2019n Clean<\/li>\n<li>Sistema antical 3 en 1 (1-Sistema de autolimpieza, 2-Golpe antical, 3- Cartucho antical)<\/li>\n<li>Capacidad del dep\u00f3sito: 400ml<\/li>\n<li>Sistema antigoteo<\/li>\n<li>Planchado vertical<\/li>\n<li>Planchado con vapor o en seco<\/li>\n<li>Funci\u00f3n de pulverizaci\u00f3n<\/li>\n<li>Suela cer\u00e1mica<\/li>\n<li>Tal\u00f3n dise\u00f1ado para guardar el cable f\u00e1cilmente<\/li>\n<\/ul>\n<\/div>\n","protected":false},"excerpt":{"rendered":"<p>PLANCHA VAPOR UFESA PV3650 MERIDA La plancha de vapor M\u00e9rida es una poderosa aliada para el planchado de toda tu<\/p>\n","protected":false},"featured_media":200325,"comment_status":"open","ping_status":"closed","template":"","meta":{"_joinchat":[]},"product_cat":[6503,6504,825],"product_tag":[],"class_list":{"0":"post-200324","1":"product","2":"type-product","3":"status-publish","4":"has-post-thumbnail","6":"product_cat-planchado-y-ropa","7":"product_cat-planchas-de-vapor","8":"product_cat-pequeno-electrodomestico","9":"pa_marca-ufesa","11":"first","12":"instock","13":"taxable","14":"shipping-taxable","15":"purchasable","16":"product-type-simple"},"_links":{"self":[{"href":"https:\/\/desdropi.com\/elparque\/wp-json\/wp\/v2\/product\/200324"}],"collection":[{"href":"https:\/\/desdropi.com\/elparque\/wp-json\/wp\/v2\/product"}],"about":[{"href":"https:\/\/desdropi.com\/elparque\/wp-json\/wp\/v2\/types\/product"}],"replies":[{"embeddable":true,"href":"https:\/\/desdropi.com\/elparque\/wp-json\/wp\/v2\/comments?post=200324"}],"version-history":[{"count":1,"href":"https:\/\/desdropi.com\/elparque\/wp-json\/wp\/v2\/product\/200324\/revisions"}],"predecessor-version":[{"id":224881,"href":"https:\/\/desdropi.com\/elparque\/wp-json\/wp\/v2\/product\/200324\/revisions\/224881"}],"wp:featuredmedia":[{"embeddable":true,"href":"https:\/\/desdropi.com\/elparque\/wp-json\/wp\/v2\/media\/200325"}],"wp:attachment":[{"href":"https:\/\/desdropi.com\/elparque\/wp-json\/wp\/v2\/media?parent=200324"}],"wp:term":[{"taxonomy":"product_cat","embeddable":true,"href":"https:\/\/desdropi.com\/elparque\/wp-json\/wp\/v2\/product_cat?post=200324"},{"taxonomy":"product_tag","embeddable":true,"href":"https:\/\/desdropi.com\/elparque\/wp-json\/wp\/v2\/product_tag?post=200324"}],"curies":[{"name":"wp","href":"https:\/\/api.w.org\/{rel}","templated":true}]}}

<div class="descripcion-tab">
<h3><strong>PLANCHA VAPOR UFESA PV3650 MERIDA</strong></h3>
<p>La plancha de vapor Mérida es una poderosa aliada para el planchado de toda tu ropa. Con una impresionante potencia de 3000W, esta plancha te brinda comodidad y eficiencia en cada uso. Su golpe de vapor de 240 gramos y el vapor constante de 45 gramos por minuto aseguran un alisado óptimo.</p>
<p>Esta versátil plancha te ofrece la opción de <strong>planchar con vapor o en seco</strong>, e incluso realizar el planchado vertical. Todo esto, en un diseño fabricado en España que garantiza calidad y durabilidad.</p>
<p>La <strong>suela de cerámica</strong> es un destacado atributo de esta plancha, permitiéndote un planchado suave y sin esfuerzo. Además, el sistema antical 3 en 1 integrado en esta plancha se encarga de evitar la acumulación de cal en el depósito de agua mediante su sistema de autolimpieza, golpe antical y cartucho antical.</p>
<p>Con esta plancha de fabricación nacional y alta potencia, <strong>olvídate de las arrugas</strong> en tu ropa, ¡nada podrá resistirse a su eficacia!</p>
<h3><strong>Prestaciones</strong></h3>
<ul>
<li>Potencia 3000W</li>
<li>Golpe de vapor: 240gr</li>
<li>Vapor constante: 45gr / min</li>
<li>Dosificación de vapor variable</li>
<li>Sistema Calc’n Clean</li>
<li>Sistema antical 3 en 1 (1-Sistema de autolimpieza, 2-Golpe antical, 3- Cartucho antical)</li>
<li>Capacidad del depósito: 400ml</li>
<li>Sistema antigoteo</li>
<li>Planchado vertical</li>
<li>Planchado con vapor o en seco</li>
<li>Función de pulverización</li>
<li>Suela cerámica</li>
<li>Talón diseñado para guardar el cable fácilmente</li>
</ul>
</div>

<p>PLANCHA VAPOR UFESA PV3650 MERIDA La plancha de vapor Mérida es una poderosa aliada para el planchado de toda tu</p>
