{"id":200791,"date":"2023-08-05T00:26:02","date_gmt":"2023-08-04T22:26:02","guid":{"rendered":"https:\/\/desdropi.com\/elparque\/plancha-vapor-rowenta-dw4308-2500w-150gr\/"},"modified":"2025-04-14T01:40:23","modified_gmt":"2025-04-13T23:40:23","slug":"plancha-vapor-rowenta-dw4308-2500w-150gr","status":"publish","type":"product","link":"https:\/\/desdropi.com\/elparque\/plancha-vapor-rowenta-dw4308-2500w-150gr\/","title":{"rendered":"Plancha Vapor Rowenta Dw4308 2500W 150Gr"},"content":{"rendered":"<div class=\"descripcion-tab\"><strong>Peso y dimensiones<\/strong><\/p>\n<ul>\n<li>Peso: 1,57 kg<\/li>\n<li>Altura: 146 mm<\/li>\n<li>Profundidad: 300 mm<\/li>\n<li>Ancho: 120 mm<\/li>\n<li>Ancho del paquete: 137 mm<\/li>\n<li>Altura del paquete: 173 mm<\/li>\n<li>Peso del paquete: 1,74 kg<\/li>\n<li>Profundidad del paquete: 305 mm<\/li>\n<\/ul>\n<p><strong>Control de energ\u00eda<\/strong><\/p>\n<ul>\n<li>Potencia (W): 2500<\/li>\n<\/ul>\n<p><strong>Detalles t\u00e9cnicos<\/strong><\/p>\n<ul>\n<li>Suela resistente a los ara\u00f1azos: 5<\/li>\n<\/ul>\n<p><strong>Indicaci\u00f3n<\/strong><\/p>\n<ul>\n<li>Indicador de cal: No<\/li>\n<\/ul>\n<p><strong>Ergonom\u00eda<\/strong><\/p>\n<ul>\n<li>Dise\u00f1o de plancha ergon\u00f3mico: S\u00ed<\/li>\n<li>Cord\u00f3n sin torceduras: S\u00ed<\/li>\n<li>Rebobinado autom\u00e1tico del cable: No<\/li>\n<\/ul>\n<p><strong>Caracter\u00edsticas<\/strong><\/p>\n<ul>\n<li>Tipo: Plancha a vapor<\/li>\n<li>Color del producto: Azul, Blanco<\/li>\n<li>Funci\u00f3n de refuerzo de vapor: S\u00ed<\/li>\n<li>Vapor continuo (gr\/min): 40<\/li>\n<li>Golpe de vapor (gr\/min): 150<\/li>\n<li>Funci\u00f3n de vapor vertical: S\u00ed<\/li>\n<li>Funci\u00f3n espray: S\u00ed<\/li>\n<li>Vapor variable: S\u00ed<\/li>\n<li>Material de la suela\/recubrimiento: Suela Microsteam 300 L\u00e1ser<\/li>\n<li>Salida de vapor continua: Lado, Punta<\/li>\n<li>Sin cables: No<\/li>\n<li>Precision tip: S\u00ed<\/li>\n<li>Funci\u00f3n anti goteo: S\u00ed<\/li>\n<li>Longitud del cable: 2 m<\/li>\n<li>Capacidad de reservorio de agua: 0,25<\/li>\n<li>Modo de ahorro de energ\u00eda: S\u00ed<\/li>\n<li>Dise\u00f1ado para viaje: No<\/li>\n<li>Tama\u00f1o de la entrada de agua: Extragrande<\/li>\n<li>Apagado autom\u00e1tico: No<\/li>\n<li>Sistema antical autom\u00e1tico: S\u00ed<\/li>\n<li>Sistema anti escala: S\u00ed<\/li>\n<li>Dep\u00f3sito de agua: Integrado<\/li>\n<li>Calentamiento r\u00e1pido: S\u00ed<\/li>\n<li>Base de apoyo estable: S\u00ed<\/li>\n<li>Pa\u00eds de origen: China<\/li>\n<li>Recipiente antical: No<\/li>\n<li>Mango ergon\u00f3mico: S\u00ed<\/li>\n<li>Modo ECOS\u00ed<\/li>\n<\/ul>\n<\/div>\n","protected":false},"excerpt":{"rendered":"<p>Peso y dimensiones Peso: 1,57 kg Altura: 146 mm Profundidad: 300 mm Ancho: 120 mm Ancho del paquete: 137 mm<\/p>\n","protected":false},"featured_media":200792,"comment_status":"open","ping_status":"closed","template":"","meta":{"_joinchat":[]},"product_cat":[6503,6504,825],"product_tag":[],"class_list":{"0":"post-200791","1":"product","2":"type-product","3":"status-publish","4":"has-post-thumbnail","6":"product_cat-planchado-y-ropa","7":"product_cat-planchas-de-vapor","8":"product_cat-pequeno-electrodomestico","9":"pa_marca-rowenta","11":"first","12":"instock","13":"taxable","14":"shipping-taxable","15":"purchasable","16":"product-type-simple"},"_links":{"self":[{"href":"https:\/\/desdropi.com\/elparque\/wp-json\/wp\/v2\/product\/200791"}],"collection":[{"href":"https:\/\/desdropi.com\/elparque\/wp-json\/wp\/v2\/product"}],"about":[{"href":"https:\/\/desdropi.com\/elparque\/wp-json\/wp\/v2\/types\/product"}],"replies":[{"embeddable":true,"href":"https:\/\/desdropi.com\/elparque\/wp-json\/wp\/v2\/comments?post=200791"}],"version-history":[{"count":1,"href":"https:\/\/desdropi.com\/elparque\/wp-json\/wp\/v2\/product\/200791\/revisions"}],"predecessor-version":[{"id":224875,"href":"https:\/\/desdropi.com\/elparque\/wp-json\/wp\/v2\/product\/200791\/revisions\/224875"}],"wp:featuredmedia":[{"embeddable":true,"href":"https:\/\/desdropi.com\/elparque\/wp-json\/wp\/v2\/media\/200792"}],"wp:attachment":[{"href":"https:\/\/desdropi.com\/elparque\/wp-json\/wp\/v2\/media?parent=200791"}],"wp:term":[{"taxonomy":"product_cat","embeddable":true,"href":"https:\/\/desdropi.com\/elparque\/wp-json\/wp\/v2\/product_cat?post=200791"},{"taxonomy":"product_tag","embeddable":true,"href":"https:\/\/desdropi.com\/elparque\/wp-json\/wp\/v2\/product_tag?post=200791"}],"curies":[{"name":"wp","href":"https:\/\/api.w.org\/{rel}","templated":true}]}}