{"id":205316,"date":"2023-09-19T00:00:04","date_gmt":"2023-09-18T22:00:04","guid":{"rendered":"https:\/\/desdropi.com\/elparque\/altavoz-elco-pdt-1129dj-160w-bluetooth-micro-incluido\/"},"modified":"2025-04-14T02:02:15","modified_gmt":"2025-04-14T00:02:15","slug":"altavoz-elco-pdt-1129dj-160w-bluetooth-micro-incluido","status":"publish","type":"product","link":"https:\/\/desdropi.com\/elparque\/altavoz-elco-pdt-1129dj-160w-bluetooth-micro-incluido\/","title":{"rendered":"altavoz elco pdt-1129dj 160w bluetooth micro incluido"},"content":{"rendered":"<div class=\"descripcion-tab\">\n<p><strong>Ideal para fiestas, seminarios y muchos m\u00e1s eventos.<\/strong>El altavoz tipo trolley descrito es una opci\u00f3n vers\u00e1til y potente para diversas ocasiones. Aqu\u00ed est\u00e1n sus principales caracter\u00edsticas:<\/p>\n<ul>\n<li><strong>Potencia de 160W:<\/strong> Con esta potencia, este altavoz puede llenar f\u00e1cilmente una sala con sonido claro y potente.<\/li>\n<li><strong>Efectos de luz LED multicolor:<\/strong> Los efectos de luz LED crean una atm\u00f3sfera festiva y visualmente atractiva.<\/li>\n<li><strong>Configuraci\u00f3n de Altavoces:<\/strong> Con un subwoofer de 12&#8243; y 2 tweeters de 3&#8243;, este altavoz ofrece una gama completa de sonidos, desde graves profundos hasta agudos n\u00edtidos.<\/li>\n<li><strong>Funci\u00f3n inal\u00e1mbrica TWS:<\/strong> Te permite conectar dos altavoces sin necesidad de cables, lo que amplifica la potencia del sonido.<\/li>\n<li><strong>Conectividad Vers\u00e1til:<\/strong> Incluye Bluetooth para conectar dispositivos, radio FM y puerto USB para reproducir m\u00fasica desde diferentes fuentes.<\/li>\n<li><strong>Entrada de tarjeta micro-SD:<\/strong> Otra opci\u00f3n para reproducir m\u00fasica almacenada en tarjetas micro-SD.<\/li>\n<li><strong>Entrada MIC \/ GUITARRA:<\/strong> Permite conectar un micr\u00f3fono o una guitarra para actuaciones en vivo o presentaciones.<\/li>\n<li><strong>Ecualizador:<\/strong> Personaliza el sonido seg\u00fan tus preferencias.<\/li>\n<li><strong>Alimentaci\u00f3n:<\/strong> Funciona con una fuente de alimentaci\u00f3n de 220~240V \/ 50Hz.<\/li>\n<li><strong>Contenido:<\/strong> Se suministra con el altavoz, un micr\u00f3fono inal\u00e1mbrico, un mando a distancia y un manual de instrucciones.<\/li>\n<li><strong>Dimensiones:<\/strong> Con unas dimensiones de 425 x 460 x 970 mm, es lo suficientemente compacto para transportarlo pero lo bastante potente para cualquier evento.<\/li>\n<li><strong>C\u00f3digo EAN:<\/strong> 8410171112921.<\/li>\n<\/ul>\n<p>Este altavoz es una excelente elecci\u00f3n para cualquier evento que requiera un sonido de alta calidad y efectos visuales llamativos.<\/p>\n<\/div>\n","protected":false},"excerpt":{"rendered":"<p>Ideal para fiestas, seminarios y muchos m\u00e1s eventos.El altavoz tipo trolley descrito es una opci\u00f3n vers\u00e1til y potente para diversas<\/p>\n","protected":false},"featured_media":205317,"comment_status":"open","ping_status":"closed","template":"","meta":{"_joinchat":[]},"product_cat":[6885,795,1022],"product_tag":[],"class_list":{"0":"post-205316","1":"product","2":"type-product","3":"status-publish","4":"has-post-thumbnail","6":"product_cat-altavoces","7":"product_cat-electronica","8":"product_cat-sonido","9":"pa_marca-elco","11":"first","12":"instock","13":"sale","14":"taxable","15":"shipping-taxable","16":"purchasable","17":"product-type-simple"},"_links":{"self":[{"href":"https:\/\/desdropi.com\/elparque\/wp-json\/wp\/v2\/product\/205316"}],"collection":[{"href":"https:\/\/desdropi.com\/elparque\/wp-json\/wp\/v2\/product"}],"about":[{"href":"https:\/\/desdropi.com\/elparque\/wp-json\/wp\/v2\/types\/product"}],"replies":[{"embeddable":true,"href":"https:\/\/desdropi.com\/elparque\/wp-json\/wp\/v2\/comments?post=205316"}],"version-history":[{"count":1,"href":"https:\/\/desdropi.com\/elparque\/wp-json\/wp\/v2\/product\/205316\/revisions"}],"predecessor-version":[{"id":224910,"href":"https:\/\/desdropi.com\/elparque\/wp-json\/wp\/v2\/product\/205316\/revisions\/224910"}],"wp:featuredmedia":[{"embeddable":true,"href":"https:\/\/desdropi.com\/elparque\/wp-json\/wp\/v2\/media\/205317"}],"wp:attachment":[{"href":"https:\/\/desdropi.com\/elparque\/wp-json\/wp\/v2\/media?parent=205316"}],"wp:term":[{"taxonomy":"product_cat","embeddable":true,"href":"https:\/\/desdropi.com\/elparque\/wp-json\/wp\/v2\/product_cat?post=205316"},{"taxonomy":"product_tag","embeddable":true,"href":"https:\/\/desdropi.com\/elparque\/wp-json\/wp\/v2\/product_tag?post=205316"}],"curies":[{"name":"wp","href":"https:\/\/api.w.org\/{rel}","templated":true}]}}