{"id":206335,"date":"2023-10-05T11:45:10","date_gmt":"2023-10-05T09:45:10","guid":{"rendered":"https:\/\/desdropi.com\/elparque\/?post_type=product&#038;p=206335"},"modified":"2024-05-17T13:01:32","modified_gmt":"2024-05-17T11:01:32","slug":"horno-bosch-hbg5780b6-mf-disp-cristal-negro-piro","status":"publish","type":"product","link":"https:\/\/desdropi.com\/elparque\/horno-bosch-hbg5780b6-mf-disp-cristal-negro-piro\/","title":{"rendered":"HORNO BOSCH HBG5780B6 Multifunci\u00f3n DISP CRISTAL NEGRO PIRO"},"content":{"rendered":"<div class=\"descripcion-tab\">\n<strong>Peso y dimensiones:<\/strong><\/p>\n<ul>\n<li>Ancho: 594 mm<\/li>\n<li>Profundidad: 548 mm<\/li>\n<li>Altura: 595 mm<\/li>\n<li>Ancho de compartimiento de instalaci\u00f3n: 56,8 mm<\/li>\n<li>Ancho m\u00ednimo de compartimiento de instalaci\u00f3n: 56 mm<\/li>\n<li>Profundidad del compartimiento de instalaci\u00f3n: 55 mm<\/li>\n<li>Altura del compartimiento de instalaci\u00f3n: 59,5 mm<\/li>\n<li>Altura m\u00ednima de compartimiento de instalaci\u00f3n: 58,5 mm<\/li>\n<li>Dimensi\u00f3n interior (Ancho x Profundidad x Altura): 480 x 415 x 357 mm<\/li>\n<li>Profundidad con puerta abierta: 104 mm<\/li>\n<li>Peso: 38,3 kg<\/li>\n<li>Ancho del paquete: 690 mm<\/li>\n<li>Profundidad del paquete: 660 mm<\/li>\n<li>Altura del paquete: 675 mm<\/li>\n<\/ul>\n<p><strong>Control de energ\u00eda:<\/strong><\/p>\n<ul>\n<li>Clase de eficiencia de energ\u00eda: A<\/li>\n<li>Escala de eficiencia energ\u00e9tica: De A+++ a D<\/li>\n<li>Consumo de energ\u00eda (convencional): 0,99 kWh<\/li>\n<li>Consumo de energ\u00eda (convecci\u00f3n forzada): 0,81 kWh<\/li>\n<li>Corriente: 16 A<\/li>\n<li>Voltaje de entrada AC: 220 &#8211; 240 V<\/li>\n<li>\u00cdndice de eficiencia energ\u00e9tica: 95,3<\/li>\n<\/ul>\n<p><strong>Horno:<\/strong><\/p>\n<ul>\n<li>N\u00famero de hornos: 1<\/li>\n<li>Tama\u00f1o: Medio<\/li>\n<li>Tipo de horno: Horno el\u00e9ctrico<\/li>\n<li>Capacidad neta del horno: 71 litros<\/li>\n<li>N\u00famero de programas de cocci\u00f3n: 9<\/li>\n<li>N\u00famero de programas autom\u00e1ticos: 30<\/li>\n<li>Parrilla: S\u00ed<\/li>\n<li>Hot air grilling: S\u00ed<\/li>\n<li>Grill de amplia superficie: S\u00ed<\/li>\n<li>Cocci\u00f3n lenta: S\u00ed<\/li>\n<li>Funci\u00f3n para hacer pizza: S\u00ed<\/li>\n<li>Funci\u00f3n mantener caliente: S\u00ed<\/li>\n<li>Funci\u00f3n descongelar: S\u00ed<\/li>\n<li>Calentamiento superior e inferior: S\u00ed<\/li>\n<li>Funci\u00f3n autolimpieza: S\u00ed<\/li>\n<li>Tipo de auto-limpieza: Pir\u00f3lisis<\/li>\n<li>Calentamiento r\u00e1pido: S\u00ed<\/li>\n<li>Potencia de Pyrolyse: 4800 W<\/li>\n<li>Cocci\u00f3n de convecci\u00f3n: S\u00ed<\/li>\n<li>Cocci\u00f3n microondas: No<\/li>\n<li>Cocina convencional: S\u00ed<\/li>\n<\/ul>\n<p><strong>Contenido del embalaje:<\/strong><\/p>\n<ul>\n<li>Bandeja de horno: S\u00ed<\/li>\n<li>N\u00famero de bandejas para hornear: 1<\/li>\n<li>Parrilla incluida: S\u00ed<\/li>\n<li>Asa de la bandeja para hornear: S\u00ed<\/li>\n<\/ul>\n<p><strong>Alumbrado:<\/strong><\/p>\n<ul>\n<li>Luz interior: S\u00ed<\/li>\n<li>Tipo de l\u00e1mpara: Hal\u00f3geno<\/li>\n<\/ul>\n<p><strong>Ergonom\u00eda:<\/strong><\/p>\n<ul>\n<li>Tipo de temporizador: Digital<\/li>\n<li>Modos del temporizador: Fin de cocci\u00f3n, Cron\u00f3metro<\/li>\n<li>Bloqueo para ni\u00f1os: S\u00ed<\/li>\n<li>Interruptor de encendido\/apagado integrado: S\u00ed<\/li>\n<li>Apagado autom\u00e1tico: S\u00ed<\/li>\n<li>Indicador de calor residual: S\u00ed<\/li>\n<li>Wi-Fi controlado: S\u00ed<\/li>\n<\/ul>\n<p><strong>Dise\u00f1o:<\/strong><\/p>\n<ul>\n<li>Color del producto: Negro<\/li>\n<li>Tipo de control: Giratorio, Tocar<\/li>\n<li>Control de posici\u00f3n: Frente<\/li>\n<li>Reloj integrado: S\u00ed<\/li>\n<li>Tipo de reloj: Electr\u00f3nico<\/li>\n<li>Pantalla incorporada: S\u00ed<\/li>\n<li>Mandos escamoteables: S\u00ed<\/li>\n<li>Bisagra para puerta: Abajo<\/li>\n<li>Material de la puerta: Vidrio<\/li>\n<li>\u00c1rea de superficie de bandeja efectiva: 1290 cm\u00b2<\/li>\n<li>Temperatura de la puerta (m\u00e1x): 30\u00b0C<\/li>\n<li>Longitud del cable: 1,2 m<\/li>\n<li>Certificaci\u00f3n: CE, VDE<\/li>\n<li>Puerta de cierre suave: S\u00ed<\/li>\n<li>Tipo de instalaci\u00f3n: Integrado<\/li>\n<\/ul>\n<\/div>\n","protected":false},"excerpt":{"rendered":"<p>Peso y dimensiones: Ancho: 594 mm Profundidad: 548 mm Altura: 595 mm Ancho de compartimiento de instalaci\u00f3n: 56,8 mm Ancho<\/p>\n","protected":false},"featured_media":206338,"comment_status":"open","ping_status":"closed","template":"","meta":{"_joinchat":[]},"product_cat":[3279,6507,3268],"product_tag":[],"class_list":{"0":"post-206335","1":"product","2":"type-product","3":"status-publish","4":"has-post-thumbnail","6":"product_cat-hornos","7":"product_cat-multifuncion","8":"product_cat-coccion","10":"first","11":"instock","12":"sale","13":"taxable","14":"shipping-taxable","15":"purchasable","16":"product-type-simple"},"_links":{"self":[{"href":"https:\/\/desdropi.com\/elparque\/wp-json\/wp\/v2\/product\/206335"}],"collection":[{"href":"https:\/\/desdropi.com\/elparque\/wp-json\/wp\/v2\/product"}],"about":[{"href":"https:\/\/desdropi.com\/elparque\/wp-json\/wp\/v2\/types\/product"}],"replies":[{"embeddable":true,"href":"https:\/\/desdropi.com\/elparque\/wp-json\/wp\/v2\/comments?post=206335"}],"version-history":[{"count":0,"href":"https:\/\/desdropi.com\/elparque\/wp-json\/wp\/v2\/product\/206335\/revisions"}],"wp:featuredmedia":[{"embeddable":true,"href":"https:\/\/desdropi.com\/elparque\/wp-json\/wp\/v2\/media\/206338"}],"wp:attachment":[{"href":"https:\/\/desdropi.com\/elparque\/wp-json\/wp\/v2\/media?parent=206335"}],"wp:term":[{"taxonomy":"product_cat","embeddable":true,"href":"https:\/\/desdropi.com\/elparque\/wp-json\/wp\/v2\/product_cat?post=206335"},{"taxonomy":"product_tag","embeddable":true,"href":"https:\/\/desdropi.com\/elparque\/wp-json\/wp\/v2\/product_tag?post=206335"}],"curies":[{"name":"wp","href":"https:\/\/api.w.org\/{rel}","templated":true}]}}