{"id":207794,"date":"2023-10-31T23:44:02","date_gmt":"2023-10-31T22:44:02","guid":{"rendered":"https:\/\/desdropi.com\/elparque\/encimera-radiacion-new-pol-nwvt3z-zona-de-29cm\/"},"modified":"2024-05-18T23:40:59","modified_gmt":"2024-05-18T21:40:59","slug":"encimera-radiacion-new-pol-nwvt3z-zona-de-29cm","status":"publish","type":"product","link":"https:\/\/desdropi.com\/elparque\/encimera-radiacion-new-pol-nwvt3z-zona-de-29cm\/","title":{"rendered":"encimera radiacion new pol nwvt3z zona de 29cm"},"content":{"rendered":"<div class=\"descripcion-tab\">Encimera <strong>vitrocer\u00e1mica 3 zonas<\/strong>\u00a0con perfiles biselados. Sistema de cocci\u00f3n por resistencias el\u00e9ctricas de r\u00e1pida respuesta High Light. Incluye un\u00a0<strong>fuego extra grande de 29 cm\u00a0con control independiente<\/strong>. Panel de control\u00a0<strong>TOUCH CONTROL programable<\/strong>\u00a0con indicadores de calor residual. El\u00a0<strong>bloqueo de seguridad para ni\u00f1os<\/strong>\u00a0tambi\u00e9n est\u00e1 incluido.<\/p>\n<ul>\n<li><strong>Especificaciones<\/strong>: 1&#215;145 mm: 1.200W; 1&#215;180 mm: 1.800W; 1x290mm: 1.800W\/2.700W<\/li>\n<li><strong>Dimensiones\u00a0<\/strong><strong>(Ancho x\u00a0<\/strong><strong>Fondo<\/strong><strong>\u00a0x Alto)<\/strong><strong>:\u00a0<\/strong>\u00a059 x 52 x\u00a00,41 cm.\u00a0<strong>Peso:<\/strong>\u00a07,6 kg.<\/li>\n<\/ul>\n<\/div>\n","protected":false},"excerpt":{"rendered":"<p>Encimera vitrocer\u00e1mica 3 zonas\u00a0con perfiles biselados. Sistema de cocci\u00f3n por resistencias el\u00e9ctricas de r\u00e1pida respuesta High Light. Incluye un\u00a0fuego extra<\/p>\n","protected":false},"featured_media":150833,"comment_status":"open","ping_status":"closed","template":"","meta":{"_joinchat":[]},"product_cat":[6505,3268,3269],"product_tag":[],"class_list":{"0":"post-207794","1":"product","2":"type-product","3":"status-publish","4":"has-post-thumbnail","6":"product_cat-vitroceramica-radiacion-placas-cocina","7":"product_cat-coccion","8":"product_cat-placas-cocina","9":"pa_marca-new-pol","11":"first","12":"instock","13":"taxable","14":"shipping-taxable","15":"purchasable","16":"product-type-simple"},"_links":{"self":[{"href":"https:\/\/desdropi.com\/elparque\/wp-json\/wp\/v2\/product\/207794"}],"collection":[{"href":"https:\/\/desdropi.com\/elparque\/wp-json\/wp\/v2\/product"}],"about":[{"href":"https:\/\/desdropi.com\/elparque\/wp-json\/wp\/v2\/types\/product"}],"replies":[{"embeddable":true,"href":"https:\/\/desdropi.com\/elparque\/wp-json\/wp\/v2\/comments?post=207794"}],"version-history":[{"count":0,"href":"https:\/\/desdropi.com\/elparque\/wp-json\/wp\/v2\/product\/207794\/revisions"}],"wp:featuredmedia":[{"embeddable":true,"href":"https:\/\/desdropi.com\/elparque\/wp-json\/wp\/v2\/media\/150833"}],"wp:attachment":[{"href":"https:\/\/desdropi.com\/elparque\/wp-json\/wp\/v2\/media?parent=207794"}],"wp:term":[{"taxonomy":"product_cat","embeddable":true,"href":"https:\/\/desdropi.com\/elparque\/wp-json\/wp\/v2\/product_cat?post=207794"},{"taxonomy":"product_tag","embeddable":true,"href":"https:\/\/desdropi.com\/elparque\/wp-json\/wp\/v2\/product_tag?post=207794"}],"curies":[{"name":"wp","href":"https:\/\/api.w.org\/{rel}","templated":true}]}}