{"id":208117,"date":"2023-11-09T10:16:39","date_gmt":"2023-11-09T09:16:39","guid":{"rendered":"https:\/\/desdropi.com\/elparque\/?post_type=product&#038;p=208117"},"modified":"2024-05-17T13:01:35","modified_gmt":"2024-05-17T11:01:35","slug":"television-hisense-65-65u7kq-uhd-miniled-uled-qled-144hz","status":"publish","type":"product","link":"https:\/\/desdropi.com\/elparque\/television-hisense-65-65u7kq-uhd-miniled-uled-qled-144hz\/","title":{"rendered":"TELEVISOR HISENSE 65&#8243; 65U7KQ UHD MINILED ULED QLED 144HZ"},"content":{"rendered":"<div class=\"descripcion-tab\">\n<strong>Audio<\/strong><\/p>\n<ul>\n<li>Modos de sonido: Dolby Audio<\/li>\n<li>N\u00famero de altavoces: 3<\/li>\n<li>Potencia estimada RMS: 40<\/li>\n<li>Enhanced Audio Return Channel (eARC): S\u00ed<\/li>\n<li>Decodificadores incorporados: Dolby Atmos<\/li>\n<\/ul>\n<p><strong>Puertos e Interfaces<\/strong><\/p>\n<ul>\n<li>N\u00famero de puertos HDMI: 4<\/li>\n<li>Versi\u00f3n HDMI: 2.0\/2.1<\/li>\n<li>Ethernet LAN (RJ-45) cantidad de puertos: 1<\/li>\n<li>Canal de retorno de audio (ARC): S\u00ed<\/li>\n<li>Interfaz com\u00fan Plus (CI+): S\u00ed<\/li>\n<\/ul>\n<p><strong>Peso y dimensiones<\/strong><\/p>\n<ul>\n<li>Ancho del dispositivo (con soporte): 1449<\/li>\n<li>Profundidad dispositivo (con soporte): 306<\/li>\n<li>Altura del dispositivo (con soporte): 894<\/li>\n<li>Peso (con soporte): 20,6 kg<\/li>\n<li>Ancho (sin base): 1449<\/li>\n<li>Profundidad (sin base): 77<\/li>\n<li>Altura (sin base): 838<\/li>\n<li>Peso (sin base): 19,7 kg<\/li>\n<\/ul>\n<p><strong>Empaquetado<\/strong><\/p>\n<ul>\n<li>Mando a distancia incluido: S\u00ed<\/li>\n<li>Gu\u00eda de configuraci\u00f3n r\u00e1pida: S\u00ed<\/li>\n<li>Manual de usuario: S\u00ed<\/li>\n<\/ul>\n<p><strong>Sintonizador de la TV<\/strong><\/p>\n<ul>\n<li>Tipo de sintonizador: Digital<\/li>\n<\/ul>\n<p><strong>Otras caracter\u00edsticas<\/strong><\/p>\n<ul>\n<li>Hybrid Log Gamma (HLG): S\u00ed<\/li>\n<li>3D: No<\/li>\n<li>HDMI: S\u00ed<\/li>\n<li>Sintonizador anal\u00f3gico: No<\/li>\n<li>Sintonizador DVB-T2: S\u00ed<\/li>\n<li>Cantidad de puertos USB: 2<\/li>\n<\/ul>\n<p><strong>Caracter\u00edsticas de administraci\u00f3n<\/strong><\/p>\n<ul>\n<li>Control por voz: S\u00ed<\/li>\n<li>Funciona con el Asistente de Google: S\u00ed<\/li>\n<li>Funciona con Samsung Bixby: No<\/li>\n<\/ul>\n<p><strong>Dise\u00f1o<\/strong><\/p>\n<ul>\n<li>Montaje VESA: 400 x 300 mm<\/li>\n<li>Tipo de soporte: Soporte central<\/li>\n<\/ul>\n<p><strong>Desempe\u00f1o<\/strong><\/p>\n<ul>\n<li>Alto Rango Din\u00e1mico (HDR): S\u00ed<\/li>\n<li>High Dynamic Range (HDR) technology: High Dynamic Range 10 (HDR10), High Dynamic Range 10+ (HDR10 Plus)<\/li>\n<li>Dolby Vision: S\u00ed<\/li>\n<li>4K upscaler: S\u00ed<\/li>\n<li>Control parental: S\u00ed<\/li>\n<li>Modo de juego: S\u00ed<\/li>\n<\/ul>\n<p><strong>Smart TV<\/strong><\/p>\n<ul>\n<li>Aplicaciones de v\u00eddeo: Netflix, Prime Video, Disney+, DAZN, Movistar+, Youtube, PlutoTV, miTele, Atres Player, RTVE a la Carta<\/li>\n<li>Smart TV: S\u00ed<\/li>\n<\/ul>\n<p><strong>Conexi\u00f3n<\/strong><\/p>\n<ul>\n<li>Wifi: S\u00ed<\/li>\n<li>Bluetooth: 5.0<\/li>\n<\/ul>\n<\/div>\n","protected":false},"excerpt":{"rendered":"<p><strong><span style=\"color: #ff0000;\">Consigue 100\u20ac de cashback. M\u00e1s info haciendo click <a style=\"color: #ff0000;\" href=\"https:\/\/hisensepromotv.com\/hisense-tv-mini-led\/welcome\">aqu\u00ed<\/a><\/span><\/strong><\/p>\n","protected":false},"featured_media":208122,"comment_status":"open","ping_status":"closed","template":"","meta":{"_joinchat":[]},"product_cat":[6464,7069,795],"product_tag":[],"class_list":{"0":"post-208117","1":"product","2":"type-product","3":"status-publish","4":"has-post-thumbnail","6":"product_cat-televisores-electronica","7":"product_cat-tv-60-79","8":"product_cat-electronica","10":"first","11":"instock","12":"sale","13":"taxable","14":"shipping-taxable","15":"purchasable","16":"product-type-simple"},"_links":{"self":[{"href":"https:\/\/desdropi.com\/elparque\/wp-json\/wp\/v2\/product\/208117"}],"collection":[{"href":"https:\/\/desdropi.com\/elparque\/wp-json\/wp\/v2\/product"}],"about":[{"href":"https:\/\/desdropi.com\/elparque\/wp-json\/wp\/v2\/types\/product"}],"replies":[{"embeddable":true,"href":"https:\/\/desdropi.com\/elparque\/wp-json\/wp\/v2\/comments?post=208117"}],"version-history":[{"count":0,"href":"https:\/\/desdropi.com\/elparque\/wp-json\/wp\/v2\/product\/208117\/revisions"}],"wp:featuredmedia":[{"embeddable":true,"href":"https:\/\/desdropi.com\/elparque\/wp-json\/wp\/v2\/media\/208122"}],"wp:attachment":[{"href":"https:\/\/desdropi.com\/elparque\/wp-json\/wp\/v2\/media?parent=208117"}],"wp:term":[{"taxonomy":"product_cat","embeddable":true,"href":"https:\/\/desdropi.com\/elparque\/wp-json\/wp\/v2\/product_cat?post=208117"},{"taxonomy":"product_tag","embeddable":true,"href":"https:\/\/desdropi.com\/elparque\/wp-json\/wp\/v2\/product_tag?post=208117"}],"curies":[{"name":"wp","href":"https:\/\/api.w.org\/{rel}","templated":true}]}}