{"id":208552,"date":"2023-11-14T20:41:52","date_gmt":"2023-11-14T19:41:52","guid":{"rendered":"https:\/\/desdropi.com\/elparque\/?post_type=product&#038;p=208552"},"modified":"2024-05-17T13:01:38","modified_gmt":"2024-05-17T11:01:38","slug":"altavoz-woxter-rock-n-roller-st-100w-bateria-5h","status":"publish","type":"product","link":"https:\/\/desdropi.com\/elparque\/altavoz-woxter-rock-n-roller-st-100w-bateria-5h\/","title":{"rendered":"ALTAVOZ WOXTER ROCK N ROLLER ST 100W BATERIA 5H"},"content":{"rendered":"<div class=\"descripcion-tab\">\n<p><strong>Puertos e Interfaces<\/strong><\/p>\n<ul>\n<li>Entrada de audio (L,R):1<\/li>\n<li>Tecnolog\u00eda de conectividad: Inal\u00e1mbrico y al\u00e1mbrico<\/li>\n<li>Bluetooth: S\u00ed<\/li>\n<li>Cantidad de puertos USB:1<\/li>\n<li>Entrada auxiliar: S\u00ed<\/li>\n<\/ul>\n<p><strong>Peso y dimensiones<\/strong><\/p>\n<ul>\n<li>Ancho: 280<\/li>\n<li>Altura: 635<\/li>\n<li>Profundidad: 270<\/li>\n<li>Peso: 7,5<\/li>\n<\/ul>\n<p><strong>Control de energ\u00eda<\/strong><\/p>\n<ul>\n<li>Alimentaci\u00f3n: Corriente alterna, Bater\u00eda<\/li>\n<li>Tipo de bater\u00eda: 12 V, 4,5 A<\/li>\n<\/ul>\n<p><strong>Altavoces<\/strong><\/p>\n<ul>\n<li>Altavoz: S\u00ed<\/li>\n<li>Di\u00e1metro del woofer: 8&#8243;<\/li>\n<li>N\u00famero de altavoces: 2<\/li>\n<\/ul>\n<p><strong>Contenido del embalaje<\/strong><\/p>\n<ul>\n<li>Cables incluidos: Corriente alterna<\/li>\n<\/ul>\n<p><strong>Dise\u00f1o<\/strong><\/p>\n<ul>\n<li>Efectos luminosos: S\u00ed<\/li>\n<li>Pantalla incluida: No<\/li>\n<li>Agarradera(s): S\u00ed<\/li>\n<li>Cantidad de asas: 1<\/li>\n<li>Color del producto: Negro<\/li>\n<\/ul>\n<p><strong>Desempe\u00f1o<\/strong><\/p>\n<ul>\n<li>Reproducci\u00f3n de CD-R: S\u00ed<\/li>\n<li>Reproducci\u00f3n de CD-RW: S\u00ed<\/li>\n<li>Radio FM: S\u00ed<\/li>\n<li>Ecualizador: S\u00ed<\/li>\n<li>Karaoke: S\u00ed<\/li>\n<li>Banda FM: S\u00ed<\/li>\n<li>Funci\u00f3n de mando a distancia: Volumen,<\/li>\n<li>Ecualizador, Siguiente canci\u00f3n, canci\u00f3n anterior, control bajos y agudos, grabaci\u00f3n, play, repetici\u00f3n, y m\u00e1s<\/li>\n<li>Control de volumen: Giratorio<\/li>\n<li>Reproducci\u00f3n MP3: S\u00ed<\/li>\n<\/ul>\n<\/div>\n","protected":false},"excerpt":{"rendered":"<p>Puertos e Interfaces Entrada de audio (L,R):1 Tecnolog\u00eda de conectividad: Inal\u00e1mbrico y al\u00e1mbrico Bluetooth: S\u00ed Cantidad de puertos USB:1 Entrada<\/p>\n","protected":false},"featured_media":208562,"comment_status":"open","ping_status":"closed","template":"","meta":{"_joinchat":[]},"product_cat":[1022,6885,795],"product_tag":[],"class_list":{"0":"post-208552","1":"product","2":"type-product","3":"status-publish","4":"has-post-thumbnail","6":"product_cat-sonido","7":"product_cat-altavoces","8":"product_cat-electronica","10":"first","11":"instock","12":"sale","13":"taxable","14":"shipping-taxable","15":"purchasable","16":"product-type-simple"},"_links":{"self":[{"href":"https:\/\/desdropi.com\/elparque\/wp-json\/wp\/v2\/product\/208552"}],"collection":[{"href":"https:\/\/desdropi.com\/elparque\/wp-json\/wp\/v2\/product"}],"about":[{"href":"https:\/\/desdropi.com\/elparque\/wp-json\/wp\/v2\/types\/product"}],"replies":[{"embeddable":true,"href":"https:\/\/desdropi.com\/elparque\/wp-json\/wp\/v2\/comments?post=208552"}],"version-history":[{"count":0,"href":"https:\/\/desdropi.com\/elparque\/wp-json\/wp\/v2\/product\/208552\/revisions"}],"wp:featuredmedia":[{"embeddable":true,"href":"https:\/\/desdropi.com\/elparque\/wp-json\/wp\/v2\/media\/208562"}],"wp:attachment":[{"href":"https:\/\/desdropi.com\/elparque\/wp-json\/wp\/v2\/media?parent=208552"}],"wp:term":[{"taxonomy":"product_cat","embeddable":true,"href":"https:\/\/desdropi.com\/elparque\/wp-json\/wp\/v2\/product_cat?post=208552"},{"taxonomy":"product_tag","embeddable":true,"href":"https:\/\/desdropi.com\/elparque\/wp-json\/wp\/v2\/product_tag?post=208552"}],"curies":[{"name":"wp","href":"https:\/\/api.w.org\/{rel}","templated":true}]}}