{"id":209985,"date":"2023-12-13T20:36:39","date_gmt":"2023-12-13T19:36:39","guid":{"rendered":"https:\/\/desdropi.com\/elparque\/?post_type=product&#038;p=209985"},"modified":"2024-06-05T11:33:56","modified_gmt":"2024-06-05T09:33:56","slug":"cortapelo-babyliss-7756pe-con-o-sin-cable","status":"publish","type":"product","link":"https:\/\/desdropi.com\/elparque\/cortapelo-babyliss-7756pe-con-o-sin-cable\/","title":{"rendered":"Cortapelo BABYLISS 7756PE CON O SIN CABLE"},"content":{"rendered":"<div class=\"descripcion-tab\">\n<strong>Control de energ\u00eda<\/strong><\/p>\n<ul>\n<li>Fuente de energ\u00eda: Bater\u00eda<\/li>\n<li>Recargable: S\u00ed<\/li>\n<li>Autonom\u00eda (Minutos): 60<\/li>\n<\/ul>\n<p><strong>Contenido del embalaje<\/strong><\/p>\n<ul>\n<li>Estaci\u00f3n base: No<\/li>\n<\/ul>\n<p><strong>Desempe\u00f1o<\/strong><\/p>\n<ul>\n<li>Color del producto: Azul<\/li>\n<li>Uso del cortapelos de precisi\u00f3n: Barba<\/li>\n<li>Recortador de precisi\u00f3n: S\u00ed<\/li>\n<\/ul>\n<\/div>\n","protected":false},"excerpt":{"rendered":"<p>Control de energ\u00eda Fuente de energ\u00eda: Bater\u00eda Recargable: S\u00ed Autonom\u00eda (Minutos): 60 Contenido del embalaje Estaci\u00f3n base: No Desempe\u00f1o Color<\/p>\n","protected":false},"featured_media":209989,"comment_status":"open","ping_status":"closed","template":"","meta":{"_joinchat":[]},"product_cat":[6510,6530,825,6097],"product_tag":[],"class_list":{"0":"post-209985","1":"product","2":"type-product","3":"status-publish","4":"has-post-thumbnail","6":"product_cat-vello-y-pelo","7":"product_cat-cortapelos","8":"product_cat-pequeno-electrodomestico","9":"product_cat-cuidado-personal","11":"first","12":"instock","13":"taxable","14":"shipping-taxable","15":"purchasable","16":"product-type-simple"},"_links":{"self":[{"href":"https:\/\/desdropi.com\/elparque\/wp-json\/wp\/v2\/product\/209985"}],"collection":[{"href":"https:\/\/desdropi.com\/elparque\/wp-json\/wp\/v2\/product"}],"about":[{"href":"https:\/\/desdropi.com\/elparque\/wp-json\/wp\/v2\/types\/product"}],"replies":[{"embeddable":true,"href":"https:\/\/desdropi.com\/elparque\/wp-json\/wp\/v2\/comments?post=209985"}],"version-history":[{"count":0,"href":"https:\/\/desdropi.com\/elparque\/wp-json\/wp\/v2\/product\/209985\/revisions"}],"wp:featuredmedia":[{"embeddable":true,"href":"https:\/\/desdropi.com\/elparque\/wp-json\/wp\/v2\/media\/209989"}],"wp:attachment":[{"href":"https:\/\/desdropi.com\/elparque\/wp-json\/wp\/v2\/media?parent=209985"}],"wp:term":[{"taxonomy":"product_cat","embeddable":true,"href":"https:\/\/desdropi.com\/elparque\/wp-json\/wp\/v2\/product_cat?post=209985"},{"taxonomy":"product_tag","embeddable":true,"href":"https:\/\/desdropi.com\/elparque\/wp-json\/wp\/v2\/product_tag?post=209985"}],"curies":[{"name":"wp","href":"https:\/\/api.w.org\/{rel}","templated":true}]}}