{"id":209996,"date":"2023-12-14T09:22:09","date_gmt":"2023-12-14T08:22:09","guid":{"rendered":"https:\/\/desdropi.com\/elparque\/?post_type=product&#038;p=209996"},"modified":"2024-05-17T13:01:46","modified_gmt":"2024-05-17T11:01:46","slug":"secador-rowenta-cv591l-2100w-ionico-karl-lagerfeld","status":"publish","type":"product","link":"https:\/\/desdropi.com\/elparque\/secador-rowenta-cv591l-2100w-ionico-karl-lagerfeld\/","title":{"rendered":"Secador ROWENTA CV591L 2100W IONICO KARL LAGERFELD"},"content":{"rendered":"<div class=\"descripcion-tab\">\n<strong>Control de Energ\u00eda:<\/strong><\/p>\n<ul>\n<li>Potencia: 2100 W<\/li>\n<li>Voltaje de entrada AC: 220 &#8211; 240 V<\/li>\n<\/ul>\n<p><strong>Contenido del Embalaje:<\/strong><\/p>\n<ul>\n<li>Boquilla concentradora: S\u00ed<\/li>\n<li>Difusor de la boquilla: S\u00ed<\/li>\n<\/ul>\n<p><strong>Dise\u00f1o:<\/strong><\/p>\n<ul>\n<li>Rejilla extra\u00edble: S\u00ed<\/li>\n<li>Color del producto: Negro<\/li>\n<li>Para colgar: S\u00ed<\/li>\n<li>Tipo de colgador: Con agujero en la empu\u00f1adura para colgar<\/li>\n<li>Longitud del cable: 1,8 m<\/li>\n<li>Tipo de control: Botones<\/li>\n<\/ul>\n<p><strong>Desempe\u00f1o:<\/strong><\/p>\n<ul>\n<li>Funci\u00f3n de disparo fr\u00edo: S\u00ed<\/li>\n<li>Funci\u00f3n i\u00f3nica: S\u00ed<\/li>\n<li>N\u00famero de velocidades: 2<\/li>\n<li>Ajuste de calefacci\u00f3n: 3<\/li>\n<li>Tipo de Motor: CC<\/li>\n<li>Temperatura ajustable: S\u00ed<\/li>\n<li>N\u00famero de ajustes de temperatura: 3<\/li>\n<\/ul>\n<\/div>\n","protected":false},"excerpt":{"rendered":"<p>Control de Energ\u00eda: Potencia: 2100 W Voltaje de entrada AC: 220 &#8211; 240 V Contenido del Embalaje: Boquilla concentradora: S\u00ed<\/p>\n","protected":false},"featured_media":210006,"comment_status":"open","ping_status":"closed","template":"","meta":{"_joinchat":[]},"product_cat":[6511,6510,825,6097],"product_tag":[],"class_list":{"0":"post-209996","1":"product","2":"type-product","3":"status-publish","4":"has-post-thumbnail","6":"product_cat-secadores-de-pelo","7":"product_cat-vello-y-pelo","8":"product_cat-pequeno-electrodomestico","9":"product_cat-cuidado-personal","11":"first","12":"instock","13":"taxable","14":"shipping-taxable","15":"purchasable","16":"product-type-simple"},"_links":{"self":[{"href":"https:\/\/desdropi.com\/elparque\/wp-json\/wp\/v2\/product\/209996"}],"collection":[{"href":"https:\/\/desdropi.com\/elparque\/wp-json\/wp\/v2\/product"}],"about":[{"href":"https:\/\/desdropi.com\/elparque\/wp-json\/wp\/v2\/types\/product"}],"replies":[{"embeddable":true,"href":"https:\/\/desdropi.com\/elparque\/wp-json\/wp\/v2\/comments?post=209996"}],"version-history":[{"count":0,"href":"https:\/\/desdropi.com\/elparque\/wp-json\/wp\/v2\/product\/209996\/revisions"}],"wp:featuredmedia":[{"embeddable":true,"href":"https:\/\/desdropi.com\/elparque\/wp-json\/wp\/v2\/media\/210006"}],"wp:attachment":[{"href":"https:\/\/desdropi.com\/elparque\/wp-json\/wp\/v2\/media?parent=209996"}],"wp:term":[{"taxonomy":"product_cat","embeddable":true,"href":"https:\/\/desdropi.com\/elparque\/wp-json\/wp\/v2\/product_cat?post=209996"},{"taxonomy":"product_tag","embeddable":true,"href":"https:\/\/desdropi.com\/elparque\/wp-json\/wp\/v2\/product_tag?post=209996"}],"curies":[{"name":"wp","href":"https:\/\/api.w.org\/{rel}","templated":true}]}}

<div class="descripcion-tab">
<strong>Control de Energía:</strong></p>
<ul>
<li>Potencia: 2100 W</li>
<li>Voltaje de entrada AC: 220 &#8211; 240 V</li>
</ul>
<p><strong>Contenido del Embalaje:</strong></p>
<ul>
<li>Boquilla concentradora: Sí</li>
<li>Difusor de la boquilla: Sí</li>
</ul>
<p><strong>Diseño:</strong></p>
<ul>
<li>Rejilla extraíble: Sí</li>
<li>Color del producto: Negro</li>
<li>Para colgar: Sí</li>
<li>Tipo de colgador: Con agujero en la empuñadura para colgar</li>
<li>Longitud del cable: 1,8 m</li>
<li>Tipo de control: Botones</li>
</ul>
<p><strong>Desempeño:</strong></p>
<ul>
<li>Función de disparo frío: Sí</li>
<li>Función iónica: Sí</li>
<li>Número de velocidades: 2</li>
<li>Ajuste de calefacción: 3</li>
<li>Tipo de Motor: CC</li>
<li>Temperatura ajustable: Sí</li>
<li>Número de ajustes de temperatura: 3</li>
</ul>
</div>

<p>Control de Energía: Potencia: 2100 W Voltaje de entrada AC: 220 &#8211; 240 V Contenido del Embalaje: Boquilla concentradora: Sí</p>
