{"id":210019,"date":"2023-12-14T10:08:17","date_gmt":"2023-12-14T09:08:17","guid":{"rendered":"https:\/\/desdropi.com\/elparque\/?post_type=product&#038;p=210019"},"modified":"2024-05-17T13:01:47","modified_gmt":"2024-05-17T11:01:47","slug":"plancha-pelo-babyliss-st089e-ceramica-bitension-258640","status":"publish","type":"product","link":"https:\/\/desdropi.com\/elparque\/plancha-pelo-babyliss-st089e-ceramica-bitension-258640\/","title":{"rendered":"Plancha PELO BABYLISS ST089E CERAMICA BITENSION 258640"},"content":{"rendered":"<div class=\"descripcion-tab\">\n<strong>Peso y Dimensiones:<\/strong><\/p>\n<ul>\n<li>Ancho: 285 mm<\/li>\n<li>Profundidad: 28 mm<\/li>\n<li>Altura: 33 mm<\/li>\n<li>Peso: 211 g<\/li>\n<li>Profundidad de placa: 9,5 mm<\/li>\n<li>Ancho de placa: 2,4 mm<\/li>\n<\/ul>\n<p><strong>Control de Energ\u00eda:<\/strong><\/p>\n<ul>\n<li>Doble voltaje: S\u00ed<\/li>\n<li>Potencia: 40 W<\/li>\n<li>Fuente de energ\u00eda: Corriente alterna<\/li>\n<\/ul>\n<p><strong>Detalles T\u00e9cnicos:<\/strong><\/p>\n<ul>\n<li>Anchura neta del pal\u00e9: 80 mm<\/li>\n<li>Profundidad neta del pal\u00e9: 120 mm<\/li>\n<li>Altura neta del pal\u00e9: 175 mm<\/li>\n<\/ul>\n<p><strong>Empaquetado:<\/strong><\/p>\n<ul>\n<li>Tipo de embalaje: Caja<\/li>\n<li>Profundidad del paquete: 70 mm<\/li>\n<li>Ancho del paquete: 320 mm<\/li>\n<li>Peso del paquete: 562 g<\/li>\n<li>Altura del paquete: 125 mm<\/li>\n<li>Cantidad por paquete: 1<\/li>\n<\/ul>\n<p><strong>Contenido del Embalaje:<\/strong><\/p>\n<ul>\n<li>Funda: No<\/li>\n<li>Funda de transporte: No<\/li>\n<li>Esterilla t\u00e9rmica: S\u00ed<\/li>\n<li>Estaci\u00f3n de conexi\u00f3n incluida: No<\/li>\n<li>Guante resistente al calor incluido: No<\/li>\n<li>Titular: No<\/li>\n<li>Punta fr\u00eda: No<\/li>\n<li>Peine: No<\/li>\n<li>Manual de usuario: S\u00ed<\/li>\n<li>Funda de viaje: No<\/li>\n<li>Tapas protectoras: No<\/li>\n<\/ul>\n<p><strong>Ergonom\u00eda:<\/strong><\/p>\n<ul>\n<li>Pantalla incorporada: No<\/li>\n<li>Interruptor de encendido\/apagado integrado: S\u00ed<\/li>\n<li>Apagado autom\u00e1tico: No<\/li>\n<li>Sin cables: No<\/li>\n<li>Longitud del cable: 2 m<\/li>\n<li>Cable giratorio: S\u00ed<\/li>\n<li>Peligroso para el medio ambiente: No<\/li>\n<li>Piloto indicador de temperatura lista: S\u00ed<\/li>\n<\/ul>\n<p><strong>Dise\u00f1o:<\/strong><\/p>\n<ul>\n<li>Color del producto: Negro<\/li>\n<li>Material de la carcasa: Pl\u00e1stico<\/li>\n<li>Material de la placa: Cer\u00e1mico<\/li>\n<li>Revestimiento cer\u00e1mico: S\u00ed<\/li>\n<li>Pa\u00eds de origen: China<\/li>\n<li>Base rotatoria 360\u00b0: S\u00ed<\/li>\n<\/ul>\n<p><strong>Desempe\u00f1o:<\/strong><\/p>\n<ul>\n<li>Tipo: Plancha de pelo<\/li>\n<li>Tecnolog\u00eda: Caliente<\/li>\n<li>Hair straightening: S\u00ed<\/li>\n<li>Hair curling: No<\/li>\n<li>Hair texturizing: No<\/li>\n<li>Hair drying: No<\/li>\n<li>Funci\u00f3n i\u00f3nica: No<\/li>\n<li>Sistema de calefacci\u00f3n de cer\u00e1mica: S\u00ed<\/li>\n<li>Ajustes de termostato: S\u00ed<\/li>\n<li>Ajuste de calefacci\u00f3n: 2<\/li>\n<li>Forma del rizador de pelo: Cuerpo cil\u00edndrico recto<\/li>\n<li>Utilizar con: Cabello seco<\/li>\n<li>Temperatura (m\u00e1x): 230 \u00b0C<\/li>\n<li>Tiempo de calentamiento: 30 s<\/li>\n<li>Calentamiento r\u00e1pido: S\u00ed<\/li>\n<li>Temperatura (min): 200 \u00b0C<\/li>\n<\/ul>\n<p><strong>Caracter\u00edsticas:<\/strong><\/p>\n<ul>\n<li>Color del cable: Negro<\/li>\n<\/ul>\n<p><strong>Datos Log\u00edsticos:<\/strong><\/p>\n<ul>\n<li>Ancho de la caja principal: 235 mm<\/li>\n<li>Cantidad por pal\u00e9: 420<\/li>\n<li>Peso del pal\u00e9: 236 kg<\/li>\n<li>Pal\u00e9 GTIN (EAN\/UPC): 43030050153604<\/li>\n<li>Altura del pal\u00e9: 189,4 mm<\/li>\n<li>Caja GTIN (EAN\/UPC): 33030050153607<\/li>\n<li>N\u00famero de cartones por capa: 14<\/li>\n<li>Alto de la caja principal: 350 mm<\/li>\n<li>Cantidad por caja: 6<\/li>\n<li>Cantidad por capa de palet: 84<\/li>\n<li>Longitud del pal\u00e9: 120 mm<\/li>\n<li>N\u00famero de capas por pal\u00e9: 5<\/li>\n<li>Anchura del pal\u00e9: 80 mm<\/li>\n<li>N\u00famero de cajas de cart\u00f3n por pal\u00e9: 70<\/li>\n<li>Peso del envase completo: 1,86 kg<\/li>\n<li>Longitud de la caja: 265 mm<\/li>\n<li>Volumen de pal\u00e9: 1818<\/li>\n<li>Volumen de caja: 218<\/li>\n<\/ul>\n<\/div>\n","protected":false},"excerpt":{"rendered":"<p>Peso y Dimensiones: Ancho: 285 mm Profundidad: 28 mm Altura: 33 mm Peso: 211 g Profundidad de placa: 9,5 mm<\/p>\n","protected":false},"featured_media":210022,"comment_status":"open","ping_status":"closed","template":"","meta":{"_joinchat":[]},"product_cat":[6510,6512,825,6097],"product_tag":[],"class_list":{"0":"post-210019","1":"product","2":"type-product","3":"status-publish","4":"has-post-thumbnail","6":"product_cat-vello-y-pelo","7":"product_cat-planchas-de-pelo","8":"product_cat-pequeno-electrodomestico","9":"product_cat-cuidado-personal","11":"first","12":"instock","13":"taxable","14":"shipping-taxable","15":"purchasable","16":"product-type-simple"},"_links":{"self":[{"href":"https:\/\/desdropi.com\/elparque\/wp-json\/wp\/v2\/product\/210019"}],"collection":[{"href":"https:\/\/desdropi.com\/elparque\/wp-json\/wp\/v2\/product"}],"about":[{"href":"https:\/\/desdropi.com\/elparque\/wp-json\/wp\/v2\/types\/product"}],"replies":[{"embeddable":true,"href":"https:\/\/desdropi.com\/elparque\/wp-json\/wp\/v2\/comments?post=210019"}],"version-history":[{"count":0,"href":"https:\/\/desdropi.com\/elparque\/wp-json\/wp\/v2\/product\/210019\/revisions"}],"wp:featuredmedia":[{"embeddable":true,"href":"https:\/\/desdropi.com\/elparque\/wp-json\/wp\/v2\/media\/210022"}],"wp:attachment":[{"href":"https:\/\/desdropi.com\/elparque\/wp-json\/wp\/v2\/media?parent=210019"}],"wp:term":[{"taxonomy":"product_cat","embeddable":true,"href":"https:\/\/desdropi.com\/elparque\/wp-json\/wp\/v2\/product_cat?post=210019"},{"taxonomy":"product_tag","embeddable":true,"href":"https:\/\/desdropi.com\/elparque\/wp-json\/wp\/v2\/product_tag?post=210019"}],"curies":[{"name":"wp","href":"https:\/\/api.w.org\/{rel}","templated":true}]}}