{"id":210043,"date":"2023-12-14T10:43:41","date_gmt":"2023-12-14T09:43:41","guid":{"rendered":"https:\/\/desdropi.com\/elparque\/?post_type=product&#038;p=210043"},"modified":"2024-06-05T11:33:56","modified_gmt":"2024-06-05T09:33:56","slug":"maquina-coser-alfa-next-840-zigzag-brzolibre-36pu","status":"publish","type":"product","link":"https:\/\/desdropi.com\/elparque\/maquina-coser-alfa-next-840-zigzag-brzolibre-36pu\/","title":{"rendered":"Maquina COSER ALFA NEXT 840+ ZIGZAG BRAZO LIBRE 36PU"},"content":{"rendered":"<div class=\"descripcion-tab\">\n<p><strong>M\u00e1quina de Coser ALFA NEXT 840+ ZigZag Brazo Libre<\/strong><\/p>\n<p>Si ya sabes coser y no hay idea ni creaci\u00f3n que se te resista, la\u00a0<strong>Alfa Next 840\u00a0<\/strong>es tu gran aliada. Gracias a sus 34 dise\u00f1os de puntada vas a ser capaz de crear cosas chul\u00edsimas de forma f\u00e1cil. Es una m\u00e1quina que cose con suavidad y no se atasca con tejidos gruesos (vaqueros, cuero, pana, etc). Podr\u00e1s coser tambi\u00e9n tejidos como el punto, la lycra o las camisetas porque incorpora puntadas el\u00e1sticas.<\/p>\n<\/div>\n<div class=\"descripcion-tab\">\n<p><strong>Control de Energ\u00eda:<\/strong><\/p>\n<ul>\n<li>Tipo de fuente de alimentaci\u00f3n: Mec\u00e1nico<\/li>\n<\/ul>\n<p><strong>Caracter\u00edsticas:<\/strong><\/p>\n<ul>\n<li>Tipo de ojal: Paso 4<\/li>\n<li>Color del producto: Azul, Blanco<\/li>\n<li>N\u00famero de puntadas: 34<\/li>\n<li>Longitud de puntada regulable: S\u00ed<\/li>\n<li>Luz integrada: S\u00ed<\/li>\n<li>34 dise\u00f1os de puntadas (incluyendo puntadas el\u00e1sticas) y ojal en 4 pasos.<\/li>\n<li>6 filas de dientes de arrastre<\/li>\n<li>Doble altura de prensatelas para tejidos gruesos<\/li>\n<li>Devanador de canilla autom\u00e1tico<\/li>\n<li>Portacarretes horizontal<\/li>\n<li>Portacarretes vertical secundario<\/li>\n<li>Brazo libre para prendas tubulares<\/li>\n<li>Largo variable en todas las puntadas: 0 -4 mm<\/li>\n<li>Ancho variable en todas las puntadas: 0-5 mm<\/li>\n<li>Visor de puntada anal\u00f3gico<\/li>\n<li>Inversi\u00f3n de puntada para puntadas remate<\/li>\n<li>Regulador de tensi\u00f3n del prensatelas<\/li>\n<li>Regulador de tensi\u00f3n del hilo<\/li>\n<li>Cortador de hilo<\/li>\n<li>Dimensiones numeradas en mil\u00edmetros y en pulgadas<\/li>\n<li>Enmangue del prensatelas met\u00e1lico<\/li>\n<li>Luz blanca LED<\/li>\n<li>3 canillas<\/li>\n<li>Prensatelas universal<\/li>\n<li>Prensatelas para cremalleras<\/li>\n<li>Prensatelas para ojales<\/li>\n<li>Prensatelas para botones<\/li>\n<li>Fieltro para portacarretes<\/li>\n<li>Destornillador en \u00abL\u00bb<\/li>\n<li>Portacarretes secundario<\/li>\n<li>Tapa portacarretes grande<\/li>\n<li>Tapa portacarretes peque\u00f1o<\/li>\n<li>Abre-ojales\/pincel<\/li>\n<li>Gu\u00eda para bordes\/acolchados<\/li>\n<li>Paquete de agujas<\/li>\n<li>Aceitera<\/li>\n<li>Placa para zurcir y bordar<\/li>\n<\/ul>\n<\/div>\n","protected":false},"excerpt":{"rendered":"<p>M\u00e1quina de Coser ALFA NEXT 840+ ZigZag Brazo Libre Si ya sabes coser y no hay idea ni creaci\u00f3n que<\/p>\n","protected":false},"featured_media":210046,"comment_status":"open","ping_status":"closed","template":"","meta":{"_joinchat":[]},"product_cat":[6503,6546,825],"product_tag":[],"class_list":{"0":"post-210043","1":"product","2":"type-product","3":"status-publish","4":"has-post-thumbnail","6":"product_cat-planchado-y-ropa","7":"product_cat-maquinas-de-coser","8":"product_cat-pequeno-electrodomestico","10":"first","11":"instock","12":"taxable","13":"shipping-taxable","14":"purchasable","15":"product-type-simple"},"_links":{"self":[{"href":"https:\/\/desdropi.com\/elparque\/wp-json\/wp\/v2\/product\/210043"}],"collection":[{"href":"https:\/\/desdropi.com\/elparque\/wp-json\/wp\/v2\/product"}],"about":[{"href":"https:\/\/desdropi.com\/elparque\/wp-json\/wp\/v2\/types\/product"}],"replies":[{"embeddable":true,"href":"https:\/\/desdropi.com\/elparque\/wp-json\/wp\/v2\/comments?post=210043"}],"version-history":[{"count":0,"href":"https:\/\/desdropi.com\/elparque\/wp-json\/wp\/v2\/product\/210043\/revisions"}],"wp:featuredmedia":[{"embeddable":true,"href":"https:\/\/desdropi.com\/elparque\/wp-json\/wp\/v2\/media\/210046"}],"wp:attachment":[{"href":"https:\/\/desdropi.com\/elparque\/wp-json\/wp\/v2\/media?parent=210043"}],"wp:term":[{"taxonomy":"product_cat","embeddable":true,"href":"https:\/\/desdropi.com\/elparque\/wp-json\/wp\/v2\/product_cat?post=210043"},{"taxonomy":"product_tag","embeddable":true,"href":"https:\/\/desdropi.com\/elparque\/wp-json\/wp\/v2\/product_tag?post=210043"}],"curies":[{"name":"wp","href":"https:\/\/api.w.org\/{rel}","templated":true}]}}