{"id":210223,"date":"2023-12-15T11:47:39","date_gmt":"2023-12-15T10:47:39","guid":{"rendered":"https:\/\/desdropi.com\/elparque\/?post_type=product&#038;p=210223"},"modified":"2024-03-12T11:53:51","modified_gmt":"2024-03-12T10:53:51","slug":"smartwatch-denver-swc-156-negro","status":"publish","type":"product","link":"https:\/\/desdropi.com\/elparque\/smartwatch-denver-swc-156-negro\/","title":{"rendered":"Smartwatch DENVER SWC-156 NEGRO"},"content":{"rendered":"<div class=\"descripcion-tab\">\n<strong>Exhibici\u00f3n:<\/strong><\/p>\n<ul>\n<li>Pantalla T\u00e1ctil: S\u00ed<\/li>\n<li>Diagonal de la Pantalla: 1,44&#8243;<\/li>\n<\/ul>\n<p><strong>Puertos e Interfaces:<\/strong><\/p>\n<ul>\n<li>Puerto USB: S\u00ed (carga)<\/li>\n<li>Bluetooth: S\u00ed<\/li>\n<li>Wifi: No<\/li>\n<li>Comunicaci\u00f3n de Campo Cercano (NFC): No<\/li>\n<\/ul>\n<p><strong>Peso y Dimensiones:<\/strong><\/p>\n<ul>\n<li>No especificado en la informaci\u00f3n proporcionada.<\/li>\n<\/ul>\n<p><strong>Control de Energ\u00eda:<\/strong><\/p>\n<ul>\n<li>Tecnolog\u00eda de Bater\u00eda: Litio<\/li>\n<li>Capacidad de Bater\u00eda: 150 mAh<\/li>\n<\/ul>\n<p><strong>Dise\u00f1o:<\/strong><\/p>\n<ul>\n<li>Posicionamiento de Mercado: Reloj Inteligente<\/li>\n<li>Color de la Esfera: Negro<\/li>\n<li>Color de la Correa: Negro<\/li>\n<\/ul>\n<p><strong>Desempe\u00f1o:<\/strong><\/p>\n<ul>\n<li>Micr\u00f3fono Incorporado: S\u00ed<\/li>\n<li>Altavoces Incorporados: S\u00ed<\/li>\n<li>C\u00e1mara Incorporada: No<\/li>\n<li>Radio FM: No<\/li>\n<\/ul>\n<p><strong>Caracter\u00edsticas:<\/strong><\/p>\n<ul>\n<li>Sensor Frecuencia Card\u00edaca: S\u00ed<\/li>\n<li>Medici\u00f3n del Pulso por Contacto: No<\/li>\n<li>Modo Multideporte: S\u00ed<\/li>\n<li>Renovado: No<\/li>\n<\/ul>\n<p><strong>Conexi\u00f3n:<\/strong><\/p>\n<ul>\n<li>Tarjeta SIM Datos M\u00f3viles: No<\/li>\n<\/ul>\n<\/div>\n","protected":false},"excerpt":{"rendered":"<p>Exhibici\u00f3n: Pantalla T\u00e1ctil: S\u00ed Diagonal de la Pantalla: 1,44&#8243; Puertos e Interfaces: Puerto USB: S\u00ed (carga) Bluetooth: S\u00ed Wifi: No<\/p>\n","protected":false},"featured_media":210225,"comment_status":"open","ping_status":"closed","template":"","meta":{"_joinchat":[]},"product_cat":[6873,795],"product_tag":[],"class_list":{"0":"post-210223","1":"product","2":"type-product","3":"status-publish","4":"has-post-thumbnail","6":"product_cat-smartwatches","7":"product_cat-electronica","9":"first","10":"instock","11":"taxable","12":"shipping-taxable","13":"purchasable","14":"product-type-simple"},"_links":{"self":[{"href":"https:\/\/desdropi.com\/elparque\/wp-json\/wp\/v2\/product\/210223"}],"collection":[{"href":"https:\/\/desdropi.com\/elparque\/wp-json\/wp\/v2\/product"}],"about":[{"href":"https:\/\/desdropi.com\/elparque\/wp-json\/wp\/v2\/types\/product"}],"replies":[{"embeddable":true,"href":"https:\/\/desdropi.com\/elparque\/wp-json\/wp\/v2\/comments?post=210223"}],"version-history":[{"count":0,"href":"https:\/\/desdropi.com\/elparque\/wp-json\/wp\/v2\/product\/210223\/revisions"}],"wp:featuredmedia":[{"embeddable":true,"href":"https:\/\/desdropi.com\/elparque\/wp-json\/wp\/v2\/media\/210225"}],"wp:attachment":[{"href":"https:\/\/desdropi.com\/elparque\/wp-json\/wp\/v2\/media?parent=210223"}],"wp:term":[{"taxonomy":"product_cat","embeddable":true,"href":"https:\/\/desdropi.com\/elparque\/wp-json\/wp\/v2\/product_cat?post=210223"},{"taxonomy":"product_tag","embeddable":true,"href":"https:\/\/desdropi.com\/elparque\/wp-json\/wp\/v2\/product_tag?post=210223"}],"curies":[{"name":"wp","href":"https:\/\/api.w.org\/{rel}","templated":true}]}}