{"id":210346,"date":"2023-12-18T19:39:06","date_gmt":"2023-12-18T18:39:06","guid":{"rendered":"https:\/\/desdropi.com\/elparque\/?post_type=product&#038;p=210346"},"modified":"2024-05-17T13:01:53","modified_gmt":"2024-05-17T11:01:53","slug":"espejo-babyliss-9436e-cromado-led","status":"publish","type":"product","link":"https:\/\/desdropi.com\/elparque\/espejo-babyliss-9436e-cromado-led\/","title":{"rendered":"Espejo BABYLISS 9436E CROMADO LED"},"content":{"rendered":"<div class=\"descripcion-tab\">\n<strong>Peso y Dimensiones:<\/strong><\/p>\n<ul>\n<li>Peso: 907<\/li>\n<\/ul>\n<p><strong>Control de Energ\u00eda:<\/strong><\/p>\n<ul>\n<li>Fuente de energ\u00eda: Bater\u00eda<\/li>\n<li>Tipo de bater\u00eda: AAA<\/li>\n<li>Tecnolog\u00eda de bater\u00eda: Alcalino<\/li>\n<li>Numero de bater\u00edas soportadas: 3<\/li>\n<\/ul>\n<p><strong>Detalles T\u00e9cnicos:<\/strong><\/p>\n<ul>\n<li>Tipo de montaje: Independiente<\/li>\n<li>Forma: Alrededor<\/li>\n<li>Color del producto: Acero inoxidable<\/li>\n<li>Cuadro: S\u00ed<\/li>\n<li>Color de fotograma: Acero inoxidable<\/li>\n<li>Apto para uso en interior: S\u00ed<\/li>\n<li>Ampliaci\u00f3n: 11<\/li>\n<li>Ampliaci\u00f3n 2: 10<\/li>\n<\/ul>\n<p><strong>Contenido del Embalaje:<\/strong><\/p>\n<ul>\n<li>Cantidad por paquete: 1<\/li>\n<\/ul>\n<p><strong>Alumbrado:<\/strong><\/p>\n<ul>\n<li>Iluminaci\u00f3n: S\u00ed<\/li>\n<li>Tipo de l\u00e1mpara: LED<\/li>\n<li>Tipo de control: Botones<\/li>\n<li>Color de luz: Blanco neutro<\/li>\n<li>Interruptor de encendido\/apagado integrado: S\u00ed<\/li>\n<li>Ajustes de brillo: No<\/li>\n<\/ul>\n<p><strong>Caracter\u00edsticas:<\/strong><\/p>\n<ul>\n<li>Ubicaci\u00f3n: Mesa<\/li>\n<\/ul>\n<\/div>\n","protected":false},"excerpt":{"rendered":"<p>Peso y Dimensiones: Peso: 907 Control de Energ\u00eda: Fuente de energ\u00eda: Bater\u00eda Tipo de bater\u00eda: AAA Tecnolog\u00eda de bater\u00eda: Alcalino<\/p>\n","protected":false},"featured_media":210347,"comment_status":"open","ping_status":"closed","template":"","meta":{"_joinchat":[]},"product_cat":[7107,825,6097],"product_tag":[],"class_list":{"0":"post-210346","1":"product","2":"type-product","3":"status-publish","4":"has-post-thumbnail","6":"product_cat-espejos-con-luz","7":"product_cat-pequeno-electrodomestico","8":"product_cat-cuidado-personal","10":"first","11":"instock","12":"sale","13":"taxable","14":"shipping-taxable","15":"purchasable","16":"product-type-simple"},"_links":{"self":[{"href":"https:\/\/desdropi.com\/elparque\/wp-json\/wp\/v2\/product\/210346"}],"collection":[{"href":"https:\/\/desdropi.com\/elparque\/wp-json\/wp\/v2\/product"}],"about":[{"href":"https:\/\/desdropi.com\/elparque\/wp-json\/wp\/v2\/types\/product"}],"replies":[{"embeddable":true,"href":"https:\/\/desdropi.com\/elparque\/wp-json\/wp\/v2\/comments?post=210346"}],"version-history":[{"count":0,"href":"https:\/\/desdropi.com\/elparque\/wp-json\/wp\/v2\/product\/210346\/revisions"}],"wp:featuredmedia":[{"embeddable":true,"href":"https:\/\/desdropi.com\/elparque\/wp-json\/wp\/v2\/media\/210347"}],"wp:attachment":[{"href":"https:\/\/desdropi.com\/elparque\/wp-json\/wp\/v2\/media?parent=210346"}],"wp:term":[{"taxonomy":"product_cat","embeddable":true,"href":"https:\/\/desdropi.com\/elparque\/wp-json\/wp\/v2\/product_cat?post=210346"},{"taxonomy":"product_tag","embeddable":true,"href":"https:\/\/desdropi.com\/elparque\/wp-json\/wp\/v2\/product_tag?post=210346"}],"curies":[{"name":"wp","href":"https:\/\/api.w.org\/{rel}","templated":true}]}}