{"id":210463,"date":"2023-12-20T17:27:09","date_gmt":"2023-12-20T16:27:09","guid":{"rendered":"https:\/\/desdropi.com\/elparque\/?post_type=product&#038;p=210463"},"modified":"2024-05-17T13:01:56","modified_gmt":"2024-05-17T11:01:56","slug":"depiladora-braun-851-cuidado-facial-multipack-premium","status":"publish","type":"product","link":"https:\/\/desdropi.com\/elparque\/depiladora-braun-851-cuidado-facial-multipack-premium\/","title":{"rendered":"DEPILADORA BRAUN 851 CUIDADO FACIAL MULTIPACK PREMIUM"},"content":{"rendered":"<div class=\"descripcion-tab\"><strong>Peso y Dimensiones:<\/strong><\/p>\n<ul>\n<li>Peso: 321 g<\/li>\n<\/ul>\n<p><strong>Control de Energ\u00eda:<\/strong><\/p>\n<ul>\n<li>N\u00famero de bater\u00edas soportadas: 1<\/li>\n<li>Tipo de bater\u00eda: AA<\/li>\n<li>Voltaje de entrada AC: 1.5<\/li>\n<\/ul>\n<p><strong>Detalles T\u00e9cnicos:<\/strong><\/p>\n<ul>\n<li>Tecnolog\u00eda de eliminaci\u00f3n del vello: Arranque<\/li>\n<\/ul>\n<p><strong>Empaquetado:<\/strong><\/p>\n<ul>\n<li>Tipo de embalaje: Caja<\/li>\n<li>Profundidad del paquete: 155 mm<\/li>\n<li>Ancho del paquete: 57 mm<\/li>\n<li>Altura del paquete: 222 mm<\/li>\n<li>Peso del paquete: 465.6 g<\/li>\n<\/ul>\n<p><strong>Contenido del Embalaje:<\/strong><\/p>\n<ul>\n<li>Cabezal para cara incluido: S\u00ed<\/li>\n<li>Cepillo de limpieza: S\u00ed<\/li>\n<li>Funda para almacenamiento: S\u00ed<\/li>\n<\/ul>\n<p><strong>Caracter\u00edsticas:<\/strong><\/p>\n<ul>\n<li>Color del producto: Oro, Blanco<\/li>\n<li>Mojado y seco: S\u00ed<\/li>\n<\/ul>\n<p><strong>Datos Log\u00edsticos:<\/strong><\/p>\n<ul>\n<li>Longitud de la caja: 29.7 cm<\/li>\n<li>Ancho de la caja principal: 16.3 cm<\/li>\n<li>Alto de la caja principal: 23.7 cm<\/li>\n<li>Cantidad por caja: 5<\/li>\n<li>Peso del envase completo: 2.68 kg<\/li>\n<li>Cantidad por paquete: 1<\/li>\n<\/ul>\n<\/div>\n","protected":false},"excerpt":{"rendered":"<p><span style=\"color: #ff0000;\"><strong>BRAUN te devuelve en tu cuenta bancaria 10\u20ac despu\u00e9s de la compra. S\u00f3lo deber\u00e1s entrar en <a href=\"https:\/\/onlinepromotions.braun.com\/easyforms\/1348\/dasm\/home?idPromocion=1348\">este<\/a> enlace y registrar tu producto siguiendo los pasos.<\/strong><\/span><\/p>\n<p><span style=\"color: #ff0000;\"><strong>\u00a1ENV\u00cdO GRATIS!<\/strong><\/span><\/p>\n<p>&nbsp;<\/p>\n","protected":false},"featured_media":210464,"comment_status":"open","ping_status":"closed","template":"","meta":{"_joinchat":[]},"product_cat":[6510,6878,825,6097],"product_tag":[],"class_list":{"0":"post-210463","1":"product","2":"type-product","3":"status-publish","4":"has-post-thumbnail","6":"product_cat-vello-y-pelo","7":"product_cat-depiladoras","8":"product_cat-pequeno-electrodomestico","9":"product_cat-cuidado-personal","11":"first","12":"instock","13":"sale","14":"taxable","15":"shipping-taxable","16":"purchasable","17":"product-type-simple"},"_links":{"self":[{"href":"https:\/\/desdropi.com\/elparque\/wp-json\/wp\/v2\/product\/210463"}],"collection":[{"href":"https:\/\/desdropi.com\/elparque\/wp-json\/wp\/v2\/product"}],"about":[{"href":"https:\/\/desdropi.com\/elparque\/wp-json\/wp\/v2\/types\/product"}],"replies":[{"embeddable":true,"href":"https:\/\/desdropi.com\/elparque\/wp-json\/wp\/v2\/comments?post=210463"}],"version-history":[{"count":0,"href":"https:\/\/desdropi.com\/elparque\/wp-json\/wp\/v2\/product\/210463\/revisions"}],"wp:featuredmedia":[{"embeddable":true,"href":"https:\/\/desdropi.com\/elparque\/wp-json\/wp\/v2\/media\/210464"}],"wp:attachment":[{"href":"https:\/\/desdropi.com\/elparque\/wp-json\/wp\/v2\/media?parent=210463"}],"wp:term":[{"taxonomy":"product_cat","embeddable":true,"href":"https:\/\/desdropi.com\/elparque\/wp-json\/wp\/v2\/product_cat?post=210463"},{"taxonomy":"product_tag","embeddable":true,"href":"https:\/\/desdropi.com\/elparque\/wp-json\/wp\/v2\/product_tag?post=210463"}],"curies":[{"name":"wp","href":"https:\/\/api.w.org\/{rel}","templated":true}]}}