{"id":210869,"date":"2023-12-27T17:57:33","date_gmt":"2023-12-27T16:57:33","guid":{"rendered":"https:\/\/desdropi.com\/elparque\/?post_type=product&#038;p=210869"},"modified":"2024-05-17T13:02:00","modified_gmt":"2024-05-17T11:02:00","slug":"cafetera-montecelio-stracto-s35r-negra","status":"publish","type":"product","link":"https:\/\/desdropi.com\/elparque\/cafetera-montecelio-stracto-s35r-negra\/","title":{"rendered":"Cafetera MONTECELIO STRACTO S35R NEGRA"},"content":{"rendered":"<div class=\"descripcion-tab\">\n<strong>Ergonom\u00eda:<\/strong><\/p>\n<ul>\n<li>Indicador de nivel de agua: S\u00ed<\/li>\n<\/ul>\n<p><strong>Dise\u00f1o:<\/strong><\/p>\n<ul>\n<li>Dise\u00f1o: Encimera<\/li>\n<li>Color del producto: Negro<\/li>\n<li>Tipo de cafetera: Cafetera de c\u00e1psulas<\/li>\n<li>Pantalla incorporada: No<\/li>\n<\/ul>\n<p><strong>Desempe\u00f1o:<\/strong><\/p>\n<ul>\n<li>Coffee making: S\u00ed<\/li>\n<\/ul>\n<\/div>\n","protected":false},"excerpt":{"rendered":"<p>Ergonom\u00eda: Indicador de nivel de agua: S\u00ed Dise\u00f1o: Dise\u00f1o: Encimera Color del producto: Negro Tipo de cafetera: Cafetera de c\u00e1psulas<\/p>\n","protected":false},"featured_media":210873,"comment_status":"open","ping_status":"closed","template":"","meta":{"_joinchat":[]},"product_cat":[6516,6863,825],"product_tag":[],"class_list":{"0":"post-210869","1":"product","2":"type-product","3":"status-publish","4":"has-post-thumbnail","6":"product_cat-cafeteras-pequeno-electrodomestico","7":"product_cat-de-capsulas","8":"product_cat-pequeno-electrodomestico","10":"first","11":"instock","12":"taxable","13":"shipping-taxable","14":"purchasable","15":"product-type-simple"},"_links":{"self":[{"href":"https:\/\/desdropi.com\/elparque\/wp-json\/wp\/v2\/product\/210869"}],"collection":[{"href":"https:\/\/desdropi.com\/elparque\/wp-json\/wp\/v2\/product"}],"about":[{"href":"https:\/\/desdropi.com\/elparque\/wp-json\/wp\/v2\/types\/product"}],"replies":[{"embeddable":true,"href":"https:\/\/desdropi.com\/elparque\/wp-json\/wp\/v2\/comments?post=210869"}],"version-history":[{"count":0,"href":"https:\/\/desdropi.com\/elparque\/wp-json\/wp\/v2\/product\/210869\/revisions"}],"wp:featuredmedia":[{"embeddable":true,"href":"https:\/\/desdropi.com\/elparque\/wp-json\/wp\/v2\/media\/210873"}],"wp:attachment":[{"href":"https:\/\/desdropi.com\/elparque\/wp-json\/wp\/v2\/media?parent=210869"}],"wp:term":[{"taxonomy":"product_cat","embeddable":true,"href":"https:\/\/desdropi.com\/elparque\/wp-json\/wp\/v2\/product_cat?post=210869"},{"taxonomy":"product_tag","embeddable":true,"href":"https:\/\/desdropi.com\/elparque\/wp-json\/wp\/v2\/product_tag?post=210869"}],"curies":[{"name":"wp","href":"https:\/\/api.w.org\/{rel}","templated":true}]}}