{"id":210962,"date":"2023-12-28T19:15:11","date_gmt":"2023-12-28T18:15:11","guid":{"rendered":"https:\/\/desdropi.com\/elparque\/?post_type=product&#038;p=210962"},"modified":"2024-05-17T13:02:01","modified_gmt":"2024-05-17T11:02:01","slug":"plancha-pelo-bellissima-b-mini","status":"publish","type":"product","link":"https:\/\/desdropi.com\/elparque\/plancha-pelo-bellissima-b-mini\/","title":{"rendered":"PLANCHA PELO BELLISSIMA B-MINI"},"content":{"rendered":"<div class=\"descripcion-tab\">\n<p><strong>Peso y Dimensiones:<\/strong><\/p>\n<ul>\n<li>Ancho: 212 mm<\/li>\n<li>Profundidad: 32 mm<\/li>\n<li>Altura: 35 mm<\/li>\n<li>Peso: 270 g<\/li>\n<li>Ancho de placa: 2 mm<\/li>\n<li>Profundidad de placa: 7,5 mm<\/li>\n<\/ul>\n<p><strong>Control de Energ\u00eda:<\/strong><\/p>\n<ul>\n<li>Potencia: 25 W<\/li>\n<li>Fuente de Energ\u00eda: Corriente alterna<\/li>\n<li>Voltaje de Entrada: AC100 &#8211; 240 V<\/li>\n<li>Frecuencia de Entrada: AC50\/60 Hz<\/li>\n<\/ul>\n<p><strong>Detalles T\u00e9cnicos:<\/strong><\/p>\n<ul>\n<li>Certificados de Sostenibilidad: CE<\/li>\n<\/ul>\n<p><strong>Empaquetado:<\/strong><\/p>\n<ul>\n<li>Cantidad por Paquete: 1<\/li>\n<li>Ancho del Paquete: 275 mm<\/li>\n<li>Profundidad del Paquete: 112 mm<\/li>\n<li>Altura del Paquete: 59 mm<\/li>\n<li>Peso del Paquete: 300 g<\/li>\n<\/ul>\n<p><strong>Contenido del Embalaje:<\/strong><\/p>\n<ul>\n<li>Funda: S\u00ed<\/li>\n<\/ul>\n<p><strong>Ergonom\u00eda:<\/strong><\/p>\n<ul>\n<li>Apagado Autom\u00e1tico: S\u00ed<\/li>\n<li>Apagado Autom\u00e1tico Despu\u00e9s de: 60 minutos<\/li>\n<li>Pantalla Incorporada: No<\/li>\n<li>Interruptor de Encendido\/Apagado Integrado: S\u00ed<\/li>\n<li>Longitud del Cable: 1,8 m<\/li>\n<li>Cable Giratorio: S\u00ed<\/li>\n<\/ul>\n<p><strong>Dise\u00f1o:<\/strong><\/p>\n<ul>\n<li>Color del Producto: Negro, Rosa<\/li>\n<li>Revestimiento Cer\u00e1mico: S\u00ed<\/li>\n<li>Para Colgar: S\u00ed<\/li>\n<li>Tipo de Colgador: Con agujero en la empu\u00f1adura para colgar<\/li>\n<\/ul>\n<p><strong>Desempe\u00f1o:<\/strong><\/p>\n<ul>\n<li>Tipo: Plancha de pelo<\/li>\n<li>Tecnolog\u00eda: Caliente<\/li>\n<li>Hair Straightening: S\u00ed<\/li>\n<li>Hair Texturizing: No<\/li>\n<li>Hair Drying: No<\/li>\n<li>Funci\u00f3n I\u00f3nica: No<\/li>\n<li>Sistema de Calefacci\u00f3n de Cer\u00e1mica: S\u00ed<\/li>\n<li>Ajustes de Termostato: No<\/li>\n<li>Ajuste de Calefacci\u00f3n: 1<\/li>\n<li>Temperatura (M\u00e1x): 200 \u00b0C<\/li>\n<li>Utilizar con: Cabello seco<\/li>\n<li>Calentamiento R\u00e1pido: S\u00ed<\/li>\n<\/ul>\n<\/div>\n","protected":false},"excerpt":{"rendered":"<p>Peso y Dimensiones: Ancho: 212 mm Profundidad: 32 mm Altura: 35 mm Peso: 270 g Ancho de placa: 2 mm<\/p>\n","protected":false},"featured_media":210969,"comment_status":"open","ping_status":"closed","template":"","meta":{"_joinchat":[]},"product_cat":[6510,6512,825,6097],"product_tag":[],"class_list":{"0":"post-210962","1":"product","2":"type-product","3":"status-publish","4":"has-post-thumbnail","6":"product_cat-vello-y-pelo","7":"product_cat-planchas-de-pelo","8":"product_cat-pequeno-electrodomestico","9":"product_cat-cuidado-personal","11":"first","12":"instock","13":"taxable","14":"shipping-taxable","15":"purchasable","16":"product-type-simple"},"_links":{"self":[{"href":"https:\/\/desdropi.com\/elparque\/wp-json\/wp\/v2\/product\/210962"}],"collection":[{"href":"https:\/\/desdropi.com\/elparque\/wp-json\/wp\/v2\/product"}],"about":[{"href":"https:\/\/desdropi.com\/elparque\/wp-json\/wp\/v2\/types\/product"}],"replies":[{"embeddable":true,"href":"https:\/\/desdropi.com\/elparque\/wp-json\/wp\/v2\/comments?post=210962"}],"version-history":[{"count":0,"href":"https:\/\/desdropi.com\/elparque\/wp-json\/wp\/v2\/product\/210962\/revisions"}],"wp:featuredmedia":[{"embeddable":true,"href":"https:\/\/desdropi.com\/elparque\/wp-json\/wp\/v2\/media\/210969"}],"wp:attachment":[{"href":"https:\/\/desdropi.com\/elparque\/wp-json\/wp\/v2\/media?parent=210962"}],"wp:term":[{"taxonomy":"product_cat","embeddable":true,"href":"https:\/\/desdropi.com\/elparque\/wp-json\/wp\/v2\/product_cat?post=210962"},{"taxonomy":"product_tag","embeddable":true,"href":"https:\/\/desdropi.com\/elparque\/wp-json\/wp\/v2\/product_tag?post=210962"}],"curies":[{"name":"wp","href":"https:\/\/api.w.org\/{rel}","templated":true}]}}