{"id":211560,"date":"2024-01-16T19:14:33","date_gmt":"2024-01-16T18:14:33","guid":{"rendered":"https:\/\/desdropi.com\/elparque\/?post_type=product&#038;p=211560"},"modified":"2024-06-05T11:33:56","modified_gmt":"2024-06-05T09:33:56","slug":"smartphone-samsung-a34-5g-8-256-66-light-green","status":"publish","type":"product","link":"https:\/\/desdropi.com\/elparque\/smartphone-samsung-a34-5g-8-256-66-light-green\/","title":{"rendered":"SMARTPHONE SAMSUNG A34 5G 8\/256 6,6&#8243; LIGHT GREEN"},"content":{"rendered":"<div class=\"descripcion-tab\">Marca SAMSUNG<br \/>\nModeloSM-A346BLGEEUB<br \/>\nEAN8806094888935<strong>Procesador<\/strong><\/p>\n<ul>\n<li>Familia de procesador Mediatek Dimensity<\/li>\n<li>Modelo del procesador 1080<\/li>\n<li>Frecuencia del procesador turbo 2,6<\/li>\n<li>N\u00famero de n\u00facleos de procesador 8<\/li>\n<li>Frecuencia del procesador 2<\/li>\n<\/ul>\n<p><strong>Exhibici\u00f3n<\/strong><\/p>\n<ul>\n<li>Resoluci\u00f3n de la pantalla 1080 x 2340<\/li>\n<li>Forma de la pantalla Plana<\/li>\n<li>N\u00famero de colores de la pantalla 16 millones<\/li>\n<li>Relaci\u00f3n de aspecto nativa 20:9<\/li>\n<li>M\u00e1xima velocidad de actualizaci\u00f3n 120 Hz<\/li>\n<li>Pantalla con esquinas redondeadas S\u00ed<\/li>\n<li>Tama\u00f1o de la pantalla 6,6&#8243;<\/li>\n<\/ul>\n<p><strong>Puertos e Interfaces<\/strong><\/p>\n<ul>\n<li>Puerto USB S\u00ed<\/li>\n<li>Conector USB Tipo C<\/li>\n<li>Versi\u00f3n USB 2.0<\/li>\n<li>Auriculares 3,5 mm<\/li>\n<\/ul>\n<p><strong>Peso y dimensiones<\/strong><\/p>\n<ul>\n<li>Peso 199<\/li>\n<li>Ancho 78,1<\/li>\n<li>Profundidad 8,2<\/li>\n<li>Altura 161,3<\/li>\n<\/ul>\n<p><strong>Medios de almacenaje<\/strong><\/p>\n<ul>\n<li>RAM interna 8 GB<\/li>\n<li>Memoria interna 256 GB<\/li>\n<li>Memoria del usuario 218 GB<\/li>\n<li>Tarjetas de memoria compatibles MicroSD (TransFlash)<\/li>\n<li>Tama\u00f1o m\u00e1ximo de tarjeta de memoria 1000 GB<\/li>\n<li>Tipo de ranura para tarjeta de memoria Dual SIM<\/li>\n<\/ul>\n<p><strong>Navegaci\u00f3n<\/strong><\/p>\n<ul>\n<li>GPS S\u00ed<\/li>\n<li>GPS (sat\u00e9lite) S\u00ed<\/li>\n<li>GLONASS S\u00ed<\/li>\n<li>BeiDou S\u00ed<\/li>\n<li>Galileo S\u00ed<\/li>\n<li>Sistema por Sat\u00e9lite Quasi-Zenith (QZSS) S\u00ed<\/li>\n<\/ul>\n<p><strong>Software<\/strong><\/p>\n<ul>\n<li>Plataforma Android<\/li>\n<li>Sistema operativo instalado Android 13<\/li>\n<\/ul>\n<p><strong>C\u00e1mara fotogr\u00e1fica<\/strong><\/p>\n<ul>\n<li>Tipo de c\u00e1mara traseraC\u00e1mara triple<\/li>\n<li>Resoluci\u00f3n de la c\u00e1mara trasera (num\u00e9rica)48<\/li>\n<li>Resoluci\u00f3n de la segunda c\u00e1mara trasera (num\u00e9rica)8<\/li>\n<li>Resoluci\u00f3n de la tercera c\u00e1mara trasera (num\u00e9rica)5<\/li>\n<li>N\u00famero de apertura de la c\u00e1mara trasera1,8<\/li>\n<li>N\u00famero de apertura de la segunda c\u00e1mara trasera2,2<\/li>\n<li>N\u00famero de diafragma de la tercera c\u00e1mara trasera2,4<\/li>\n<li>Zoom digital10<\/li>\n<li>Tipo de c\u00e1mara frontal C\u00e1mara \u00fanica<\/li>\n<li>Resoluci\u00f3n de la c\u00e1mara frontal (num\u00e9rica) 13<\/li>\n<li>N\u00famero de apertura de la c\u00e1mara frontal 2,2<\/li>\n<li>Flash en c\u00e1mara trasera S\u00ed<\/li>\n<li>Tipo de flash LED<\/li>\n<li>Resoluci\u00f3n de captura de video 3840 x 2160<\/li>\n<li>Velocidad m\u00e1xima de cuadro 480<\/li>\n<li>Resoluci\u00f3n en velocidad de captura 1280&#215;720@480fps, 1280&#215;720@240fps, 3840 x 2160@30fps<\/li>\n<li>Modos de grabaci\u00f3n de v\u00eddeo 720p, 2160p<\/li>\n<li>Autoenfoque S\u00ed, principal<\/li>\n<li>Estabilizador de imagen S\u00ed<\/li>\n<li>Tipo de estabilizador de imagen Optical Image Stabilization (OIS)<\/li>\n<li>Modo noche S\u00ed<\/li>\n<li>Panor\u00e1mica S\u00ed<\/li>\n<\/ul>\n<p><strong>Sensores<\/strong><\/p>\n<ul>\n<li>Sensor de luz ambiental S\u00ed<\/li>\n<li>Giroscopio S\u00ed<\/li>\n<\/ul>\n<p><strong>Bater\u00eda<\/strong><\/p>\n<ul>\n<li>Tiempo continuo de reproducci\u00f3n de audio 84 h<\/li>\n<li>Tiempo continuo de reproducci\u00f3n de video 21 h<\/li>\n<li>Tiempo de navegaci\u00f3n (Wi-Fi) 22 h<\/li>\n<li>Tiempo en conversaci\u00f3n (4G) 35 h<\/li>\n<li>Tecnolog\u00eda de bater\u00eda I\u00f3n de litio<\/li>\n<li>Capacidad de bater\u00eda 5000<\/li>\n<\/ul>\n<p><strong>Dise\u00f1o<\/strong><\/p>\n<ul>\n<li>Color del tel\u00e9fono Verde<\/li>\n<\/ul>\n<p><strong>Desempe\u00f1o<\/strong><\/p>\n<ul>\n<li>Alerta vibratoria S\u00ed<\/li>\n<li>Altavoz S\u00ed<\/li>\n<li>Lector de huella digital S\u00ed<\/li>\n<\/ul>\n<p><strong>Suscripci\u00f3n<\/strong><\/p>\n<ul>\n<li>Tipo de suscripci\u00f3n Sin suscripci\u00f3n<\/li>\n<\/ul>\n<p><strong>Conexi\u00f3n<\/strong><\/p>\n<ul>\n<li>Mobile network generation 5G<\/li>\n<li>Tipo de tarjeta SIM NanoSIM<\/li>\n<li>Wi-Fi est\u00e1ndares\u00a0 802.11 a\/b\/g\/n\/ac 2.4G+5GHz<\/li>\n<li>Bluetooth S\u00ed<\/li>\n<li>Versi\u00f3n de Bluetooth 5.3<\/li>\n<li>NFC S\u00ed<\/li>\n<li>5G S\u00ed<\/li>\n<\/ul>\n<\/div>\n","protected":false},"excerpt":{"rendered":"<p>Marca SAMSUNG ModeloSM-A346BLGEEUB EAN8806094888935Procesador Familia de procesador Mediatek Dimensity Modelo del procesador 1080 Frecuencia del procesador turbo 2,6 N\u00famero de<\/p>\n","protected":false},"featured_media":211565,"comment_status":"open","ping_status":"closed","template":"","meta":{"_joinchat":[]},"product_cat":[795,6476,7133],"product_tag":[],"class_list":{"0":"post-211560","1":"product","2":"type-product","3":"status-publish","4":"has-post-thumbnail","6":"product_cat-electronica","7":"product_cat-telefonos","8":"product_cat-ofertas-smartphones","10":"first","11":"instock","12":"taxable","13":"shipping-taxable","14":"purchasable","15":"product-type-simple"},"_links":{"self":[{"href":"https:\/\/desdropi.com\/elparque\/wp-json\/wp\/v2\/product\/211560"}],"collection":[{"href":"https:\/\/desdropi.com\/elparque\/wp-json\/wp\/v2\/product"}],"about":[{"href":"https:\/\/desdropi.com\/elparque\/wp-json\/wp\/v2\/types\/product"}],"replies":[{"embeddable":true,"href":"https:\/\/desdropi.com\/elparque\/wp-json\/wp\/v2\/comments?post=211560"}],"version-history":[{"count":0,"href":"https:\/\/desdropi.com\/elparque\/wp-json\/wp\/v2\/product\/211560\/revisions"}],"wp:featuredmedia":[{"embeddable":true,"href":"https:\/\/desdropi.com\/elparque\/wp-json\/wp\/v2\/media\/211565"}],"wp:attachment":[{"href":"https:\/\/desdropi.com\/elparque\/wp-json\/wp\/v2\/media?parent=211560"}],"wp:term":[{"taxonomy":"product_cat","embeddable":true,"href":"https:\/\/desdropi.com\/elparque\/wp-json\/wp\/v2\/product_cat?post=211560"},{"taxonomy":"product_tag","embeddable":true,"href":"https:\/\/desdropi.com\/elparque\/wp-json\/wp\/v2\/product_tag?post=211560"}],"curies":[{"name":"wp","href":"https:\/\/api.w.org\/{rel}","templated":true}]}}